{"id":1138,"date":"2021-03-24T09:12:23","date_gmt":"2021-03-24T08:12:23","guid":{"rendered":"https:\/\/www.parthages.be\/eboutique\/?post_type=product&#038;p=1138"},"modified":"2021-03-24T09:12:23","modified_gmt":"2021-03-24T08:12:23","slug":"introduction-a-la-sociologie-du-handicap-2","status":"publish","type":"product","link":"https:\/\/www.parthages.be\/eboutique\/produit\/introduction-a-la-sociologie-du-handicap-2\/","title":{"rendered":"Introduction \u00e0 la sociologie du handicap"},"content":{"rendered":"<p>Comment le champ du handicap s&rsquo;est-il historiquement et socialement construit dans les soci\u00e9t\u00e9s occidentales ? Quel type d&rsquo;exp\u00e9riences le handicap produit-il ? Quelles mobilisations suscite-t-il ? Quel type de recherches et quels courants de pens\u00e9es recouvrent les disability studies ? Quels traitements politiques les soci\u00e9t\u00e9s donnent-elles aux personnes dites handicap\u00e9es ? Comment celles-ci vivent-elles aujourd&rsquo;hui \u00e0 l&rsquo;\u00e9cole, au travail, en famille, en milieu \u00ab\u00a0ordinaire\u00a0\u00bb ou en institutions sp\u00e9cialis\u00e9es ? Voici quelques-unes des nombreuses questions que se posent tous ceux qui s&rsquo;int\u00e9ressent au handicap et que cet ouvrage propose d&rsquo;\u00e9clairer. Depuis une quarantaine d&rsquo;ann\u00e9es, le handicap est en effet devenu un objet d&rsquo;\u00e9tudes \u00e0 part enti\u00e8re des sciences humaines et sociales, de la sociologie en particulier. Les recherches ont permis de mieux comprendre l&rsquo;objet socio-politique \u00ab\u00a0handicap\u00a0\u00bb et d&rsquo;en cerner les contours instables. Mais elles ont aussi ouvert de nouvelles pistes et cat\u00e9gories d&rsquo;analyse pour penser nos soci\u00e9t\u00e9s contemporaines \u00e0 l&rsquo;\u00e9preuve de la diversit\u00e9. Elles montrent que la fonctionnalit\u00e9 des corps et des esprits touche au c\u0153ur des questions de justice sociale. Ce manuel propose un panorama clair et synth\u00e9tique des \u00e9tudes consacr\u00e9es au handicap en soulignant \u00e0 la fois les situations concr\u00e8tes qu&rsquo;il recouvre et ses enjeux politiques et sociaux (pr\u00e9sentation de l\u2019\u00e9diteur)<\/p>\n<p>VILLE I.; FILLION E.; RAVAUD\u00a0\u00a0 J.F.\u00a0\u00a0 2EME \u00c9DITION<\/p>\n<p>\u00c9DITIONS DE BOECK SUP\u00c9RIEUR<\/p>\n<p>2020-272p.-26, 50\u20ac<\/p>\n<p>460gr<\/p>\n<p>ISBN: 978-28073-2866-2<\/p>\n<p>COTE DOC: 7-10-VIL-S<\/p>\n<span class=\"et_bloom_bottom_trigger\"><\/span>","protected":false},"excerpt":{"rendered":"<p>Histoire, politiques et exp\u00e9rience<\/p>\n","protected":false},"featured_media":1139,"comment_status":"open","ping_status":"closed","template":"","meta":{"_et_pb_use_builder":"","_et_pb_old_content":"","_et_gb_content_width":"","spay_email":""},"class_list":["post-1138","product","type-product","status-publish","has-post-thumbnail","hentry","product_cat-livres","product_tag-decideur-politique","product_tag-enjeux","product_tag-experience","product_tag-historique","product_tag-personne-handicapee","product_tag-politique-en-faveur-des-personnes","product_tag-sociologie"],"jetpack_sharing_enabled":true,"jetpack_likes_enabled":true,"_links":{"self":[{"href":"https:\/\/www.parthages.be\/eboutique\/wp-json\/wp\/v2\/product\/1138","targetHints":{"allow":["GET"]}}],"collection":[{"href":"https:\/\/www.parthages.be\/eboutique\/wp-json\/wp\/v2\/product"}],"about":[{"href":"https:\/\/www.parthages.be\/eboutique\/wp-json\/wp\/v2\/types\/product"}],"replies":[{"embeddable":true,"href":"https:\/\/www.parthages.be\/eboutique\/wp-json\/wp\/v2\/comments?post=1138"}],"wp:featuredmedia":[{"embeddable":true,"href":"https:\/\/www.parthages.be\/eboutique\/wp-json\/wp\/v2\/media\/1139"}],"wp:attachment":[{"href":"https:\/\/www.parthages.be\/eboutique\/wp-json\/wp\/v2\/media?parent=1138"}],"curies":[{"name":"wp","href":"https:\/\/api.w.org\/{rel}","templated":true}]}}

Introduction à la sociologie du handicap

<p>Comment le champ du handicap s&rsquo;est-il historiquement et socialement construit dans les sociétés occidentales ? Quel type d&rsquo;expériences le handicap produit-il ? Quelles mobilisations suscite-t-il ? Quel type de recherches et quels courants de pensées recouvrent les disability studies ? Quels traitements politiques les sociétés donnent-elles aux personnes dites handicapées ? Comment celles-ci vivent-elles aujourd&rsquo;hui à l&rsquo;école, au travail, en famille, en milieu « ordinaire » ou en institutions spécialisées ? Voici quelques-unes des nombreuses questions que se posent tous ceux qui s&rsquo;intéressent au handicap et que cet ouvrage propose d&rsquo;éclairer. Depuis une quarantaine d&rsquo;années, le handicap est en effet devenu un objet d&rsquo;études à part entière des sciences humaines et sociales, de la sociologie en particulier. Les recherches ont permis de mieux comprendre l&rsquo;objet socio-politique « handicap » et d&rsquo;en cerner les contours instables. Mais elles ont aussi ouvert de nouvelles pistes et catégories d&rsquo;analyse pour penser nos sociétés contemporaines à l&rsquo;épreuve de la diversité. Elles montrent que la fonctionnalité des corps et des esprits touche au cœur des questions de justice sociale. Ce manuel propose un panorama clair et synthétique des études consacrées au handicap en soulignant à la fois les situations concrètes qu&rsquo;il recouvre et ses enjeux politiques et sociaux (présentation de l’éditeur)</p>
<p>VILLE I.; FILLION E.; RAVAUD   J.F.   2EME ÉDITION</p>
<p>ÉDITIONS DE BOECK SUPÉRIEUR</p>
<p>2020-272p.-26, 50€</p>
<p>460gr</p>
<p>ISBN: 978-28073-2866-2</p>
<p>COTE DOC: 7-10-VIL-S</p>
<span class="et_bloom_bottom_trigger"></span>

<p>Histoire, politiques et expérience</p>
