{"id":1145,"date":"2021-03-24T09:20:57","date_gmt":"2021-03-24T08:20:57","guid":{"rendered":"https:\/\/www.parthages.be\/eboutique\/?post_type=product&#038;p=1145"},"modified":"2022-12-15T13:11:31","modified_gmt":"2022-12-15T12:11:31","slug":"apprendre-a-tomber","status":"publish","type":"product","link":"https:\/\/www.parthages.be\/eboutique\/produit\/apprendre-a-tomber\/","title":{"rendered":"Apprendre \u00e0 tomber"},"content":{"rendered":"<p>Depuis la mort soudaine de sa m\u00e8re, la vie bien organis\u00e9e de No\u00ebl vole en \u00e9clats. Il a rencontr\u00e9 cet homme \u00e9trange \u00e0 la barbe blanche qui a dit qu\u2019il ne pouvait plus rester seul. L\u2019homme a dit aussi que No\u00ebl devait d\u00e9m\u00e9nager, loin de Berlin, loin de chez lui. Mais lui, No\u00ebl, il veut rester ici, \u00e0 Berlin, dans le vieil appartement qu\u2019il a toujours connu. Mais No\u00ebl n\u2019a pas le choix, il doit se plier \u00e0 la volont\u00e9 des autres\u2026 Il est envoy\u00e9 dans un \u00e9tablissement de soins, o\u00f9 il y a d\u2019autres personnes handicap\u00e9es, comme lui\u2026 \u00ab Tu verras \u2013 a dit l\u2019homme : ici c\u2019est sp\u00e9cial, diff\u00e9rent des autres centres, chacun a son appartement et doit apprendre \u00e0 se g\u00e9rer, tu y seras bien \u00bb.<\/p>\n<p>C\u2019est la premi\u00e8re fois de sa vie que No\u00ebl vit seul. C\u2019est aussi la premi\u00e8re fois qu\u2019il doit faire avec autant d\u2019autres personnes. Pas facile quand on a \u00e9t\u00e9 prot\u00e9g\u00e9 par un amour maternel immense et inconditionnel.<\/p>\n<p>A qui peut-il faire confiance ? Qui peut-il aimer ? Qui l\u2019aime vraiment ? (pr\u00e9sentation de l&rsquo;\u00e9diteur)<\/p>\n<p>ROSS M.<\/p>\n<p>Editions Sarbacane<\/p>\n<p>2019-136p-22.50\u20ac<\/p>\n<p>750gr<\/p>\n<p>ISBN: 9782377313044<\/p>\n<p>Cote doc\u00a0: 11-ROS-A<\/p>\n<span class=\"et_bloom_bottom_trigger\"><\/span>","protected":false},"excerpt":{"rendered":"<p>Depuis la mort soudaine de sa m\u00e8re, la vie bien organis\u00e9e de No\u00ebl vole en \u00e9clats.<\/p>\n","protected":false},"featured_media":1146,"comment_status":"open","ping_status":"closed","template":"","meta":{"_et_pb_use_builder":"","_et_pb_old_content":"","_et_gb_content_width":"","spay_email":""},"class_list":["post-1145","product","type-product","status-publish","has-post-thumbnail","hentry","product_cat-livres","product_cat-livres-jeunesse","product_tag-amitie","product_tag-amour","product_tag-bande-dessinnee","product_tag-deficience-intellectuelle","product_tag-deuil","product_tag-emotion","product_tag-humour","product_tag-institution-specialisee","product_tag-integration","product_tag-jeune-adulte","product_tag-personne-handicapee","product_tag-temoignage"],"jetpack_sharing_enabled":true,"jetpack_likes_enabled":true,"_links":{"self":[{"href":"https:\/\/www.parthages.be\/eboutique\/wp-json\/wp\/v2\/product\/1145","targetHints":{"allow":["GET"]}}],"collection":[{"href":"https:\/\/www.parthages.be\/eboutique\/wp-json\/wp\/v2\/product"}],"about":[{"href":"https:\/\/www.parthages.be\/eboutique\/wp-json\/wp\/v2\/types\/product"}],"replies":[{"embeddable":true,"href":"https:\/\/www.parthages.be\/eboutique\/wp-json\/wp\/v2\/comments?post=1145"}],"wp:featuredmedia":[{"embeddable":true,"href":"https:\/\/www.parthages.be\/eboutique\/wp-json\/wp\/v2\/media\/1146"}],"wp:attachment":[{"href":"https:\/\/www.parthages.be\/eboutique\/wp-json\/wp\/v2\/media?parent=1145"}],"curies":[{"name":"wp","href":"https:\/\/api.w.org\/{rel}","templated":true}]}}

Apprendre à tomber

<p>Depuis la mort soudaine de sa mère, la vie bien organisée de Noël vole en éclats. Il a rencontré cet homme étrange à la barbe blanche qui a dit qu’il ne pouvait plus rester seul. L’homme a dit aussi que Noël devait déménager, loin de Berlin, loin de chez lui. Mais lui, Noël, il veut rester ici, à Berlin, dans le vieil appartement qu’il a toujours connu. Mais Noël n’a pas le choix, il doit se plier à la volonté des autres… Il est envoyé dans un établissement de soins, où il y a d’autres personnes handicapées, comme lui… « Tu verras – a dit l’homme : ici c’est spécial, différent des autres centres, chacun a son appartement et doit apprendre à se gérer, tu y seras bien ».</p>
<p>C’est la première fois de sa vie que Noël vit seul. C’est aussi la première fois qu’il doit faire avec autant d’autres personnes. Pas facile quand on a été protégé par un amour maternel immense et inconditionnel.</p>
<p>A qui peut-il faire confiance ? Qui peut-il aimer ? Qui l’aime vraiment ? (présentation de l&rsquo;éditeur)</p>
<p>ROSS M.</p>
<p>Editions Sarbacane</p>
<p>2019-136p-22.50€</p>
<p>750gr</p>
<p>ISBN: 9782377313044</p>
<p>Cote doc : 11-ROS-A</p>
<span class="et_bloom_bottom_trigger"></span>

<p>Depuis la mort soudaine de sa mère, la vie bien organisée de Noël vole en éclats.</p>
