{"id":1148,"date":"2021-03-24T09:24:33","date_gmt":"2021-03-24T08:24:33","guid":{"rendered":"https:\/\/www.parthages.be\/eboutique\/?post_type=product&#038;p=1148"},"modified":"2022-03-23T17:06:47","modified_gmt":"2022-03-23T16:06:47","slug":"100-idees-pour-faire-classe-autrement-ou-comment-les-pedagogies-cooperatives-changent-la-vie-de-lecole","status":"publish","type":"product","link":"https:\/\/www.parthages.be\/eboutique\/produit\/100-idees-pour-faire-classe-autrement-ou-comment-les-pedagogies-cooperatives-changent-la-vie-de-lecole\/","title":{"rendered":"100 id\u00e9es pour faire classe autrement ou comment les p\u00e9dagogies coop\u00e9ratives changent la vie de l\u2019\u00e9cole \u00ab\u00a0"},"content":{"rendered":"<p>L&rsquo;univers des p\u00e9dagogies coop\u00e9ratives est aussi fascinant que pluriel. Mais que l&rsquo;on parle de techniques Freinet, de P\u00e9dagogie Institutionnelle, de P\u00e9dagogie du troisi\u00e8me type ou d&rsquo;ambiance Montessori, toutes ont fondamentalement le m\u00eame d\u00e9nominateur commun, \u00e0 savoir celui de d\u00e9velopper un autre regard sur l&rsquo;enfant en train d&rsquo;apprendre et d&rsquo;\u00eatre au monde, un regard model\u00e9 par l&rsquo;interface avec l&rsquo;environnement, au sens large, environnement humain, d&rsquo;abord, mais aussi mat\u00e9riel et physique. Cet ouvrage, fruit d&rsquo;une r\u00e9flexion collective, se veut une invitation \u00e0 d\u00e9couvrir des pratiques alternatives favorisant les situations de recherche signifiantes, aux antipodes d&rsquo;une p\u00e9dagogie traditionnelle d&rsquo;application ne laissant que peu d&rsquo;autonomie aux \u00e9l\u00e8ves. Voici donc 100 id\u00e9es qui cherchent \u00e0 instiller l&rsquo;id\u00e9e qu&rsquo;une p\u00e9dagogie\u00a0 la diversit\u00e9, fond\u00e9e sur des valeurs \u00e9mancipatrices, est r\u00e9ellement possible, et m\u00eame souhaitable. (Pr\u00e9sentation de l&rsquo;\u00e9diteur)<\/p>\n<p>Charpiot C. Melizi F. Gueyraud C.<\/p>\n<p>Editions Tom Pousse<\/p>\n<p>2020- 220p.-15.50\u20ac<\/p>\n<p>280gr<\/p>\n<p>ISBN\u00a0: 978-2-35345-221-17<\/p>\n<p>Cote doc\u00a0: 4-50-CHA-P<\/p>\n<span class=\"et_bloom_bottom_trigger\"><\/span>","protected":false},"excerpt":{"rendered":"<p>L&rsquo;univers des p\u00e9dagogies coop\u00e9ratives est aussi fascinant que pluriel. Mais que l&rsquo;on parle de techniques Freinet, de P\u00e9dagogie Institutionnelle, de P\u00e9dagogie du troisi\u00e8me type ou d&rsquo;ambiance Montessori, toutes ont fondamentalement le m\u00eame d\u00e9nominateur commun, \u00e0 savoir celui de d\u00e9velopper un autre regard sur l&rsquo;enfant en train d&rsquo;apprendre et d&rsquo;\u00eatre au monde, un regard model\u00e9 par l&rsquo;interface avec l&rsquo;environnement, au sens large, environnement humain, d&rsquo;abord, mais aussi mat\u00e9riel et physique.<\/p>\n","protected":false},"featured_media":1149,"comment_status":"open","ping_status":"closed","template":"","meta":{"_et_pb_use_builder":"","_et_pb_old_content":"","_et_gb_content_width":"","spay_email":""},"class_list":["post-1148","product","type-product","status-publish","has-post-thumbnail","hentry","product_cat-livres","product_tag-autonomie","product_tag-besoin-de-formation","product_tag-changement-de-comportement","product_tag-cooperation","product_tag-eleve","product_tag-pedagogie","product_tag-personne-handicapee","product_tag-strategie"],"jetpack_sharing_enabled":true,"jetpack_likes_enabled":true,"_links":{"self":[{"href":"https:\/\/www.parthages.be\/eboutique\/wp-json\/wp\/v2\/product\/1148","targetHints":{"allow":["GET"]}}],"collection":[{"href":"https:\/\/www.parthages.be\/eboutique\/wp-json\/wp\/v2\/product"}],"about":[{"href":"https:\/\/www.parthages.be\/eboutique\/wp-json\/wp\/v2\/types\/product"}],"replies":[{"embeddable":true,"href":"https:\/\/www.parthages.be\/eboutique\/wp-json\/wp\/v2\/comments?post=1148"}],"wp:featuredmedia":[{"embeddable":true,"href":"https:\/\/www.parthages.be\/eboutique\/wp-json\/wp\/v2\/media\/1149"}],"wp:attachment":[{"href":"https:\/\/www.parthages.be\/eboutique\/wp-json\/wp\/v2\/media?parent=1148"}],"curies":[{"name":"wp","href":"https:\/\/api.w.org\/{rel}","templated":true}]}}