{"id":1151,"date":"2021-03-24T09:26:26","date_gmt":"2021-03-24T08:26:26","guid":{"rendered":"https:\/\/www.parthages.be\/eboutique\/?post_type=product&#038;p=1151"},"modified":"2021-03-24T09:26:27","modified_gmt":"2021-03-24T08:26:27","slug":"la-liberte-daller-et-venir-dans-le-soin-de-laccompagnement-quels-enjeux-ethiques","status":"publish","type":"product","link":"https:\/\/www.parthages.be\/eboutique\/produit\/la-liberte-daller-et-venir-dans-le-soin-de-laccompagnement-quels-enjeux-ethiques\/","title":{"rendered":"La libert\u00e9 d\u2019aller et venir dans le soin de l\u2019accompagnement. Quels enjeux \u00e9thiques ?"},"content":{"rendered":"<p>Si la\u00a0libert\u00e9 d\u2019aller et venir\u00a0constitue un\u00a0droit fondamental, le\u00a0respect\u00a0de cette libert\u00e9 est parfois\u00a0entrav\u00e9\u00a0ou profond\u00e9ment\u00a0confisqu\u00e9. Ces limitations de la libert\u00e9 d\u2019aller et venir posent de\u00a0nombreuses questions juridiques,\u00a0cliniques\u00a0et\u00a0\u00e9thiques\u00a0qui interpellent au quotidien les professionnels, les usagers et les citoyens sur la nature et le sens du soin et de l\u2019accompagnement. Jusqu\u2019o\u00f9 les imp\u00e9ratifs de protection, de s\u00e9curit\u00e9 ou d\u2019\u00e9quit\u00e9 justifient-ils de\u00a0mettre en p\u00e9ril cette libert\u00e9\u00a0? \u00c0 quel prix et \u00e0 quelles conditions\u00a0? Au b\u00e9n\u00e9fice de qui et dans quelle finalit\u00e9\u00a0?<\/p>\n<p>Gr\u00e2ce \u00e0 un ensemble riche de\u00a0t\u00e9moignages\u00a0et d\u2019exp\u00e9riences, cet ouvrage d\u00e9roule les dilemmes \u00e9thiques qui se jouent tous les jours autour de la\u00a0libert\u00e9 de mouvement\u00a0et de\u00a0circulation\u00a0chez les\u00a0acteurs du soin\u00a0et de l\u2019accompagnement, et invite \u00e0 une\u00a0r\u00e9flexion\u00a0plus large sur notre\u00a0rapport \u00e0 la mobilit\u00e9, la\u00a0proximit\u00e9, l\u2019espace\u00a0et la\u00a0libert\u00e9.(Pr\u00e9sentation de l\u2019\u00e9diteur)<\/p>\n<p>Sous la direction DUTIER-J. JEAN M.<\/p>\n<p>Editions Hyg\u00e9e<\/p>\n<p>2020-320P.-20\u20ac<\/p>\n<p>282gr<\/p>\n<p>ISBN\u00a0: 978-2-8109-0786-1<\/p>\n<p>COTE DOC\u00a0: 7-10-DUT-L<\/p>\n<span class=\"et_bloom_bottom_trigger\"><\/span>","protected":false},"excerpt":{"rendered":"<p>Si la\u00a0libert\u00e9 d\u2019aller et venir\u00a0constitue un\u00a0droit fondamental, le\u00a0respect\u00a0de cette libert\u00e9 est parfois\u00a0entrav\u00e9\u00a0ou profond\u00e9ment\u00a0confisqu\u00e9.<\/p>\n","protected":false},"featured_media":1152,"comment_status":"open","ping_status":"closed","template":"","meta":{"_et_pb_use_builder":"","_et_pb_old_content":"","_et_gb_content_width":"","spay_email":""},"class_list":["post-1151","product","type-product","status-publish","has-post-thumbnail","hentry","product_cat-livres","product_tag-accompagnement","product_tag-droits-fondamentaux","product_tag-enjeux","product_tag-ethique","product_tag-liberte","product_tag-personne-en-difficulte-vulnerabilite","product_tag-personne-handicapee","product_tag-soins","product_tag-temoignage"],"jetpack_sharing_enabled":true,"jetpack_likes_enabled":true,"_links":{"self":[{"href":"https:\/\/www.parthages.be\/eboutique\/wp-json\/wp\/v2\/product\/1151","targetHints":{"allow":["GET"]}}],"collection":[{"href":"https:\/\/www.parthages.be\/eboutique\/wp-json\/wp\/v2\/product"}],"about":[{"href":"https:\/\/www.parthages.be\/eboutique\/wp-json\/wp\/v2\/types\/product"}],"replies":[{"embeddable":true,"href":"https:\/\/www.parthages.be\/eboutique\/wp-json\/wp\/v2\/comments?post=1151"}],"wp:featuredmedia":[{"embeddable":true,"href":"https:\/\/www.parthages.be\/eboutique\/wp-json\/wp\/v2\/media\/1152"}],"wp:attachment":[{"href":"https:\/\/www.parthages.be\/eboutique\/wp-json\/wp\/v2\/media?parent=1151"}],"curies":[{"name":"wp","href":"https:\/\/api.w.org\/{rel}","templated":true}]}}

La liberté d’aller et venir dans le soin de l’accompagnement. Quels enjeux éthiques ?

<p>Si la liberté d’aller et venir constitue un droit fondamental, le respect de cette liberté est parfois entravé ou profondément confisqué. Ces limitations de la liberté d’aller et venir posent de nombreuses questions juridiques, cliniques et éthiques qui interpellent au quotidien les professionnels, les usagers et les citoyens sur la nature et le sens du soin et de l’accompagnement. Jusqu’où les impératifs de protection, de sécurité ou d’équité justifient-ils de mettre en péril cette liberté ? À quel prix et à quelles conditions ? Au bénéfice de qui et dans quelle finalité ?</p>
<p>Grâce à un ensemble riche de témoignages et d’expériences, cet ouvrage déroule les dilemmes éthiques qui se jouent tous les jours autour de la liberté de mouvement et de circulation chez les acteurs du soin et de l’accompagnement, et invite à une réflexion plus large sur notre rapport à la mobilité, la proximité, l’espace et la liberté.(Présentation de l’éditeur)</p>
<p>Sous la direction DUTIER-J. JEAN M.</p>
<p>Editions Hygée</p>
<p>2020-320P.-20€</p>
<p>282gr</p>
<p>ISBN : 978-2-8109-0786-1</p>
<p>COTE DOC : 7-10-DUT-L</p>
<span class="et_bloom_bottom_trigger"></span>

<p>Si la liberté d’aller et venir constitue un droit fondamental, le respect de cette liberté est parfois entravé ou profondément confisqué.</p>
