{"id":1161,"date":"2021-03-24T09:39:45","date_gmt":"2021-03-24T08:39:45","guid":{"rendered":"https:\/\/www.parthages.be\/eboutique\/?post_type=product&#038;p=1161"},"modified":"2022-03-23T17:22:43","modified_gmt":"2022-03-23T16:22:43","slug":"lextraordinaire-marcel","status":"publish","type":"product","link":"https:\/\/www.parthages.be\/eboutique\/produit\/lextraordinaire-marcel\/","title":{"rendered":"L\u2019extraordinaire Marcel"},"content":{"rendered":"<p>La famille de Carole n&rsquo;est pas tout \u00e0 fait comme les autres. Elle a un petit quelque chose en plus : Marcel, leur fils a\u00een\u00e9, a trois chromosomes 21. Lorsqu&rsquo;ils apprennent la nouvelle, le jour de sa naissance, le ciel tombe sur la t\u00eate de Carole et Sylvain. Mais tr\u00e8s vite, gr\u00e2ce \u00e0 ce b\u00e9b\u00e9 d\u00e9bordant de joie de vivre qui les aide \u00e0 affronter toutes les difficult\u00e9s, ils d\u00e9cident d&rsquo;\u00eatre heureux et de faire de ce chromosome en plus la chance de leur vie. Carole raconte sans tabou le quotidien de sa famille extraordinaire : la peur, les doutes, la col\u00e8re, la complexit\u00e9 de la prise en charge m\u00e9dicale et des d\u00e9marches en tout genre, mais surtout le bonheur de voir grandir un enfant, des parents, une famille. Carole pose avec humour et tendresse son regard sur la trisomie 21, le handicap et, plus largement, la diff\u00e9rence.<\/p>\n<p>(Pr\u00e9sentation de l\u2019\u00e9diteur)<\/p>\n<p>DESCHAMPS C.<\/p>\n<p>Editions Flammarion<\/p>\n<p>2020-240p. 19\u20ac<\/p>\n<p>235gr<\/p>\n<p>ISBN\u00a0: 978-2-0814-8573-0<\/p>\n<p>COTE DOC\u00a0: 1-20-DES-E<\/p>\n<span class=\"et_bloom_bottom_trigger\"><\/span>","protected":false},"excerpt":{"rendered":"<p>La famille de Carole n&rsquo;est pas tout \u00e0 fait comme les autres. Elle a un petit quelque chose en plus : Marcel, leur fils a\u00een\u00e9, a trois chromosomes 21.<\/p>\n","protected":false},"featured_media":1162,"comment_status":"open","ping_status":"closed","template":"","meta":{"_et_pb_use_builder":"","_et_pb_old_content":"","_et_gb_content_width":"","spay_email":""},"class_list":["post-1161","product","type-product","status-publish","has-post-thumbnail","hentry","product_cat-livres","product_tag-annonce-du-handicap","product_tag-changement-de-comportment","product_tag-enfant","product_tag-enfant-handicape","product_tag-famille","product_tag-integration","product_tag-temoignage","product_tag-trisomie-21","product_tag-vie-quotidienne"],"jetpack_sharing_enabled":true,"jetpack_likes_enabled":true,"_links":{"self":[{"href":"https:\/\/www.parthages.be\/eboutique\/wp-json\/wp\/v2\/product\/1161","targetHints":{"allow":["GET"]}}],"collection":[{"href":"https:\/\/www.parthages.be\/eboutique\/wp-json\/wp\/v2\/product"}],"about":[{"href":"https:\/\/www.parthages.be\/eboutique\/wp-json\/wp\/v2\/types\/product"}],"replies":[{"embeddable":true,"href":"https:\/\/www.parthages.be\/eboutique\/wp-json\/wp\/v2\/comments?post=1161"}],"wp:featuredmedia":[{"embeddable":true,"href":"https:\/\/www.parthages.be\/eboutique\/wp-json\/wp\/v2\/media\/1162"}],"wp:attachment":[{"href":"https:\/\/www.parthages.be\/eboutique\/wp-json\/wp\/v2\/media?parent=1161"}],"curies":[{"name":"wp","href":"https:\/\/api.w.org\/{rel}","templated":true}]}}

<p>La famille de Carole n&rsquo;est pas tout à fait comme les autres. Elle a un petit quelque chose en plus : Marcel, leur fils aîné, a trois chromosomes 21. Lorsqu&rsquo;ils apprennent la nouvelle, le jour de sa naissance, le ciel tombe sur la tête de Carole et Sylvain. Mais très vite, grâce à ce bébé débordant de joie de vivre qui les aide à affronter toutes les difficultés, ils décident d&rsquo;être heureux et de faire de ce chromosome en plus la chance de leur vie. Carole raconte sans tabou le quotidien de sa famille extraordinaire : la peur, les doutes, la colère, la complexité de la prise en charge médicale et des démarches en tout genre, mais surtout le bonheur de voir grandir un enfant, des parents, une famille. Carole pose avec humour et tendresse son regard sur la trisomie 21, le handicap et, plus largement, la différence.</p>
<p>(Présentation de l’éditeur)</p>
<p>DESCHAMPS C.</p>
<p>Editions Flammarion</p>
<p>2020-240p. 19€</p>
<p>235gr</p>
<p>ISBN : 978-2-0814-8573-0</p>
<p>COTE DOC : 1-20-DES-E</p>
<span class="et_bloom_bottom_trigger"></span>

<p>La famille de Carole n&rsquo;est pas tout à fait comme les autres. Elle a un petit quelque chose en plus : Marcel, leur fils aîné, a trois chromosomes 21.</p>
