{"id":1173,"date":"2021-06-09T19:58:01","date_gmt":"2021-06-09T17:58:01","guid":{"rendered":"https:\/\/www.parthages.be\/eboutique\/?post_type=product&#038;p=1173"},"modified":"2021-06-24T07:06:39","modified_gmt":"2021-06-24T05:06:39","slug":"ecouter-lautre-tant-de-choses-a-dire","status":"publish","type":"product","link":"https:\/\/www.parthages.be\/eboutique\/produit\/ecouter-lautre-tant-de-choses-a-dire\/","title":{"rendered":"Ecouter l&rsquo;autre: tant de choses \u00e0 dire"},"content":{"rendered":"<p>\u00ab\u00a0Puis-je vous parler ?&#8230;\u00a0\u00bb \u00ab\u00a0Vous avez un peu de temps ?\u00a0\u00bb&#8230;<\/p>\n<p>Parler, se dire, est vital pour chacun. On ne se trouve vraiment qu&rsquo;en parlant \u00e0 un autre. Parler suppose donc d&rsquo;\u00eatre accueilli par quelqu&rsquo;un qui se rend compte de ce qu&rsquo;\u00e9couter veut dire. \u00c9couter, c&rsquo;est se taire, ne pas juger, c&rsquo;est accepter l&rsquo;autre tel qu&rsquo;il est, comme il est, diff\u00e9rent de soi, sans pourtant se renier soi-m\u00eame. C&rsquo;est permettre \u00e0 l&rsquo;autre d&rsquo;aller aussi loin qu&rsquo;il veut, qu&rsquo;il peut, dans l&rsquo;expression de ce qu&rsquo;il vit.<\/p>\n<p>Intervenir ? Oui, mais comment ?<\/p>\n<p>L&rsquo;\u00e9coute ne s&rsquo;improvise pas. Elle exige d&rsquo;\u00eatre r\u00e9fl\u00e9chie, travaill\u00e9e, sans quoi l&rsquo;autre s&rsquo;arr\u00eate tr\u00e8s vite de parler et retombe dans le silence.<\/p>\n<p>L&rsquo;\u00e9coute est sans prix pour celui qui la pratique comme pour celui qui en b\u00e9n\u00e9ficie. Elle ouvre sur une richesse autre, sur le plaisir de l&rsquo;\u00e9change, de la rencontre. (Pr\u00e9sentation de l&rsquo;\u00e9diteur)<\/p>\n<p>&nbsp;<\/p>\n<p>VANNESSE A.<\/p>\n<p>Chronique sociale<\/p>\n<p>1998-89p-8.10\u20ac<\/p>\n<p>150gr<\/p>\n<p>ISBN2-85008-235-X<br \/>\nCote doc\u00a0:\u00a010-20-vab-e<\/p>\n<p>&nbsp;<\/p>\n<span class=\"et_bloom_bottom_trigger\"><\/span>","protected":false},"excerpt":{"rendered":"<p>\u00ab\u00a0Puis-je vous parler ?&#8230;\u00a0\u00bb \u00ab\u00a0Vous avez un peu de temps ?\u00a0\u00bb&#8230;<\/p>\n","protected":false},"featured_media":1174,"comment_status":"open","ping_status":"closed","template":"","meta":{"_et_pb_use_builder":"","_et_pb_old_content":"","_et_gb_content_width":"","spay_email":""},"class_list":["post-1173","product","type-product","status-publish","has-post-thumbnail","hentry","product_cat-livres","product_tag-accueil","product_tag-communication","product_tag-echange","product_tag-ecoute","product_tag-intervention","product_tag-relation-daide","product_tag-rencontre"],"jetpack_sharing_enabled":true,"jetpack_likes_enabled":true,"_links":{"self":[{"href":"https:\/\/www.parthages.be\/eboutique\/wp-json\/wp\/v2\/product\/1173","targetHints":{"allow":["GET"]}}],"collection":[{"href":"https:\/\/www.parthages.be\/eboutique\/wp-json\/wp\/v2\/product"}],"about":[{"href":"https:\/\/www.parthages.be\/eboutique\/wp-json\/wp\/v2\/types\/product"}],"replies":[{"embeddable":true,"href":"https:\/\/www.parthages.be\/eboutique\/wp-json\/wp\/v2\/comments?post=1173"}],"wp:featuredmedia":[{"embeddable":true,"href":"https:\/\/www.parthages.be\/eboutique\/wp-json\/wp\/v2\/media\/1174"}],"wp:attachment":[{"href":"https:\/\/www.parthages.be\/eboutique\/wp-json\/wp\/v2\/media?parent=1173"}],"curies":[{"name":"wp","href":"https:\/\/api.w.org\/{rel}","templated":true}]}}