{"id":1178,"date":"2021-06-09T20:05:43","date_gmt":"2021-06-09T18:05:43","guid":{"rendered":"https:\/\/www.parthages.be\/eboutique\/?post_type=product&#038;p=1178"},"modified":"2021-06-09T20:05:43","modified_gmt":"2021-06-09T18:05:43","slug":"la-relation-daide-developper-des-competences-pour-mieux-aider","status":"publish","type":"product","link":"https:\/\/www.parthages.be\/eboutique\/produit\/la-relation-daide-developper-des-competences-pour-mieux-aider\/","title":{"rendered":"La relation d&rsquo;aide : d\u00e9velopper des comp\u00e9tences pour mieux aider"},"content":{"rendered":"<p>Les situations sociales (pr\u00e9carit\u00e9, ruptures de vie&#8230;) am\u00e8nent le renforcement de dispositifs professionnels, le d\u00e9veloppement de groupes, d&rsquo;associations utilisant la relation d&rsquo;aide.<\/p>\n<p>Ce type d&rsquo;accompagnement se r\u00e9alise autant par le face \u00e0 face individuel ou collectif (entretien &#8211; groupe de parole), qu&rsquo;au travers d&rsquo;une relation t\u00e9l\u00e9phonique.<\/p>\n<p>Un appui m\u00e9thodologique rigoureux est souhaitable pour garantir une r\u00e9elle efficacit\u00e9 \u00e0 la personne en demande (en la sollicitant comme auteur et actrice de sa solution) tout en permettant \u00e0 l&rsquo;aidant de se pr\u00e9server (gestion des \u00e9motions, distanciation&#8230;).<\/p>\n<p>La premi\u00e8re partie de cet ouvrage pr\u00e9cise le contexte de la relation et ses sp\u00e9cificit\u00e9s. Elle insiste sur l&rsquo;importance d&rsquo;une connaissance de soi, sur les attitudes et qualit\u00e9s \u00e0 privil\u00e9gier.<\/p>\n<p>La deuxi\u00e8me partie propose des pistes de r\u00e9flexion et des exercices pour d\u00e9velopper les comp\u00e9tences essentielles en relation d&rsquo;aide.<\/p>\n<p>La troisi\u00e8me partie est consacr\u00e9e \u00e0 des situations d&rsquo;un haut degr\u00e9 de difficult\u00e9.<\/p>\n<p>Les intervenants tant professionnels que b\u00e9n\u00e9voles appr\u00e9cieront le caract\u00e8re concret de cet ouvrage. Les formateurs trouveront un outil complet pour construire et animer des dispositifs de formation, d&rsquo;analyse de la pratique. (Pr\u00e9sentation de l&rsquo;\u00e9diteur)<\/p>\n<p>&nbsp;<\/p>\n<p>TREMBLAY L<\/p>\n<p>Chronique sociale<\/p>\n<p>2006-191p-18.50\u20ac<\/p>\n<p>397gr<\/p>\n<p>ISBN\u00a0 : \u00a0\u00a0\u00a0\u00a0\u00a0\u00a0\u00a0\u00a0\u00a0 2-85008-430-1<br \/>\nCote doc\u00a0:\u00a010-20-TRE-R<\/p>\n<span class=\"et_bloom_bottom_trigger\"><\/span>","protected":false},"excerpt":{"rendered":"<p>Les situations sociales (pr\u00e9carit\u00e9, ruptures de vie&#8230;) am\u00e8nent le renforcement de dispositifs professionnels, le d\u00e9veloppement de groupes, d&rsquo;associations utilisant la relation d&rsquo;aide.<\/p>\n","protected":false},"featured_media":1179,"comment_status":"open","ping_status":"closed","template":"","meta":{"_et_pb_use_builder":"","_et_pb_old_content":"","_et_gb_content_width":"","spay_email":""},"class_list":["post-1178","product","type-product","status-publish","has-post-thumbnail","hentry","product_cat-livres","product_tag-accompagnement","product_tag-analyse-de-pratiques","product_tag-besoin","product_tag-communication","product_tag-competence","product_tag-echange","product_tag-ecoute","product_tag-encadrement","product_tag-entretien","product_tag-intervention","product_tag-outil","product_tag-personne-en-difficulte","product_tag-relation-daide","product_tag-rencontre"],"jetpack_sharing_enabled":true,"jetpack_likes_enabled":true,"_links":{"self":[{"href":"https:\/\/www.parthages.be\/eboutique\/wp-json\/wp\/v2\/product\/1178","targetHints":{"allow":["GET"]}}],"collection":[{"href":"https:\/\/www.parthages.be\/eboutique\/wp-json\/wp\/v2\/product"}],"about":[{"href":"https:\/\/www.parthages.be\/eboutique\/wp-json\/wp\/v2\/types\/product"}],"replies":[{"embeddable":true,"href":"https:\/\/www.parthages.be\/eboutique\/wp-json\/wp\/v2\/comments?post=1178"}],"wp:featuredmedia":[{"embeddable":true,"href":"https:\/\/www.parthages.be\/eboutique\/wp-json\/wp\/v2\/media\/1179"}],"wp:attachment":[{"href":"https:\/\/www.parthages.be\/eboutique\/wp-json\/wp\/v2\/media?parent=1178"}],"curies":[{"name":"wp","href":"https:\/\/api.w.org\/{rel}","templated":true}]}}

La relation d&rsquo;aide : développer des compétences pour mieux aider

<p>Les situations sociales (précarité, ruptures de vie&#8230;) amènent le renforcement de dispositifs professionnels, le développement de groupes, d&rsquo;associations utilisant la relation d&rsquo;aide.</p>
<p>Ce type d&rsquo;accompagnement se réalise autant par le face à face individuel ou collectif (entretien &#8211; groupe de parole), qu&rsquo;au travers d&rsquo;une relation téléphonique.</p>
<p>Un appui méthodologique rigoureux est souhaitable pour garantir une réelle efficacité à la personne en demande (en la sollicitant comme auteur et actrice de sa solution) tout en permettant à l&rsquo;aidant de se préserver (gestion des émotions, distanciation&#8230;).</p>
<p>La première partie de cet ouvrage précise le contexte de la relation et ses spécificités. Elle insiste sur l&rsquo;importance d&rsquo;une connaissance de soi, sur les attitudes et qualités à privilégier.</p>
<p>La deuxième partie propose des pistes de réflexion et des exercices pour développer les compétences essentielles en relation d&rsquo;aide.</p>
<p>La troisième partie est consacrée à des situations d&rsquo;un haut degré de difficulté.</p>
<p>Les intervenants tant professionnels que bénévoles apprécieront le caractère concret de cet ouvrage. Les formateurs trouveront un outil complet pour construire et animer des dispositifs de formation, d&rsquo;analyse de la pratique. (Présentation de l&rsquo;éditeur)</p>
<p>&nbsp;</p>
<p>TREMBLAY L</p>
<p>Chronique sociale</p>
<p>2006-191p-18.50€</p>
<p>397gr</p>
<p>ISBN  :           2-85008-430-1<br />
Cote doc : 10-20-TRE-R</p>
<span class="et_bloom_bottom_trigger"></span>

<p>Les situations sociales (précarité, ruptures de vie&#8230;) amènent le renforcement de dispositifs professionnels, le développement de groupes, d&rsquo;associations utilisant la relation d&rsquo;aide.</p>
