{"id":1190,"date":"2021-06-09T20:23:55","date_gmt":"2021-06-09T18:23:55","guid":{"rendered":"https:\/\/www.parthages.be\/eboutique\/?post_type=product&#038;p=1190"},"modified":"2021-06-24T07:11:34","modified_gmt":"2021-06-24T05:11:34","slug":"changer-les-systemes-de-croyances-avec-la-pnl","status":"publish","type":"product","link":"https:\/\/www.parthages.be\/eboutique\/produit\/changer-les-systemes-de-croyances-avec-la-pnl\/","title":{"rendered":"Changer les syst\u00e8mes de croyances avec la PNL"},"content":{"rendered":"<p>Nos croyances ont sur notre comportement un impact tr\u00e8s puissant. Certaines croyances peuvent scl\u00e9roser certaines capacit\u00e9s qui sommeillent en chacun et emp\u00eachent les gens de profiter pleinement de leurs ressources naturelles et de leur comp\u00e9tences inconscientes. Les croyances peuvent influencer la sant\u00e9 elles peuvent modeler, affecter ou m\u00eame d\u00e9terminer notre degr\u00e9 d&rsquo;intelligence,\u00a0 nos relations, notre cr\u00e9ativit\u00e9 et m\u00eame notre bonheur,\u00a0 notre r\u00e9ussite personnelle. L&rsquo;\u00e9ducation re\u00e7ue influence fort nos croyances. Peut-on les changer\u00a0 afin d&rsquo;\u00e9largir notre potentiel au del\u00e0 de ce que nous imaginons? L&rsquo;importance est grande de ma\u00eetriser les techniques de la programmation neuro -linguistique (PNL) qui propose un mod\u00e8le de l&rsquo;esprit et un ensemble d&rsquo;outils comportementaux puissants, capables de d\u00e9bloquer les m\u00e9canismes cach\u00e9s de nos syst\u00e8mes de croyances.(Pr\u00e9sentation de l\u2019\u00e9diteur)<\/p>\n<p>DILTS R.<\/p>\n<p>Dunod<\/p>\n<p>2006-196p.22.10\u20ac<\/p>\n<p>400gr<\/p>\n<p>ISBN\u00a0: 2 10 049609 3<\/p>\n<p>Cote doc\u00a0:10-20-DIL-C<\/p>\n<p>&nbsp;<\/p>\n<span class=\"et_bloom_bottom_trigger\"><\/span>","protected":false},"excerpt":{"rendered":"<p>Nos croyances ont sur notre comportement un impact tr\u00e8s puissant. Certaines croyances peuvent scl\u00e9roser certaines capacit\u00e9s qui sommeillent en chacun et emp\u00eachent les gens de profiter pleinement de leurs ressources naturelles et de leur comp\u00e9tences inconscientes.<\/p>\n","protected":false},"featured_media":1191,"comment_status":"open","ping_status":"closed","template":"","meta":{"_et_pb_use_builder":"","_et_pb_old_content":"","_et_gb_content_width":"","spay_email":""},"class_list":["post-1190","product","type-product","status-publish","has-post-thumbnail","hentry","product_cat-livres","product_tag-bien-etre","product_tag-changement","product_tag-comportement","product_tag-definition","product_tag-outil-pedago-gique","product_tag-psychotherapie","product_tag-relation"],"jetpack_sharing_enabled":true,"jetpack_likes_enabled":true,"_links":{"self":[{"href":"https:\/\/www.parthages.be\/eboutique\/wp-json\/wp\/v2\/product\/1190","targetHints":{"allow":["GET"]}}],"collection":[{"href":"https:\/\/www.parthages.be\/eboutique\/wp-json\/wp\/v2\/product"}],"about":[{"href":"https:\/\/www.parthages.be\/eboutique\/wp-json\/wp\/v2\/types\/product"}],"replies":[{"embeddable":true,"href":"https:\/\/www.parthages.be\/eboutique\/wp-json\/wp\/v2\/comments?post=1190"}],"wp:featuredmedia":[{"embeddable":true,"href":"https:\/\/www.parthages.be\/eboutique\/wp-json\/wp\/v2\/media\/1191"}],"wp:attachment":[{"href":"https:\/\/www.parthages.be\/eboutique\/wp-json\/wp\/v2\/media?parent=1190"}],"curies":[{"name":"wp","href":"https:\/\/api.w.org\/{rel}","templated":true}]}}