{"id":1227,"date":"2021-06-24T07:40:43","date_gmt":"2021-06-24T05:40:43","guid":{"rendered":"https:\/\/www.parthages.be\/eboutique\/?post_type=product&#038;p=1227"},"modified":"2021-06-24T07:40:44","modified_gmt":"2021-06-24T05:40:44","slug":"lintervention-en-sante-mentale-la-personne-dabord","status":"publish","type":"product","link":"https:\/\/www.parthages.be\/eboutique\/produit\/lintervention-en-sante-mentale-la-personne-dabord\/","title":{"rendered":"L&rsquo;intervention en sant\u00e9 mentale : la personne d&rsquo;abord"},"content":{"rendered":"<p>Le monde de la sant\u00e9 mentale est en profonde mutation au Qu\u00e9bec. Ce livre contribue \u00e0 la formation d&rsquo;\u00e9ducateurs sp\u00e9cialis\u00e9s qui seront sensibles aux besoins des personnes souffrant de troubles mentaux. Malades et intervenants essaient tant bien que mal d&rsquo;adopter le virage de la d\u00e9sinstitutionalisation. La d\u00e9finition de la sant\u00e9 mentale est ax\u00e9e sur le d\u00e9veloppement des comp\u00e9tences des personnes. Ce livre contient des conseils tr\u00e8s pertinents sur la mani\u00e8re d&rsquo;\u00e9tablir une relation de confiance sur l&rsquo;intervention en situation de crise sur l&rsquo;auto\u00e9valuation des intervenants. Les \u00e9tudiants comme\u00a0 les \u00e9ducateurs sp\u00e9cialis\u00e9s trouveront des m\u00e9thodes efficaces pour d\u00e9terminer les besoins des personnes souffrant d&rsquo;un trouble mental. (Pr\u00e9sentation de l&rsquo;\u00e9diteur)<\/p>\n<p>TREMBLAY L.<\/p>\n<p>Editions Saint-Martin<\/p>\n<p>2003-260p<\/p>\n<p>ISBN\u00a0: 978 -2-10-053084-7<\/p>\n<p>Cote doc\u00a0: 10-10-TRE-I<\/p>\n<p>Uniquement \u00e0 la location<\/p>\n<span class=\"et_bloom_bottom_trigger\"><\/span>","protected":false},"excerpt":{"rendered":"<p>Le monde de la sant\u00e9 mentale est en profonde mutation au Qu\u00e9bec. Ce livre contribue \u00e0 la formation d&rsquo;\u00e9ducateurs sp\u00e9cialis\u00e9s qui seront sensibles aux besoins des personnes souffrant de troubles mentaux. Malades et intervenants essaient tant bien que mal d&rsquo;adopter le virage de la d\u00e9sinstitutionalisation. La d\u00e9finition de la sant\u00e9 mentale est ax\u00e9e sur le [&hellip;]<\/p>\n","protected":false},"featured_media":1228,"comment_status":"open","ping_status":"closed","template":"","meta":{"_et_pb_use_builder":"","_et_pb_old_content":"","_et_gb_content_width":"","spay_email":""},"class_list":["post-1227","product","type-product","status-publish","has-post-thumbnail","hentry","product_cat-livres","product_tag-autoevaluation","product_tag-droit","product_tag-etudiant","product_tag-histoire","product_tag-institution-psychiatrique","product_tag-integration-professionnelle","product_tag-psychopathologie","product_tag-qualite","product_tag-quebec","product_tag-reinsertion-sociale","product_tag-relation-daide","product_tag-respect","product_tag-sante-mentale","product_tag-service","product_tag-traitement","product_tag-trouble-de-la-personnalite"],"jetpack_sharing_enabled":true,"jetpack_likes_enabled":true,"_links":{"self":[{"href":"https:\/\/www.parthages.be\/eboutique\/wp-json\/wp\/v2\/product\/1227","targetHints":{"allow":["GET"]}}],"collection":[{"href":"https:\/\/www.parthages.be\/eboutique\/wp-json\/wp\/v2\/product"}],"about":[{"href":"https:\/\/www.parthages.be\/eboutique\/wp-json\/wp\/v2\/types\/product"}],"replies":[{"embeddable":true,"href":"https:\/\/www.parthages.be\/eboutique\/wp-json\/wp\/v2\/comments?post=1227"}],"wp:featuredmedia":[{"embeddable":true,"href":"https:\/\/www.parthages.be\/eboutique\/wp-json\/wp\/v2\/media\/1228"}],"wp:attachment":[{"href":"https:\/\/www.parthages.be\/eboutique\/wp-json\/wp\/v2\/media?parent=1227"}],"curies":[{"name":"wp","href":"https:\/\/api.w.org\/{rel}","templated":true}]}}

L&rsquo;intervention en santé mentale : la personne d&rsquo;abord

<p>Le monde de la santé mentale est en profonde mutation au Québec. Ce livre contribue à la formation d&rsquo;éducateurs spécialisés qui seront sensibles aux besoins des personnes souffrant de troubles mentaux. Malades et intervenants essaient tant bien que mal d&rsquo;adopter le virage de la désinstitutionalisation. La définition de la santé mentale est axée sur le développement des compétences des personnes. Ce livre contient des conseils très pertinents sur la manière d&rsquo;établir une relation de confiance sur l&rsquo;intervention en situation de crise sur l&rsquo;autoévaluation des intervenants. Les étudiants comme  les éducateurs spécialisés trouveront des méthodes efficaces pour déterminer les besoins des personnes souffrant d&rsquo;un trouble mental. (Présentation de l&rsquo;éditeur)</p>
<p>TREMBLAY L.</p>
<p>Editions Saint-Martin</p>
<p>2003-260p</p>
<p>ISBN : 978 -2-10-053084-7</p>
<p>Cote doc : 10-10-TRE-I</p>
<p>Uniquement à la location</p>
<span class="et_bloom_bottom_trigger"></span>

<p>Le monde de la santé mentale est en profonde mutation au Québec. Ce livre contribue à la formation d&rsquo;éducateurs spécialisés qui seront sensibles aux besoins des personnes souffrant de troubles mentaux. Malades et intervenants essaient tant bien que mal d&rsquo;adopter le virage de la désinstitutionalisation. La définition de la santé mentale est axée sur le [&hellip;]</p>
