{"id":1234,"date":"2021-06-24T07:47:08","date_gmt":"2021-06-24T05:47:08","guid":{"rendered":"https:\/\/www.parthages.be\/eboutique\/?post_type=product&#038;p=1234"},"modified":"2021-06-24T07:47:09","modified_gmt":"2021-06-24T05:47:09","slug":"autonomie-et-socialisation-reflexions-sur-la-fonction-educative","status":"publish","type":"product","link":"https:\/\/www.parthages.be\/eboutique\/produit\/autonomie-et-socialisation-reflexions-sur-la-fonction-educative\/","title":{"rendered":"Autonomie et socialisation : r\u00e9flexions sur la fonction \u00e9ducative"},"content":{"rendered":"<p>Cet ouvrage est le fruit d&rsquo;une r\u00e9flexion collective de deux ans sur la fonction \u00e9ducative (\u00e0 la demande du Conseil d&rsquo;Administration du SNAPEI (France), en mars 1975).<\/p>\n<p>Partant du concept d&rsquo;autonomie, le cheminement de cette recherche s&rsquo;est dirig\u00e9 vers la notion de demande de la personne handicap\u00e9e mentale : quelle est la demande des personnes handicap\u00e9es mentales en termes de vie quotidienne, sociale et professionnelle, peut-on y r\u00e9pondre, comment y r\u00e9pondre, et dans ce contexte, quels sont les objectifs de la fonction \u00e9ducative ?<\/p>\n<p>Les \u00e9changes qui ont eu lieu \u00e0 partir de ces interrogations &#8211; par le biais de nombreuses journ\u00e9es d&rsquo;\u00e9tudes, r\u00e9unions, groupes d&rsquo;enqu\u00eates, s\u00e9minaires inter-r\u00e9gionaux sur la fonction \u00e9ducative &#8211; ont entra\u00een\u00e9 une \u00e9volution consid\u00e9rable des mentalit\u00e9s. De par les th\u00e8ses novatrices qu&rsquo;il v\u00e9hicule, ce document \u00e9branle les id\u00e9es re\u00e7ues afin de provoquer des r\u00e9ponses. Il constitue une publication de r\u00e9f\u00e9rence quant \u00e0 l&rsquo;\u00e9volution de la fonction \u00e9ducative. Ce t\u00e9moignage est destin\u00e9 \u00e0 ceux qui d\u00e9sirent \u00e0 leur tour s&rsquo;associer \u00e0 cette d\u00e9marche et approfondir une recherche qui, dans l&rsquo;int\u00e9r\u00eat des personnes concern\u00e9es doit rester ind\u00e9finiment ouverte. (Pr\u00e9sentation de l&rsquo;\u00e9diteur)<\/p>\n<p>ECHAVIDRE P.- CHEMARIN Y.- ECHAVIDRE M.S.<\/p>\n<p>Dialogues<\/p>\n<p>1995-95p<\/p>\n<p>ISBN\u00a0: 2-907322-60-5<\/p>\n<p>Cote doc\u00a0: 10-10-SNA-A<\/p>\n<span class=\"et_bloom_bottom_trigger\"><\/span>","protected":false},"excerpt":{"rendered":"<p>Cet ouvrage est le fruit d&rsquo;une r\u00e9flexion collective de deux ans sur la fonction \u00e9ducative (\u00e0 la demande du Conseil d&rsquo;Administration du SNAPEI (France), en mars 1975). Partant du concept d&rsquo;autonomie, le cheminement de cette recherche s&rsquo;est dirig\u00e9 vers la notion de demande de la personne handicap\u00e9e mentale : quelle est la demande des personnes [&hellip;]<\/p>\n","protected":false},"featured_media":0,"comment_status":"open","ping_status":"closed","template":"","meta":{"_et_pb_use_builder":"","_et_pb_old_content":"","_et_gb_content_width":"","spay_email":""},"class_list":["post-1234","product","type-product","status-publish","hentry","product_cat-livres","product_tag-adulte","product_tag-autonomie","product_tag-defi-cience-intellectuelle","product_tag-education","product_tag-emploi","product_tag-etude","product_tag-france","product_tag-handicap","product_tag-histoire","product_tag-parent","product_tag-personne-handicapee","product_tag-socialisation","product_tag-vie-quotidienne"],"jetpack_sharing_enabled":true,"jetpack_likes_enabled":true,"_links":{"self":[{"href":"https:\/\/www.parthages.be\/eboutique\/wp-json\/wp\/v2\/product\/1234","targetHints":{"allow":["GET"]}}],"collection":[{"href":"https:\/\/www.parthages.be\/eboutique\/wp-json\/wp\/v2\/product"}],"about":[{"href":"https:\/\/www.parthages.be\/eboutique\/wp-json\/wp\/v2\/types\/product"}],"replies":[{"embeddable":true,"href":"https:\/\/www.parthages.be\/eboutique\/wp-json\/wp\/v2\/comments?post=1234"}],"wp:attachment":[{"href":"https:\/\/www.parthages.be\/eboutique\/wp-json\/wp\/v2\/media?parent=1234"}],"curies":[{"name":"wp","href":"https:\/\/api.w.org\/{rel}","templated":true}]}}

Autonomie et socialisation : réflexions sur la fonction éducative

<p>Cet ouvrage est le fruit d&rsquo;une réflexion collective de deux ans sur la fonction éducative (à la demande du Conseil d&rsquo;Administration du SNAPEI (France), en mars 1975).</p>
<p>Partant du concept d&rsquo;autonomie, le cheminement de cette recherche s&rsquo;est dirigé vers la notion de demande de la personne handicapée mentale : quelle est la demande des personnes handicapées mentales en termes de vie quotidienne, sociale et professionnelle, peut-on y répondre, comment y répondre, et dans ce contexte, quels sont les objectifs de la fonction éducative ?</p>
<p>Les échanges qui ont eu lieu à partir de ces interrogations &#8211; par le biais de nombreuses journées d&rsquo;études, réunions, groupes d&rsquo;enquêtes, séminaires inter-régionaux sur la fonction éducative &#8211; ont entraîné une évolution considérable des mentalités. De par les thèses novatrices qu&rsquo;il véhicule, ce document ébranle les idées reçues afin de provoquer des réponses. Il constitue une publication de référence quant à l&rsquo;évolution de la fonction éducative. Ce témoignage est destiné à ceux qui désirent à leur tour s&rsquo;associer à cette démarche et approfondir une recherche qui, dans l&rsquo;intérêt des personnes concernées doit rester indéfiniment ouverte. (Présentation de l&rsquo;éditeur)</p>
<p>ECHAVIDRE P.- CHEMARIN Y.- ECHAVIDRE M.S.</p>
<p>Dialogues</p>
<p>1995-95p</p>
<p>ISBN : 2-907322-60-5</p>
<p>Cote doc : 10-10-SNA-A</p>
<span class="et_bloom_bottom_trigger"></span>

<p>Cet ouvrage est le fruit d&rsquo;une réflexion collective de deux ans sur la fonction éducative (à la demande du Conseil d&rsquo;Administration du SNAPEI (France), en mars 1975). Partant du concept d&rsquo;autonomie, le cheminement de cette recherche s&rsquo;est dirigé vers la notion de demande de la personne handicapée mentale : quelle est la demande des personnes [&hellip;]</p>
