{"id":1247,"date":"2021-06-24T08:01:45","date_gmt":"2021-06-24T06:01:45","guid":{"rendered":"https:\/\/www.parthages.be\/eboutique\/?post_type=product&#038;p=1247"},"modified":"2022-03-23T17:33:53","modified_gmt":"2022-03-23T16:33:53","slug":"soigner-la-surdite-et-faire-taire-les-sourds","status":"publish","type":"product","link":"https:\/\/www.parthages.be\/eboutique\/produit\/soigner-la-surdite-et-faire-taire-les-sourds\/","title":{"rendered":"Soigner la surdit\u00e9 et faire taire les sourds"},"content":{"rendered":"<p>Par l&#8217;emploi d&rsquo;une majuscule, l&rsquo;auteur marque sa volont\u00e9 de distinguer une marque de d\u00e9ficit (sourd) et une personne (Sourd) dont le potentiel d&rsquo;entendement et de parole existe, m\u00eame s&rsquo;il ne passe pas par les registres audiophonatoires habituels. Son objectif est de faire surgir, avec la typographie, l&rsquo;instance du sujet, la dimension d&rsquo;\u00eatre parlant, qui demeure en d\u00e9pit d&rsquo;une surdit\u00e9 physiologique; de d\u00e9noncer la stigmatisation \u00e0 l&rsquo;oeuvre sous le vocable sourd et d&rsquo;engager un processus de reconnaissance, une nomination plut\u00f4t qu&rsquo;un \u00e9tiquetage r\u00e9ducteur.<\/p>\n<p>Car bien \u00e9videmment, les Sourds parlent. Ils disent et se disent au travers de langues gestuelles. Cette prise de parole \u00e9claire l&rsquo;importance de l&rsquo;insu, de la trace, de ce qui, dans la transmission inconsciente, inscrit ces sujets en langage au sein de la vie familiale.<\/p>\n<p>Paradoxalement, les dispositifs d&rsquo;accueil et d&rsquo;\u00e9ducation des tout jeunes enfants font barrage \u00e0 une telle modalit\u00e9 de dire. Pourquoi persistent-ils \u00e0 les consid\u00e9rer sans langage? Comment en est-on arriv\u00e9 \u00e0 construire une v\u00e9ritable fili\u00e8re de soin par le son dans laquelle d\u00e9pistage \u00e0 deux jours, implants cochl\u00e9aires et int\u00e9gration individuelle en milieu ordinaire contribuent \u00e0 faire taire les mains? Bien au-del\u00e0 des Sourds, l&rsquo;auteur nous invite \u00e0 interroger les traitements modernes que notre soci\u00e9t\u00e9 sanitaire et utilitariste r\u00e9serve \u00e0 l&rsquo;alt\u00e9rit\u00e9 et \u00e0 ceux qui l&rsquo;incarnent.<\/p>\n<p>Pr\u00e9sentation de l&rsquo;\u00e9diteur)<\/p>\n<p>MEYNARD A.<\/p>\n<p>Editions Er\u00e8s<\/p>\n<p>1995-328p-25\u20ac<\/p>\n<p>432GR<\/p>\n<p>ISBN\u00a0: 978-2-7492-1271-5<\/p>\n<p>Cote doc\u00a0: 10-10-MEY-S<\/p>\n<span class=\"et_bloom_bottom_trigger\"><\/span>","protected":false},"excerpt":{"rendered":"<p>Par l&#8217;emploi d&rsquo;une majuscule, l&rsquo;auteur marque sa volont\u00e9 de distinguer une marque de d\u00e9ficit (sourd) et une personne (Sourd) dont le potentiel d&rsquo;entendement et de parole existe, m\u00eame s&rsquo;il ne passe pas par les registres audiophonatoires habituels. Son objectif est de faire surgir, avec la typographie, l&rsquo;instance du sujet, la dimension d&rsquo;\u00eatre parlant, qui demeure [&hellip;]<\/p>\n","protected":false},"featured_media":1248,"comment_status":"open","ping_status":"closed","template":"","meta":{"_et_pb_use_builder":"","_et_pb_old_content":"","_et_gb_content_width":"","spay_email":""},"class_list":["post-1247","product","type-product","status-publish","has-post-thumbnail","hentry","product_cat-livres","product_tag-accueil-de-lenfant","product_tag-depistage","product_tag-droit-a-la-difference","product_tag-implant-cochleaire","product_tag-langue-des-signes","product_tag-medicalisation","product_tag-personne-handicapee","product_tag-surdite"],"jetpack_sharing_enabled":true,"jetpack_likes_enabled":true,"_links":{"self":[{"href":"https:\/\/www.parthages.be\/eboutique\/wp-json\/wp\/v2\/product\/1247","targetHints":{"allow":["GET"]}}],"collection":[{"href":"https:\/\/www.parthages.be\/eboutique\/wp-json\/wp\/v2\/product"}],"about":[{"href":"https:\/\/www.parthages.be\/eboutique\/wp-json\/wp\/v2\/types\/product"}],"replies":[{"embeddable":true,"href":"https:\/\/www.parthages.be\/eboutique\/wp-json\/wp\/v2\/comments?post=1247"}],"wp:featuredmedia":[{"embeddable":true,"href":"https:\/\/www.parthages.be\/eboutique\/wp-json\/wp\/v2\/media\/1248"}],"wp:attachment":[{"href":"https:\/\/www.parthages.be\/eboutique\/wp-json\/wp\/v2\/media?parent=1247"}],"curies":[{"name":"wp","href":"https:\/\/api.w.org\/{rel}","templated":true}]}}

Soigner la surdité et faire taire les sourds

<p>Par l&#8217;emploi d&rsquo;une majuscule, l&rsquo;auteur marque sa volonté de distinguer une marque de déficit (sourd) et une personne (Sourd) dont le potentiel d&rsquo;entendement et de parole existe, même s&rsquo;il ne passe pas par les registres audiophonatoires habituels. Son objectif est de faire surgir, avec la typographie, l&rsquo;instance du sujet, la dimension d&rsquo;être parlant, qui demeure en dépit d&rsquo;une surdité physiologique; de dénoncer la stigmatisation à l&rsquo;oeuvre sous le vocable sourd et d&rsquo;engager un processus de reconnaissance, une nomination plutôt qu&rsquo;un étiquetage réducteur.</p>
<p>Car bien évidemment, les Sourds parlent. Ils disent et se disent au travers de langues gestuelles. Cette prise de parole éclaire l&rsquo;importance de l&rsquo;insu, de la trace, de ce qui, dans la transmission inconsciente, inscrit ces sujets en langage au sein de la vie familiale.</p>
<p>Paradoxalement, les dispositifs d&rsquo;accueil et d&rsquo;éducation des tout jeunes enfants font barrage à une telle modalité de dire. Pourquoi persistent-ils à les considérer sans langage? Comment en est-on arrivé à construire une véritable filière de soin par le son dans laquelle dépistage à deux jours, implants cochléaires et intégration individuelle en milieu ordinaire contribuent à faire taire les mains? Bien au-delà des Sourds, l&rsquo;auteur nous invite à interroger les traitements modernes que notre société sanitaire et utilitariste réserve à l&rsquo;altérité et à ceux qui l&rsquo;incarnent.</p>
<p>Présentation de l&rsquo;éditeur)</p>
<p>MEYNARD A.</p>
<p>Editions Erès</p>
<p>1995-328p-25€</p>
<p>432GR</p>
<p>ISBN : 978-2-7492-1271-5</p>
<p>Cote doc : 10-10-MEY-S</p>
<span class="et_bloom_bottom_trigger"></span>

<p>Par l&#8217;emploi d&rsquo;une majuscule, l&rsquo;auteur marque sa volonté de distinguer une marque de déficit (sourd) et une personne (Sourd) dont le potentiel d&rsquo;entendement et de parole existe, même s&rsquo;il ne passe pas par les registres audiophonatoires habituels. Son objectif est de faire surgir, avec la typographie, l&rsquo;instance du sujet, la dimension d&rsquo;être parlant, qui demeure [&hellip;]</p>
