{"id":1250,"date":"2021-06-24T08:04:07","date_gmt":"2021-06-24T06:04:07","guid":{"rendered":"https:\/\/www.parthages.be\/eboutique\/?post_type=product&#038;p=1250"},"modified":"2021-06-24T08:04:08","modified_gmt":"2021-06-24T06:04:08","slug":"introduction-aux-methodes-de-lexamen-psychologique","status":"publish","type":"product","link":"https:\/\/www.parthages.be\/eboutique\/produit\/introduction-aux-methodes-de-lexamen-psychologique\/","title":{"rendered":"Introduction aux m\u00e9thodes de l&rsquo;examen psychologique"},"content":{"rendered":"<p>Pr\u00e9sentation en Powerpoint<\/p>\n<p>Les personnes handicap\u00e9es en situation de handicap<\/p>\n<p>Le vieillissement<\/p>\n<p>La politique europ\u00e9enne du handicap<\/p>\n<p>Deux classifications internationales: CIF et PPH<\/p>\n<p>Nomenclature des habitudes de vie \/ r\u00f4les sociaux<\/p>\n<p>Mesures \/ \u00e9valuation<\/p>\n<p>HAELEWYCK M.C.<\/p>\n<p>Midi trente Editions<\/p>\n<p>2004-51p.<\/p>\n<p><strong><em>Dossier<\/em><\/strong><\/p>\n<p>Uniquement \u00e0 la location<\/p>\n<p>Cote doc\u00a0: 10-10-HAE-I<\/p>\n<span class=\"et_bloom_bottom_trigger\"><\/span>","protected":false},"excerpt":{"rendered":"<p>Pr\u00e9sentation en Powerpoint Les personnes handicap\u00e9es en situation de handicap Le vieillissement La politique europ\u00e9enne du handicap Deux classifications internationales: CIF et PPH Nomenclature des habitudes de vie \/ r\u00f4les sociaux Mesures \/ \u00e9valuation HAELEWYCK M.C. Midi trente Editions 2004-51p. Dossier Uniquement \u00e0 la location Cote doc\u00a0: 10-10-HAE-I<\/p>\n","protected":false},"featured_media":0,"comment_status":"open","ping_status":"closed","template":"","meta":{"_et_pb_use_builder":"","_et_pb_old_content":"","_et_gb_content_width":"","spay_email":""},"class_list":["post-1250","product","type-product","status-publish","hentry","product_cat-livres","product_tag-classification","product_tag-evaluation","product_tag-handicap","product_tag-methode-devaluation","product_tag-outil","product_tag-personne-agee","product_tag-personne-handicapee","product_tag-politique-europeenne","product_tag-vieillissement"],"jetpack_sharing_enabled":true,"jetpack_likes_enabled":true,"_links":{"self":[{"href":"https:\/\/www.parthages.be\/eboutique\/wp-json\/wp\/v2\/product\/1250","targetHints":{"allow":["GET"]}}],"collection":[{"href":"https:\/\/www.parthages.be\/eboutique\/wp-json\/wp\/v2\/product"}],"about":[{"href":"https:\/\/www.parthages.be\/eboutique\/wp-json\/wp\/v2\/types\/product"}],"replies":[{"embeddable":true,"href":"https:\/\/www.parthages.be\/eboutique\/wp-json\/wp\/v2\/comments?post=1250"}],"wp:attachment":[{"href":"https:\/\/www.parthages.be\/eboutique\/wp-json\/wp\/v2\/media?parent=1250"}],"curies":[{"name":"wp","href":"https:\/\/api.w.org\/{rel}","templated":true}]}}

Introduction aux méthodes de l&rsquo;examen psychologique

<p>Présentation en Powerpoint</p>
<p>Les personnes handicapées en situation de handicap</p>
<p>Le vieillissement</p>
<p>La politique européenne du handicap</p>
<p>Deux classifications internationales: CIF et PPH</p>
<p>Nomenclature des habitudes de vie / rôles sociaux</p>
<p>Mesures / évaluation</p>
<p>HAELEWYCK M.C.</p>
<p>Midi trente Editions</p>
<p>2004-51p.</p>
<p><strong><em>Dossier</em></strong></p>
<p>Uniquement à la location</p>
<p>Cote doc : 10-10-HAE-I</p>
<span class="et_bloom_bottom_trigger"></span>

<p>Présentation en Powerpoint Les personnes handicapées en situation de handicap Le vieillissement La politique européenne du handicap Deux classifications internationales: CIF et PPH Nomenclature des habitudes de vie / rôles sociaux Mesures / évaluation HAELEWYCK M.C. Midi trente Editions 2004-51p. Dossier Uniquement à la location Cote doc : 10-10-HAE-I</p>
