{"id":1251,"date":"2021-06-24T08:05:09","date_gmt":"2021-06-24T06:05:09","guid":{"rendered":"https:\/\/www.parthages.be\/eboutique\/?post_type=product&#038;p=1251"},"modified":"2021-06-24T08:05:10","modified_gmt":"2021-06-24T06:05:10","slug":"le-plan-de-services-individualise-lintegration-sociale-et-professionnelle-des-personnes-handicapees-septembre-1991-mars-1993","status":"publish","type":"product","link":"https:\/\/www.parthages.be\/eboutique\/produit\/le-plan-de-services-individualise-lintegration-sociale-et-professionnelle-des-personnes-handicapees-septembre-1991-mars-1993\/","title":{"rendered":"Le plan de services individualis\u00e9 : L\u2019int\u00e9gration Sociale et Professionnelle des Personnes Handicap\u00e9es septembre 1991 mars 1993"},"content":{"rendered":"<p>Calendrier de la recherche-action\u00a0 d\u00e9nomm\u00e9e \u00ab\u00a0Plan de Services individualis\u00e9\u00a0\u00bb demand\u00e9e par le FBISPPH \u00e0 l&rsquo;Universit\u00e9 de Mons. Cette \u00e9tude allait couvrir une p\u00e9riode allant du 1ier septembre 1991 au 31 mars 1993 et portait sur la population des personnes handicap\u00e9es s&rsquo;adressant au Bureau provincial du Hainaut du FBISPPH.<\/p>\n<p>&nbsp;<\/p>\n<p>L&rsquo;application de la m\u00e9thodologie du PSI visait:<\/p>\n<p>-le personnel du Bureau provincial du Hainaut<\/p>\n<p>-le r\u00e9seau des institutions agr\u00e9\u00e9es par le Fonds communautaire ainsi que tous les partenaires susceptibles de collaborer aux processus de r\u00e9adaptation professionnelle qui seront \u00e9tablies.<\/p>\n<p>FONDS COMMUNAUTAIRE POUR L&rsquo;INTEGRATION SOCIALE ET PROFESSIONNELLE DES PERSONNES HANDICAPEES.<\/p>\n<p>BUREAU PROVINCIAL DU HAINAUT<\/p>\n<p>1993-60p<\/p>\n<p><strong><em>Dossier<\/em><\/strong><\/p>\n<p>Uniquement \u00e0 location<\/p>\n<p>Cote doc\u00a0: 10-10-MAG I<\/p>\n<span class=\"et_bloom_bottom_trigger\"><\/span>","protected":false},"excerpt":{"rendered":"<p>Calendrier de la recherche-action\u00a0 d\u00e9nomm\u00e9e \u00ab\u00a0Plan de Services individualis\u00e9\u00a0\u00bb demand\u00e9e par le FBISPPH \u00e0 l&rsquo;Universit\u00e9 de Mons. Cette \u00e9tude allait couvrir une p\u00e9riode allant du 1ier septembre 1991 au 31 mars 1993 et portait sur la population des personnes handicap\u00e9es s&rsquo;adressant au Bureau provincial du Hainaut du FBISPPH. &nbsp; L&rsquo;application de la m\u00e9thodologie du PSI [&hellip;]<\/p>\n","protected":false},"featured_media":0,"comment_status":"open","ping_status":"closed","template":"","meta":{"_et_pb_use_builder":"","_et_pb_old_content":"","_et_gb_content_width":"","spay_email":""},"class_list":["post-1251","product","type-product","status-publish","hentry","product_cat-livres","product_tag-accompagnement","product_tag-approche","product_tag-belgique","product_tag-communaute-francaise","product_tag-methodologie","product_tag-personne-handicapee","product_tag-plan-de-services-individualises","product_tag-province-du-hainaut"],"jetpack_sharing_enabled":true,"jetpack_likes_enabled":true,"_links":{"self":[{"href":"https:\/\/www.parthages.be\/eboutique\/wp-json\/wp\/v2\/product\/1251","targetHints":{"allow":["GET"]}}],"collection":[{"href":"https:\/\/www.parthages.be\/eboutique\/wp-json\/wp\/v2\/product"}],"about":[{"href":"https:\/\/www.parthages.be\/eboutique\/wp-json\/wp\/v2\/types\/product"}],"replies":[{"embeddable":true,"href":"https:\/\/www.parthages.be\/eboutique\/wp-json\/wp\/v2\/comments?post=1251"}],"wp:attachment":[{"href":"https:\/\/www.parthages.be\/eboutique\/wp-json\/wp\/v2\/media?parent=1251"}],"curies":[{"name":"wp","href":"https:\/\/api.w.org\/{rel}","templated":true}]}}

Le plan de services individualisé : L’intégration Sociale et Professionnelle des Personnes Handicapées septembre 1991 mars 1993

<p>Calendrier de la recherche-action  dénommée « Plan de Services individualisé » demandée par le FBISPPH à l&rsquo;Université de Mons. Cette étude allait couvrir une période allant du 1ier septembre 1991 au 31 mars 1993 et portait sur la population des personnes handicapées s&rsquo;adressant au Bureau provincial du Hainaut du FBISPPH.</p>
<p>&nbsp;</p>
<p>L&rsquo;application de la méthodologie du PSI visait:</p>
<p>-le personnel du Bureau provincial du Hainaut</p>
<p>-le réseau des institutions agréées par le Fonds communautaire ainsi que tous les partenaires susceptibles de collaborer aux processus de réadaptation professionnelle qui seront établies.</p>
<p>FONDS COMMUNAUTAIRE POUR L&rsquo;INTEGRATION SOCIALE ET PROFESSIONNELLE DES PERSONNES HANDICAPEES.</p>
<p>BUREAU PROVINCIAL DU HAINAUT</p>
<p>1993-60p</p>
<p><strong><em>Dossier</em></strong></p>
<p>Uniquement à location</p>
<p>Cote doc : 10-10-MAG I</p>
<span class="et_bloom_bottom_trigger"></span>

<p>Calendrier de la recherche-action  dénommée « Plan de Services individualisé » demandée par le FBISPPH à l&rsquo;Université de Mons. Cette étude allait couvrir une période allant du 1ier septembre 1991 au 31 mars 1993 et portait sur la population des personnes handicapées s&rsquo;adressant au Bureau provincial du Hainaut du FBISPPH. &nbsp; L&rsquo;application de la méthodologie du PSI [&hellip;]</p>
