{"id":1259,"date":"2021-06-24T08:14:55","date_gmt":"2021-06-24T06:14:55","guid":{"rendered":"https:\/\/www.parthages.be\/eboutique\/?post_type=product&#038;p=1259"},"modified":"2021-06-24T08:14:56","modified_gmt":"2021-06-24T06:14:56","slug":"lintervention-en-milieu-familial","status":"publish","type":"product","link":"https:\/\/www.parthages.be\/eboutique\/produit\/lintervention-en-milieu-familial\/","title":{"rendered":"L&rsquo;intervention en milieu familial"},"content":{"rendered":"<p>Ce guide est un manuel destin\u00e9 \u00e0 outiller les professionnels du milieu de l&rsquo;intervention qui travaillant dans un contexte familial. Les \u00e9tudiants en techniques d&rsquo;\u00e9ducation sp\u00e9cialis\u00e9e et les professionnels accompagnateurs de plusieurs milieux trouveront dans ce guide des fa\u00e7ons de de dire et de faire les choses. de nombreux outils et pis tes de r\u00e9flexions sont propos\u00e9s au fil des pages: le respect, l&rsquo;authenticit\u00e9, le sens de l&rsquo;humour, le langage, etc. Toutes les \u00e9tapes\u00a0 de la rencontre entre le professionnel accompagnateur, le client et son adulte-responsable sont pass\u00e9es en revue, de la prise de contact initiale \u00e0 la fin de la relation. Le livre comporte deux grandes parties qui reposent respectivement sur deux concepts: le savoir -\u00eatre et le savoir-faire de l&rsquo;intervenant. Pour \u00eatre un professionnel de l&rsquo;accompagnement efficace, il ne suffit pas de savoir faire les choses. Les auteurs ont justement cherch\u00e9 \u00e0 mettre l&rsquo;accent sur les pi\u00e8ges potentiels qui attendent le professionnel accompagnateur, dont l&rsquo;impact de la stagnation sur la relation d&rsquo;aide, le danger reli\u00e9 aux attentes irr\u00e9alistes des protagonistes, etc. (Pr\u00e9sentation de l&rsquo;\u00e9diteur)<\/p>\n<p>LAROCQUE G.- LAROCQUE J.<\/p>\n<p>Editions Saint-Martin<\/p>\n<p>2001-123p-18\u20ac<\/p>\n<p>ISBN\u00a0: 2-89035-349-4<\/p>\n<p>Cote doc\u00a0: 10-10-MAS-M<\/p>\n<span class=\"et_bloom_bottom_trigger\"><\/span>","protected":false},"excerpt":{"rendered":"<p>Ce guide est un manuel destin\u00e9 \u00e0 outiller les professionnels du milieu de l&rsquo;intervention qui travaillant dans un contexte familial. Les \u00e9tudiants en techniques d&rsquo;\u00e9ducation sp\u00e9cialis\u00e9e et les professionnels accompagnateurs de plusieurs milieux trouveront dans ce guide des fa\u00e7ons de de dire et de faire les choses. de nombreux outils et pis tes de r\u00e9flexions [&hellip;]<\/p>\n","protected":false},"featured_media":1260,"comment_status":"open","ping_status":"closed","template":"","meta":{"_et_pb_use_builder":"","_et_pb_old_content":"","_et_gb_content_width":"","spay_email":""},"class_list":["post-1259","product","type-product","status-publish","has-post-thumbnail","hentry","product_cat-livres","product_tag-accompagnement","product_tag-educateur","product_tag-humour","product_tag-langage","product_tag-milieu-familial","product_tag-outil","product_tag-reflexion","product_tag-relation-daide","product_tag-respect","product_tag-travailleur-social"],"jetpack_sharing_enabled":true,"jetpack_likes_enabled":true,"_links":{"self":[{"href":"https:\/\/www.parthages.be\/eboutique\/wp-json\/wp\/v2\/product\/1259","targetHints":{"allow":["GET"]}}],"collection":[{"href":"https:\/\/www.parthages.be\/eboutique\/wp-json\/wp\/v2\/product"}],"about":[{"href":"https:\/\/www.parthages.be\/eboutique\/wp-json\/wp\/v2\/types\/product"}],"replies":[{"embeddable":true,"href":"https:\/\/www.parthages.be\/eboutique\/wp-json\/wp\/v2\/comments?post=1259"}],"wp:featuredmedia":[{"embeddable":true,"href":"https:\/\/www.parthages.be\/eboutique\/wp-json\/wp\/v2\/media\/1260"}],"wp:attachment":[{"href":"https:\/\/www.parthages.be\/eboutique\/wp-json\/wp\/v2\/media?parent=1259"}],"curies":[{"name":"wp","href":"https:\/\/api.w.org\/{rel}","templated":true}]}}