{"id":1261,"date":"2021-06-24T08:16:19","date_gmt":"2021-06-24T06:16:19","guid":{"rendered":"https:\/\/www.parthages.be\/eboutique\/?post_type=product&#038;p=1261"},"modified":"2022-03-23T17:31:11","modified_gmt":"2022-03-23T16:31:11","slug":"materiel-pour-enfants-autistes-apprentissage-de-la-lecture-2","status":"publish","type":"product","link":"https:\/\/www.parthages.be\/eboutique\/produit\/materiel-pour-enfants-autistes-apprentissage-de-la-lecture-2\/","title":{"rendered":"Mat\u00e9riel pour enfants autistes : Apprentissage de la lecture"},"content":{"rendered":"<p>Objectifs :<\/p>\n<p>Faciliter l&rsquo;apprentissage de la lecture.<\/p>\n<p>Am\u00e9liorer la reconnaissance des sons complexes de la langue fran\u00e7aise.<\/p>\n<p>&nbsp;<\/p>\n<p>Description:<\/p>\n<p>Sp\u00e9cialement pens\u00e9 pour les enfants autistes. Cet ensemble propose pour chacun des sons, un mot-mod\u00e8le concret, une image simple aux couleurs \u00e9pur\u00e9es et une banque de mots. Les sons sont class\u00e9s par niveau de difficult\u00e9.<\/p>\n<p>&nbsp;<\/p>\n<p>Contenu :<\/p>\n<p>88 cartes de son (10,8 x 14 cm)<\/p>\n<p>La liste des sons, les mots-mod\u00e8les et les images<\/p>\n<p>Une banque de plus de 1000 mots<\/p>\n<p>Des pistes d&rsquo;exploitation<\/p>\n<p>1 feuille de suivi reproductible (Pr\u00e9sentation de l&rsquo;\u00e9diteur)<\/p>\n<p>&nbsp;<\/p>\n<p>LANTIER C..<\/p>\n<p>Editions Passe-Temps<\/p>\n<p>2012-39\u20ac<\/p>\n<p>440gr<\/p>\n<p>ISBN\u00a0: 83009600-177-9<\/p>\n<p><strong><em>Coffret p\u00e9dagogique<\/em><\/strong><\/p>\n<p>Cote doc\u00a0: 10-10-LAN-M<\/p>\n<span class=\"et_bloom_bottom_trigger\"><\/span>","protected":false},"excerpt":{"rendered":"<p>Objectifs : Faciliter l&rsquo;apprentissage de la lecture. Am\u00e9liorer la reconnaissance des sons complexes de la langue fran\u00e7aise. &nbsp; Description: Sp\u00e9cialement pens\u00e9 pour les enfants autistes. Cet ensemble propose pour chacun des sons, un mot-mod\u00e8le concret, une image simple aux couleurs \u00e9pur\u00e9es et une banque de mots. Les sons sont class\u00e9s par niveau de difficult\u00e9. &nbsp; [&hellip;]<\/p>\n","protected":false},"featured_media":1262,"comment_status":"open","ping_status":"closed","template":"","meta":{"_et_pb_use_builder":"","_et_pb_old_content":"","_et_gb_content_width":"","spay_email":""},"class_list":["post-1261","product","type-product","status-publish","has-post-thumbnail","hentry","product_cat-livres","product_tag-apprentissage","product_tag-autisme","product_tag-enfant","product_tag-lecture","product_tag-outil-pedagogique"],"jetpack_sharing_enabled":true,"jetpack_likes_enabled":true,"_links":{"self":[{"href":"https:\/\/www.parthages.be\/eboutique\/wp-json\/wp\/v2\/product\/1261","targetHints":{"allow":["GET"]}}],"collection":[{"href":"https:\/\/www.parthages.be\/eboutique\/wp-json\/wp\/v2\/product"}],"about":[{"href":"https:\/\/www.parthages.be\/eboutique\/wp-json\/wp\/v2\/types\/product"}],"replies":[{"embeddable":true,"href":"https:\/\/www.parthages.be\/eboutique\/wp-json\/wp\/v2\/comments?post=1261"}],"wp:featuredmedia":[{"embeddable":true,"href":"https:\/\/www.parthages.be\/eboutique\/wp-json\/wp\/v2\/media\/1262"}],"wp:attachment":[{"href":"https:\/\/www.parthages.be\/eboutique\/wp-json\/wp\/v2\/media?parent=1261"}],"curies":[{"name":"wp","href":"https:\/\/api.w.org\/{rel}","templated":true}]}}