{"id":1264,"date":"2021-06-24T08:18:17","date_gmt":"2021-06-24T06:18:17","guid":{"rendered":"https:\/\/www.parthages.be\/eboutique\/?post_type=product&#038;p=1264"},"modified":"2021-06-24T08:18:18","modified_gmt":"2021-06-24T06:18:18","slug":"autonomie-et-handicap-moteur-representation-et-accompagnement","status":"publish","type":"product","link":"https:\/\/www.parthages.be\/eboutique\/produit\/autonomie-et-handicap-moteur-representation-et-accompagnement\/","title":{"rendered":"Autonomie et handicap moteur: repr\u00e9sentation et accompagnement"},"content":{"rendered":"<p>\u00abC&rsquo;est quoi, \u00eatre autonome, quand on a un handicap moteur?\u00bb<\/p>\n<p>La notion d&rsquo;autonomie est devenue centrale en mati\u00e8re de handicap. Tout le monde en parle, la souhaite, mais personne n&rsquo;en parle ni ne la souhaite de la m\u00eame fa\u00e7on. Des confusions apparaissent, des malentendus peuvent voir le jour.<\/p>\n<p>Comment mieux comprendre une chose si compliqu\u00e9e \u00e0 dire et tout autant \u00e0 vivre et \u00e0 apprendre??<\/p>\n<p>\u00c0 partir d&rsquo;une pratique d&rsquo;accompagnement diversifi\u00e9, l&rsquo;auteur nous invite \u00e0\u00a0:<\/p>\n<p>&#8211; clarifier la notion d&rsquo;autonomie, en rep\u00e9rer les paradoxes?<\/p>\n<p>&#8211; identifier les diff\u00e9rents mod\u00e8les de repr\u00e9sentation \u00e0 l&rsquo;\u0153uvre autour de cette notion;<\/p>\n<p>&#8211; cerner les strat\u00e9gies mises en \u0153uvre par les diff\u00e9rents acteurs;<\/p>\n<p>&#8211; comprendre l&rsquo;importance des interactions;<\/p>\n<p>&#8211; rep\u00e9rer les stades d&rsquo;un processus d&rsquo;autonomie;<\/p>\n<p>&#8211; appr\u00e9hender l&rsquo;art de g\u00e9rer les d\u00e9pendances;<\/p>\n<p>&#8211; d\u00e9finir les champs possibles d&rsquo;exp\u00e9rimentation;<\/p>\n<p>&#8211; construire un projet d&rsquo;autonomie.<\/p>\n<p>Ce travail articule th\u00e9orie et pratique, il est illustr\u00e9 de nombreux exemples. Il pr\u00e9sente des supports de travail (ex\u00a0: projet individualis\u00e9&#8230;). Il s&rsquo;inscrit pleinement dans les exigences du cadre l\u00e9gislatif. (Pr\u00e9sentation de l&rsquo;\u00e9diteur)<\/p>\n<p>LOHER A.<\/p>\n<p>Chronique sociale<\/p>\n<p>2015-138p-14.50\u20ac<\/p>\n<p>ISBN\u00a0: 978-2-36717-121-0<\/p>\n<p>Cote doc\u00a0: 10-10-LOH-A2<\/p>\n<span class=\"et_bloom_bottom_trigger\"><\/span>","protected":false},"excerpt":{"rendered":"<p>\u00abC&rsquo;est quoi, \u00eatre autonome, quand on a un handicap moteur?\u00bb La notion d&rsquo;autonomie est devenue centrale en mati\u00e8re de handicap. Tout le monde en parle, la souhaite, mais personne n&rsquo;en parle ni ne la souhaite de la m\u00eame fa\u00e7on. Des confusions apparaissent, des malentendus peuvent voir le jour. Comment mieux comprendre une chose si compliqu\u00e9e [&hellip;]<\/p>\n","protected":false},"featured_media":1265,"comment_status":"open","ping_status":"closed","template":"","meta":{"_et_pb_use_builder":"","_et_pb_old_content":"","_et_gb_content_width":"","spay_email":""},"class_list":["post-1264","product","type-product","status-publish","has-post-thumbnail","hentry","product_cat-livres","product_tag-accompagnement","product_tag-autonomie","product_tag-deficience-motrice","product_tag-dependance","product_tag-interaction","product_tag-legislation","product_tag-pratique-dintervention","product_tag-projet-individuel","product_tag-representation","product_tag-representation-sociale","product_tag-theorie"],"jetpack_sharing_enabled":true,"jetpack_likes_enabled":true,"_links":{"self":[{"href":"https:\/\/www.parthages.be\/eboutique\/wp-json\/wp\/v2\/product\/1264","targetHints":{"allow":["GET"]}}],"collection":[{"href":"https:\/\/www.parthages.be\/eboutique\/wp-json\/wp\/v2\/product"}],"about":[{"href":"https:\/\/www.parthages.be\/eboutique\/wp-json\/wp\/v2\/types\/product"}],"replies":[{"embeddable":true,"href":"https:\/\/www.parthages.be\/eboutique\/wp-json\/wp\/v2\/comments?post=1264"}],"wp:featuredmedia":[{"embeddable":true,"href":"https:\/\/www.parthages.be\/eboutique\/wp-json\/wp\/v2\/media\/1265"}],"wp:attachment":[{"href":"https:\/\/www.parthages.be\/eboutique\/wp-json\/wp\/v2\/media?parent=1264"}],"curies":[{"name":"wp","href":"https:\/\/api.w.org\/{rel}","templated":true}]}}

Autonomie et handicap moteur: représentation et accompagnement

<p>«C&rsquo;est quoi, être autonome, quand on a un handicap moteur?»</p>
<p>La notion d&rsquo;autonomie est devenue centrale en matière de handicap. Tout le monde en parle, la souhaite, mais personne n&rsquo;en parle ni ne la souhaite de la même façon. Des confusions apparaissent, des malentendus peuvent voir le jour.</p>
<p>Comment mieux comprendre une chose si compliquée à dire et tout autant à vivre et à apprendre??</p>
<p>À partir d&rsquo;une pratique d&rsquo;accompagnement diversifié, l&rsquo;auteur nous invite à :</p>
<p>&#8211; clarifier la notion d&rsquo;autonomie, en repérer les paradoxes?</p>
<p>&#8211; identifier les différents modèles de représentation à l&rsquo;œuvre autour de cette notion;</p>
<p>&#8211; cerner les stratégies mises en œuvre par les différents acteurs;</p>
<p>&#8211; comprendre l&rsquo;importance des interactions;</p>
<p>&#8211; repérer les stades d&rsquo;un processus d&rsquo;autonomie;</p>
<p>&#8211; appréhender l&rsquo;art de gérer les dépendances;</p>
<p>&#8211; définir les champs possibles d&rsquo;expérimentation;</p>
<p>&#8211; construire un projet d&rsquo;autonomie.</p>
<p>Ce travail articule théorie et pratique, il est illustré de nombreux exemples. Il présente des supports de travail (ex : projet individualisé&#8230;). Il s&rsquo;inscrit pleinement dans les exigences du cadre législatif. (Présentation de l&rsquo;éditeur)</p>
<p>LOHER A.</p>
<p>Chronique sociale</p>
<p>2015-138p-14.50€</p>
<p>ISBN : 978-2-36717-121-0</p>
<p>Cote doc : 10-10-LOH-A2</p>
<span class="et_bloom_bottom_trigger"></span>

<p>«C&rsquo;est quoi, être autonome, quand on a un handicap moteur?» La notion d&rsquo;autonomie est devenue centrale en matière de handicap. Tout le monde en parle, la souhaite, mais personne n&rsquo;en parle ni ne la souhaite de la même façon. Des confusions apparaissent, des malentendus peuvent voir le jour. Comment mieux comprendre une chose si compliquée [&hellip;]</p>
