{"id":1304,"date":"2021-06-30T08:31:11","date_gmt":"2021-06-30T06:31:11","guid":{"rendered":"https:\/\/www.parthages.be\/eboutique\/?post_type=product&#038;p=1304"},"modified":"2021-06-30T08:31:12","modified_gmt":"2021-06-30T06:31:12","slug":"autoevaluation-de-la-qualite-des-services-sociaux-et-medico-sociaux-2","status":"publish","type":"product","link":"https:\/\/www.parthages.be\/eboutique\/produit\/autoevaluation-de-la-qualite-des-services-sociaux-et-medico-sociaux-2\/","title":{"rendered":"Auto\u00e9valuation de la qualit\u00e9 des services sociaux et m\u00e9dico-sociaux"},"content":{"rendered":"<p>L&rsquo;\u00e9valuation, qui permet de v\u00e9rifier si les objectifs fix\u00e9s sont atteints, est souvent mal per\u00e7ue et assimil\u00e9e \u00e0 la notion de contr\u00f4le. L&rsquo;auto\u00e9valuation, elle, consiste en une participation volontaire des acteurs du travail social \u00e0 un processus d&rsquo;\u00e9valuation impliquant un mode de management participatif. Tous les partenaires sont impliqu\u00e9s dans cette auto\u00e9valuation y compris les b\u00e9n\u00e9ficiaires et\/ou leur repr\u00e9sentant. Ce syst\u00e8me renforce l&rsquo;id\u00e9e que la personne pr\u00e9sentant un handicap est au centre du projet la concernant. (Pr\u00e9sentation de l&rsquo;\u00e9diteur)<\/p>\n<p>&nbsp;<\/p>\n<p>HAELEWYCK M.C.- GOUSEE V.<\/p>\n<p>Editions L&rsquo;Harmattan<\/p>\n<p>2011-256p.-24.50\u20ac<\/p>\n<p>ISBN: 978-296-10407-5<\/p>\n<p>Cote doc: 10-10-HAE-A<\/p>\n<span class=\"et_bloom_bottom_trigger\"><\/span>","protected":false},"excerpt":{"rendered":"<p>L&rsquo;\u00e9valuation, qui permet de v\u00e9rifier si les objectifs fix\u00e9s sont atteints, est souvent mal per\u00e7ue et assimil\u00e9e \u00e0 la notion de contr\u00f4le.<\/p>\n","protected":false},"featured_media":1305,"comment_status":"open","ping_status":"closed","template":"","meta":{"_et_pb_use_builder":"","_et_pb_old_content":"","_et_gb_content_width":"","spay_email":""},"class_list":["post-1304","product","type-product","status-publish","has-post-thumbnail","hentry","product_cat-livres","product_tag-accompagnement","product_tag-analyse-des-resul-tats","product_tag-autoevaluation","product_tag-outil","product_tag-personne-handicapee","product_tag-perspective","product_tag-qualite-de-vie","product_tag-structure-so-cio-sanitaire"],"jetpack_sharing_enabled":true,"jetpack_likes_enabled":true,"_links":{"self":[{"href":"https:\/\/www.parthages.be\/eboutique\/wp-json\/wp\/v2\/product\/1304","targetHints":{"allow":["GET"]}}],"collection":[{"href":"https:\/\/www.parthages.be\/eboutique\/wp-json\/wp\/v2\/product"}],"about":[{"href":"https:\/\/www.parthages.be\/eboutique\/wp-json\/wp\/v2\/types\/product"}],"replies":[{"embeddable":true,"href":"https:\/\/www.parthages.be\/eboutique\/wp-json\/wp\/v2\/comments?post=1304"}],"wp:featuredmedia":[{"embeddable":true,"href":"https:\/\/www.parthages.be\/eboutique\/wp-json\/wp\/v2\/media\/1305"}],"wp:attachment":[{"href":"https:\/\/www.parthages.be\/eboutique\/wp-json\/wp\/v2\/media?parent=1304"}],"curies":[{"name":"wp","href":"https:\/\/api.w.org\/{rel}","templated":true}]}}