{"id":1312,"date":"2021-06-30T08:38:17","date_gmt":"2021-06-30T06:38:17","guid":{"rendered":"https:\/\/www.parthages.be\/eboutique\/?post_type=product&#038;p=1312"},"modified":"2021-06-30T08:38:18","modified_gmt":"2021-06-30T06:38:18","slug":"les-corridors-du-quotidien","status":"publish","type":"product","link":"https:\/\/www.parthages.be\/eboutique\/produit\/les-corridors-du-quotidien\/","title":{"rendered":"Les corridors du quotidien"},"content":{"rendered":"<p>\u00a0\u00bb Ce livre est consacr\u00e9 \u00e0 certaines formes de prise en charge r\u00e9alis\u00e9es aupr\u00e8s de personnes (enfants, adolescents, adultes) manifestant des difficult\u00e9s d&rsquo;int\u00e9gration sociale en lien avec des difficult\u00e9s d&rsquo;ordre psychologique. Des institutions construites en d\u00e9rivation par rapport au mod\u00e8le traditionnel de l&rsquo;internat accueillent ces personnes et leur offrent, \u00e0 c\u00f4t\u00e9 de traitements sp\u00e9cifiques, un milieu de vie dans lequel elles c\u00f4toient des professionnels \u00e9ducateurs ou soignants qui partagent avec elles le quotidien ou l&rsquo;ordinaire de la vie. Le groupe \u00e9ducatif tend \u00e0 reproduire les caract\u00e9ristiques d\u2019un n\u00e9o-milieu familial. Chez les personnes accueillies, cette \u00a0\u00bb pr\u00e9sence proche \u00a0\u00bb a des effets importants de changement psychologique quand elle est l&rsquo;objet d&rsquo;un travail d&rsquo;approfondissement clinique qui en d\u00e9voile les enjeux, les avatars, et les t\u00e2tonnements. La m\u00e9taphore du \u00a0\u00bb corridor \u00a0\u00bb d\u00e9signe ces espaces-temps ambigus au sein desquels se d\u00e9ploient, sous une apparente banalit\u00e9, des \u00e9changes complexes qui permettent une reconstruction du lien social. \u00a0\u00bb (Pr\u00e9sentation de l&rsquo;\u00e9diteur)<\/p>\n<p>&nbsp;<\/p>\n<p>FUSTIER P.<\/p>\n<p>Dunod<\/p>\n<p>2008-169p-20.90\u20ac<\/p>\n<p>350gr<\/p>\n<p>ISBN\u00a0: 978-2-10-051718-3<\/p>\n<p>Cote doc\u00a0:\u00a010-10-FUS-C<\/p>\n<span class=\"et_bloom_bottom_trigger\"><\/span>","protected":false},"excerpt":{"rendered":"<p>Ce livre est consacr\u00e9 \u00e0 certaines formes de prise en charge r\u00e9alis\u00e9es aupr\u00e8s de personnes (enfants, adolescents, adultes) manifestant des difficult\u00e9s d&rsquo;int\u00e9gration sociale en lien avec des difficult\u00e9s d&rsquo;ordre psychologique.<\/p>\n","protected":false},"featured_media":1313,"comment_status":"open","ping_status":"closed","template":"","meta":{"_et_pb_use_builder":"","_et_pb_old_content":"","_et_gb_content_width":"","spay_email":""},"class_list":["post-1312","product","type-product","status-publish","has-post-thumbnail","hentry","product_cat-livres","product_tag-accompagnement","product_tag-adoles-cent","product_tag-adulte","product_tag-changement-de-comportement","product_tag-education-specialisee","product_tag-enfant","product_tag-institution","product_tag-integration-sociale","product_tag-personne-en-difficulte","product_tag-vie-quotidienne"],"jetpack_sharing_enabled":true,"jetpack_likes_enabled":true,"_links":{"self":[{"href":"https:\/\/www.parthages.be\/eboutique\/wp-json\/wp\/v2\/product\/1312","targetHints":{"allow":["GET"]}}],"collection":[{"href":"https:\/\/www.parthages.be\/eboutique\/wp-json\/wp\/v2\/product"}],"about":[{"href":"https:\/\/www.parthages.be\/eboutique\/wp-json\/wp\/v2\/types\/product"}],"replies":[{"embeddable":true,"href":"https:\/\/www.parthages.be\/eboutique\/wp-json\/wp\/v2\/comments?post=1312"}],"wp:featuredmedia":[{"embeddable":true,"href":"https:\/\/www.parthages.be\/eboutique\/wp-json\/wp\/v2\/media\/1313"}],"wp:attachment":[{"href":"https:\/\/www.parthages.be\/eboutique\/wp-json\/wp\/v2\/media?parent=1312"}],"curies":[{"name":"wp","href":"https:\/\/api.w.org\/{rel}","templated":true}]}}