{"id":1321,"date":"2021-06-30T08:46:46","date_gmt":"2021-06-30T06:46:46","guid":{"rendered":"https:\/\/www.parthages.be\/eboutique\/?post_type=product&#038;p=1321"},"modified":"2021-06-30T08:46:47","modified_gmt":"2021-06-30T06:46:47","slug":"aux-cotes-des-personnes-polyhandicapees-2","status":"publish","type":"product","link":"https:\/\/www.parthages.be\/eboutique\/produit\/aux-cotes-des-personnes-polyhandicapees-2\/","title":{"rendered":"AUX C\u00d4T\u00c9S DES PERSONNES POLYHANDICAP\u00c9ES"},"content":{"rendered":"<p>Au-del\u00e0 des connaissances th\u00e9oriques, l&rsquo;accompagnement des personnes polyhandicap\u00e9es implique l&rsquo;acquisition de comp\u00e9tences techniques et relationnelles particuli\u00e8res. Cet ouvrage a pour objectif, \u00e0 travers l&rsquo;exp\u00e9rience et la r\u00e9flexion d&rsquo;une \u00e9quipe, d&rsquo;aider les professionnels \u00e0 mieux comprendre et appr\u00e9hender ces situations de vie sp\u00e9cifiques. De la vie quotidienne \u00e0 la vie sociale, ce guide offre un espace de r\u00e9flexion autour de pratiques \u00ab\u00a0suffisamment bonnes\u00a0\u00bb, il se veut \u00eatre une \u00ab\u00a0bo\u00eete \u00e0 id\u00e9es\u00a0\u00bb pour permettre, \u00e0 ceux qui accompagnent, de conjuguer les contraintes li\u00e9es au polyhandicap avec des propositions adapt\u00e9es et originales. (Pr\u00e9sentation de l&rsquo;\u00e9diteur)<\/p>\n<p>DEROUETTE C.<\/p>\n<p>Editions L&rsquo;Harmattan<\/p>\n<p>2011-256p-23.50\u20ac<\/p>\n<p>330gr<\/p>\n<p>ISBN\u00a0: 978-2-296-54939-5<\/p>\n<p>Cote doc\u00a0: 10-10-DER-A<\/p>\n<span class=\"et_bloom_bottom_trigger\"><\/span>","protected":false},"excerpt":{"rendered":"<p>Au-del\u00e0 des connaissances th\u00e9oriques, l&rsquo;accompagnement des personnes polyhandicap\u00e9es implique l&rsquo;acquisition de comp\u00e9tences techniques et relationnelles particuli\u00e8res.<\/p>\n","protected":false},"featured_media":1322,"comment_status":"open","ping_status":"closed","template":"","meta":{"_et_pb_use_builder":"","_et_pb_old_content":"","_et_gb_content_width":"","spay_email":""},"class_list":["post-1321","product","type-product","status-publish","has-post-thumbnail","hentry","product_cat-livres","product_tag-accompagnement","product_tag-compe-tence","product_tag-con-trainte","product_tag-evaluation","product_tag-polyhandicap","product_tag-pratique-dintervention","product_tag-qualite-de-vie","product_tag-relation-soignant-soigne"],"jetpack_sharing_enabled":true,"jetpack_likes_enabled":true,"_links":{"self":[{"href":"https:\/\/www.parthages.be\/eboutique\/wp-json\/wp\/v2\/product\/1321","targetHints":{"allow":["GET"]}}],"collection":[{"href":"https:\/\/www.parthages.be\/eboutique\/wp-json\/wp\/v2\/product"}],"about":[{"href":"https:\/\/www.parthages.be\/eboutique\/wp-json\/wp\/v2\/types\/product"}],"replies":[{"embeddable":true,"href":"https:\/\/www.parthages.be\/eboutique\/wp-json\/wp\/v2\/comments?post=1321"}],"wp:featuredmedia":[{"embeddable":true,"href":"https:\/\/www.parthages.be\/eboutique\/wp-json\/wp\/v2\/media\/1322"}],"wp:attachment":[{"href":"https:\/\/www.parthages.be\/eboutique\/wp-json\/wp\/v2\/media?parent=1321"}],"curies":[{"name":"wp","href":"https:\/\/api.w.org\/{rel}","templated":true}]}}

AUX CÔTÉS DES PERSONNES POLYHANDICAPÉES

<p>Au-delà des connaissances théoriques, l&rsquo;accompagnement des personnes polyhandicapées implique l&rsquo;acquisition de compétences techniques et relationnelles particulières. Cet ouvrage a pour objectif, à travers l&rsquo;expérience et la réflexion d&rsquo;une équipe, d&rsquo;aider les professionnels à mieux comprendre et appréhender ces situations de vie spécifiques. De la vie quotidienne à la vie sociale, ce guide offre un espace de réflexion autour de pratiques « suffisamment bonnes », il se veut être une « boîte à idées » pour permettre, à ceux qui accompagnent, de conjuguer les contraintes liées au polyhandicap avec des propositions adaptées et originales. (Présentation de l&rsquo;éditeur)</p>
<p>DEROUETTE C.</p>
<p>Editions L&rsquo;Harmattan</p>
<p>2011-256p-23.50€</p>
<p>330gr</p>
<p>ISBN : 978-2-296-54939-5</p>
<p>Cote doc : 10-10-DER-A</p>
<span class="et_bloom_bottom_trigger"></span>

<p>Au-delà des connaissances théoriques, l&rsquo;accompagnement des personnes polyhandicapées implique l&rsquo;acquisition de compétences techniques et relationnelles particulières.</p>
