{"id":1338,"date":"2021-06-30T09:34:54","date_gmt":"2021-06-30T07:34:54","guid":{"rendered":"https:\/\/www.parthages.be\/eboutique\/?post_type=product&#038;p=1338"},"modified":"2022-03-23T17:27:14","modified_gmt":"2022-03-23T16:27:14","slug":"lautisme-raconte-aux-enfants","status":"publish","type":"product","link":"https:\/\/www.parthages.be\/eboutique\/produit\/lautisme-raconte-aux-enfants\/","title":{"rendered":"L\u2019autisme racont\u00e9 aux enfants"},"content":{"rendered":"<p>Pourquoi j&rsquo;ai de la difficult\u00e9 \u00e0 me faire des amis ? Pourquoi je d\u00e9teste quand il y a trop de bruits autour de moi ? Pourquoi je suis souvent fatigu\u00e9 ? Pourquoi certaines personnes pensent que je suis sourd ou moins intelligent ?<br \/>\nGabriel s&rsquo;est toujours senti tr\u00e8s diff\u00e9rent de ses camarades&#8230; Un jour, un p\u00e9dopsychiatre lui parle du trouve du spectre de l&rsquo;autisme. Piqu\u00e9 par la curiosit\u00e9, le gar\u00e7on fait beaucoup de recherches pour comprendre ce que \u00e7a signifie et pour l&rsquo;expliquer \u00e0 sa famille et ses amis.<br \/>\nSi votre enfant a re\u00e7u un diagnostic d&rsquo;autisme, ce conte illustr\u00e9 vous permettra d&rsquo;aborder le sujet avec lui et votre entourage, d&rsquo;une fa\u00e7on simple et imag\u00e9e. Aidez-le aussi \u00e0 reconna\u00eetre ses particularit\u00e9s gr\u00e2ce \u00e0 la section \u00ab auto-observation \u00bb de ce petit livre sympathique et color\u00e9.<br \/>\nFaites le plein de trucs afin de surmonter diff\u00e9rentes difficult\u00e9s li\u00e9es \u00e0 l&rsquo;autisme. Vous verrez, votre quotidien, mais surtout celui de votre enfant, en b\u00e9n\u00e9ficiera.(Pr\u00e9sentation de l\u2019\u00e9diteur)<\/p>\n<p>BOUCHARD G.- BOUCHARD K.<\/p>\n<p>Editions de Mortagne<\/p>\n<p>2020-97p-11\u20ac<\/p>\n<p>190gr<\/p>\n<p>ISBN\u00a0: 978-2-89792-087-6<\/p>\n<p>Cote doc\u00a0: 11-BOU-A<\/p>\n<span class=\"et_bloom_bottom_trigger\"><\/span>","protected":false},"excerpt":{"rendered":"<p>Pourquoi j&rsquo;ai de la difficult\u00e9 \u00e0 me faire des amis ? Pourquoi je d\u00e9teste quand il y a trop de bruits autour de moi ? Pourquoi je suis souvent fatigu\u00e9 ? Pourquoi certaines personnes pensent que je suis sourd ou moins intelligent ?<\/p>\n","protected":false},"featured_media":1339,"comment_status":"open","ping_status":"closed","template":"","meta":{"_et_pb_use_builder":"","_et_pb_old_content":"","_et_gb_content_width":"","spay_email":""},"class_list":["post-1338","product","type-product","status-publish","has-post-thumbnail","hentry","product_cat-livres","product_tag-autisme","product_tag-diagnostic","product_tag-enfant","product_tag-integration-sociale","product_tag-parent","product_tag-personne-handicapee","product_tag-scolarite","product_tag-trouble-du-comportement"],"jetpack_sharing_enabled":true,"jetpack_likes_enabled":true,"_links":{"self":[{"href":"https:\/\/www.parthages.be\/eboutique\/wp-json\/wp\/v2\/product\/1338","targetHints":{"allow":["GET"]}}],"collection":[{"href":"https:\/\/www.parthages.be\/eboutique\/wp-json\/wp\/v2\/product"}],"about":[{"href":"https:\/\/www.parthages.be\/eboutique\/wp-json\/wp\/v2\/types\/product"}],"replies":[{"embeddable":true,"href":"https:\/\/www.parthages.be\/eboutique\/wp-json\/wp\/v2\/comments?post=1338"}],"wp:featuredmedia":[{"embeddable":true,"href":"https:\/\/www.parthages.be\/eboutique\/wp-json\/wp\/v2\/media\/1339"}],"wp:attachment":[{"href":"https:\/\/www.parthages.be\/eboutique\/wp-json\/wp\/v2\/media?parent=1338"}],"curies":[{"name":"wp","href":"https:\/\/api.w.org\/{rel}","templated":true}]}}

L’autisme raconté aux enfants

<p>Pourquoi j&rsquo;ai de la difficulté à me faire des amis ? Pourquoi je déteste quand il y a trop de bruits autour de moi ? Pourquoi je suis souvent fatigué ? Pourquoi certaines personnes pensent que je suis sourd ou moins intelligent ?<br />
Gabriel s&rsquo;est toujours senti très différent de ses camarades&#8230; Un jour, un pédopsychiatre lui parle du trouve du spectre de l&rsquo;autisme. Piqué par la curiosité, le garçon fait beaucoup de recherches pour comprendre ce que ça signifie et pour l&rsquo;expliquer à sa famille et ses amis.<br />
Si votre enfant a reçu un diagnostic d&rsquo;autisme, ce conte illustré vous permettra d&rsquo;aborder le sujet avec lui et votre entourage, d&rsquo;une façon simple et imagée. Aidez-le aussi à reconnaître ses particularités grâce à la section « auto-observation » de ce petit livre sympathique et coloré.<br />
Faites le plein de trucs afin de surmonter différentes difficultés liées à l&rsquo;autisme. Vous verrez, votre quotidien, mais surtout celui de votre enfant, en bénéficiera.(Présentation de l’éditeur)</p>
<p>BOUCHARD G.- BOUCHARD K.</p>
<p>Editions de Mortagne</p>
<p>2020-97p-11€</p>
<p>190gr</p>
<p>ISBN : 978-2-89792-087-6</p>
<p>Cote doc : 11-BOU-A</p>
<span class="et_bloom_bottom_trigger"></span>

<p>Pourquoi j&rsquo;ai de la difficulté à me faire des amis ? Pourquoi je déteste quand il y a trop de bruits autour de moi ? Pourquoi je suis souvent fatigué ? Pourquoi certaines personnes pensent que je suis sourd ou moins intelligent ?</p>
