{"id":1345,"date":"2021-06-30T09:41:10","date_gmt":"2021-06-30T07:41:10","guid":{"rendered":"https:\/\/www.parthages.be\/eboutique\/?post_type=product&#038;p=1345"},"modified":"2022-03-23T17:33:00","modified_gmt":"2022-03-23T16:33:00","slug":"rencontre-avec-letrangete-du-langage-psychanalyse-enfance-sourde-et-creation-artistique","status":"publish","type":"product","link":"https:\/\/www.parthages.be\/eboutique\/produit\/rencontre-avec-letrangete-du-langage-psychanalyse-enfance-sourde-et-creation-artistique\/","title":{"rendered":"Rencontre avec l\u2019\u00e9tranget\u00e9 du langage ; psychanalyse, enfance sourde et cr\u00e9ation artistique"},"content":{"rendered":"<p>Andr\u00e9 Meynard d\u00e9veloppe comment, bien au-del\u00e0 de la seule vocalisation, nous venons au monde gr\u00e2ce \u00e0 la rencontre avec un tissu langagier d\u00e9sirant, multimodal, qui nous pr\u00e9existe. Un tel tissu, avec ses divers brins sonores, gestuels, tactiles et visuels, oriente souvent \u00e9trangement le cours de notre vie.\u00a0 \u00c0 partir de quelques traces de son propre roman familial, il \u00e9voque ainsi les voies singuli\u00e8res qui ont rendu possible sa rencontre avec les Sourds, ceux donc qui parlent avec les mains et entendent avec les yeux.<\/p>\n<p>Prendre langue avec de tels sujets, trop vite qualifi\u00e9s de handicap\u00e9s de la parole, n\u2019est en effet pas si simple. \u00c0 l\u2019\u00e9preuve de cette rencontre qui d\u00e9range et met en tension nos rep\u00e8res coutumiers, l\u2019auteur s\u2019est notamment attach\u00e9 \u00e0 entendre ce que les enfants Sourds transmettent, \u00e0 travers ces langues gestuelles anim\u00e9es de ces lueurs du pulsionnel qui seules nous humanisent\u2026<\/p>\n<p>Dans ce travail r\u00e9f\u00e9renc\u00e9, il s\u2019appuie sur sa pratique analytique et sur de nombreuses \u0153uvres artistiques qui se r\u00e9v\u00e8lent attentives \u00e0 ces modalit\u00e9s gestuelles langagi\u00e8res d\u2019ordinaire si n\u00e9glig\u00e9es, pour montrer que nous pouvons \u00eatre enseign\u00e9s par l\u2019alt\u00e9rit\u00e9 et la dissemblance.\u00a0 (Pr\u00e9sentation de l&rsquo;\u00e9diteur)<\/p>\n<p>&nbsp;<\/p>\n<p>MEYNARD A.<\/p>\n<p>Editions Eres<\/p>\n<p>2021-216p- 25\u20ac<\/p>\n<p>316gr<\/p>\n<p>ISBN\u00a0: 978-2-7492-6896-5<\/p>\n<p>Cote doc\u00a0: 7-30-MEY-R<\/p>\n<span class=\"et_bloom_bottom_trigger\"><\/span>","protected":false},"excerpt":{"rendered":"<p>Andr\u00e9 Meynard d\u00e9veloppe comment, bien au-del\u00e0 de la seule vocalisation, nous venons au monde gr\u00e2ce \u00e0 la rencontre avec un tissu langagier d\u00e9sirant, multimodal, qui nous pr\u00e9existe.<\/p>\n","protected":false},"featured_media":1346,"comment_status":"open","ping_status":"closed","template":"","meta":{"_et_pb_use_builder":"","_et_pb_old_content":"","_et_gb_content_width":"","spay_email":""},"class_list":["post-1345","product","type-product","status-publish","has-post-thumbnail","hentry","product_cat-livres","product_tag-langage","product_tag-langue-des-signes","product_tag-psychanalyse","product_tag-surdite"],"jetpack_sharing_enabled":true,"jetpack_likes_enabled":true,"_links":{"self":[{"href":"https:\/\/www.parthages.be\/eboutique\/wp-json\/wp\/v2\/product\/1345","targetHints":{"allow":["GET"]}}],"collection":[{"href":"https:\/\/www.parthages.be\/eboutique\/wp-json\/wp\/v2\/product"}],"about":[{"href":"https:\/\/www.parthages.be\/eboutique\/wp-json\/wp\/v2\/types\/product"}],"replies":[{"embeddable":true,"href":"https:\/\/www.parthages.be\/eboutique\/wp-json\/wp\/v2\/comments?post=1345"}],"wp:featuredmedia":[{"embeddable":true,"href":"https:\/\/www.parthages.be\/eboutique\/wp-json\/wp\/v2\/media\/1346"}],"wp:attachment":[{"href":"https:\/\/www.parthages.be\/eboutique\/wp-json\/wp\/v2\/media?parent=1345"}],"curies":[{"name":"wp","href":"https:\/\/api.w.org\/{rel}","templated":true}]}}

Rencontre avec l’étrangeté du langage ; psychanalyse, enfance sourde et création artistique

<p>André Meynard développe comment, bien au-delà de la seule vocalisation, nous venons au monde grâce à la rencontre avec un tissu langagier désirant, multimodal, qui nous préexiste. Un tel tissu, avec ses divers brins sonores, gestuels, tactiles et visuels, oriente souvent étrangement le cours de notre vie.  À partir de quelques traces de son propre roman familial, il évoque ainsi les voies singulières qui ont rendu possible sa rencontre avec les Sourds, ceux donc qui parlent avec les mains et entendent avec les yeux.</p>
<p>Prendre langue avec de tels sujets, trop vite qualifiés de handicapés de la parole, n’est en effet pas si simple. À l’épreuve de cette rencontre qui dérange et met en tension nos repères coutumiers, l’auteur s’est notamment attaché à entendre ce que les enfants Sourds transmettent, à travers ces langues gestuelles animées de ces lueurs du pulsionnel qui seules nous humanisent…</p>
<p>Dans ce travail référencé, il s’appuie sur sa pratique analytique et sur de nombreuses œuvres artistiques qui se révèlent attentives à ces modalités gestuelles langagières d’ordinaire si négligées, pour montrer que nous pouvons être enseignés par l’altérité et la dissemblance.  (Présentation de l&rsquo;éditeur)</p>
<p>&nbsp;</p>
<p>MEYNARD A.</p>
<p>Editions Eres</p>
<p>2021-216p- 25€</p>
<p>316gr</p>
<p>ISBN : 978-2-7492-6896-5</p>
<p>Cote doc : 7-30-MEY-R</p>
<span class="et_bloom_bottom_trigger"></span>

<p>André Meynard développe comment, bien au-delà de la seule vocalisation, nous venons au monde grâce à la rencontre avec un tissu langagier désirant, multimodal, qui nous préexiste.</p>
