{"id":1384,"date":"2021-07-23T13:16:55","date_gmt":"2021-07-23T11:16:55","guid":{"rendered":"https:\/\/www.parthages.be\/eboutique\/?post_type=product&#038;p=1384"},"modified":"2022-03-23T17:33:18","modified_gmt":"2022-03-23T16:33:18","slug":"reveiller-les-forces-vives-laccompagnement-de-jeunes-et-dadultes-handicapes-ou-en-difficulte","status":"publish","type":"product","link":"https:\/\/www.parthages.be\/eboutique\/produit\/reveiller-les-forces-vives-laccompagnement-de-jeunes-et-dadultes-handicapes-ou-en-difficulte\/","title":{"rendered":"R\u00e9veiller les forces vives : l&rsquo;accompagnement de jeunes et d&rsquo;adultes handicap\u00e9s ou en difficult\u00e9"},"content":{"rendered":"<p>\u00ab\u00a0Parmi nous, des enfants, des adolescents et des adultes luttent jour apr\u00e8s jour afin de surmonter les cons\u00e9quences d&rsquo;un handicap ou d&rsquo;une difficult\u00e9 affective et sociale. Beaucoup s\u00e9journent, plus ou moins longtemps, au sein d&rsquo;une institution sp\u00e9cialis\u00e9e. Cet ouvrage s&rsquo;adresse \u00e0 toute personne d\u00e9sireuse de mieux conna\u00eetre ces jeunes, ces hommes et ces femmes : leur vie, leurs possibilit\u00e9s de croissance et de d\u00e9veloppement humain, leur place dans la soci\u00e9t\u00e9. Centr\u00e9 sur l&rsquo;agir quotidien, il est particuli\u00e8rement destin\u00e9 \u00e0 celles et \u00e0 ceux qui accompagnent les personnes handicap\u00e9es ou en difficult\u00e9 et partagent leur existence : parents, amis directeurs, \u00e9ducateurs, assistants sociaux, soignants, th\u00e9rapeutes, animateurs, enseignants, personnel administratif ou d&rsquo;encadrement. Dans un monde de pluraliste o\u00f9 tant de croyances et d&rsquo;id\u00e9ologies se c\u00f4toient, nous estimons qu&rsquo;il est urgent et n\u00e9cessaire de chercher des convergences sur l&rsquo;essentiel, \u00e0 savoir l&rsquo;homme et les valeurs humaines, que l&rsquo;on soit ou non religieux, membre d&rsquo;une Eglise, partisan de telle ou telle philosophie, m\u00eame si la dynamique chr\u00e9tienne retient davantage notre attention. La vie avec ces personnes constitue \u00e0 nos yeux un territoire humain privil\u00e9gi\u00e9 : on y est constamment ramen\u00e9 aux questions fondamentales.\u00a0\u00bb (Pr\u00e9sentation de l&rsquo;\u00e9diteur)<\/p>\n<p>DAVIN J.- SALAMOLARD M.<\/p>\n<p>Cerf\/Saint-Augustin<\/p>\n<p>1997-274p<\/p>\n<p>ISBN: 2-204-05899-8<\/p>\n<p><strong><em>Uniquement \u00e0 la location<\/em><\/strong><\/p>\n<p>Cote doc: 10-10-DAV-R<\/p>\n<span class=\"et_bloom_bottom_trigger\"><\/span>","protected":false},"excerpt":{"rendered":"<p>\u00ab\u00a0Parmi nous, des enfants, des adolescents et des adultes luttent jour apr\u00e8s jour afin de surmonter les cons\u00e9quences d&rsquo;un handicap ou d&rsquo;une difficult\u00e9 affective et sociale. Beaucoup s\u00e9journent, plus ou moins longtemps, au sein d&rsquo;une institution sp\u00e9cialis\u00e9e. Cet ouvrage s&rsquo;adresse \u00e0 toute personne d\u00e9sireuse de mieux conna\u00eetre ces jeunes, ces hommes et ces femmes : [&hellip;]<\/p>\n","protected":false},"featured_media":1385,"comment_status":"closed","ping_status":"closed","template":"","meta":{"_et_pb_use_builder":"","_et_pb_old_content":"","_et_gb_content_width":"","spay_email":""},"class_list":["post-1384","product","type-product","status-publish","has-post-thumbnail","hentry","product_cat-livres","product_tag-accompagnement","product_tag-adulte","product_tag-affectivite","product_tag-chomage","product_tag-croyance","product_tag-deficience-intellectuelle","product_tag-deviance","product_tag-ethique","product_tag-exclusion","product_tag-homme","product_tag-humanisation","product_tag-ideologie","product_tag-inter-venant","product_tag-jeune","product_tag-organisation","product_tag-parent","product_tag-personne-handicapee","product_tag-philosophie","product_tag-psychologie","product_tag-relation","product_tag-spiritualite","product_tag-temoignage","product_tag-travail-social","product_tag-valeur-morale","product_tag-vieillis-sement"],"jetpack_sharing_enabled":true,"jetpack_likes_enabled":true,"_links":{"self":[{"href":"https:\/\/www.parthages.be\/eboutique\/wp-json\/wp\/v2\/product\/1384","targetHints":{"allow":["GET"]}}],"collection":[{"href":"https:\/\/www.parthages.be\/eboutique\/wp-json\/wp\/v2\/product"}],"about":[{"href":"https:\/\/www.parthages.be\/eboutique\/wp-json\/wp\/v2\/types\/product"}],"replies":[{"embeddable":true,"href":"https:\/\/www.parthages.be\/eboutique\/wp-json\/wp\/v2\/comments?post=1384"}],"wp:featuredmedia":[{"embeddable":true,"href":"https:\/\/www.parthages.be\/eboutique\/wp-json\/wp\/v2\/media\/1385"}],"wp:attachment":[{"href":"https:\/\/www.parthages.be\/eboutique\/wp-json\/wp\/v2\/media?parent=1384"}],"curies":[{"name":"wp","href":"https:\/\/api.w.org\/{rel}","templated":true}]}}

Réveiller les forces vives : l&rsquo;accompagnement de jeunes et d&rsquo;adultes handicapés ou en difficulté

<p>« Parmi nous, des enfants, des adolescents et des adultes luttent jour après jour afin de surmonter les conséquences d&rsquo;un handicap ou d&rsquo;une difficulté affective et sociale. Beaucoup séjournent, plus ou moins longtemps, au sein d&rsquo;une institution spécialisée. Cet ouvrage s&rsquo;adresse à toute personne désireuse de mieux connaître ces jeunes, ces hommes et ces femmes : leur vie, leurs possibilités de croissance et de développement humain, leur place dans la société. Centré sur l&rsquo;agir quotidien, il est particulièrement destiné à celles et à ceux qui accompagnent les personnes handicapées ou en difficulté et partagent leur existence : parents, amis directeurs, éducateurs, assistants sociaux, soignants, thérapeutes, animateurs, enseignants, personnel administratif ou d&rsquo;encadrement. Dans un monde de pluraliste où tant de croyances et d&rsquo;idéologies se côtoient, nous estimons qu&rsquo;il est urgent et nécessaire de chercher des convergences sur l&rsquo;essentiel, à savoir l&rsquo;homme et les valeurs humaines, que l&rsquo;on soit ou non religieux, membre d&rsquo;une Eglise, partisan de telle ou telle philosophie, même si la dynamique chrétienne retient davantage notre attention. La vie avec ces personnes constitue à nos yeux un territoire humain privilégié : on y est constamment ramené aux questions fondamentales. » (Présentation de l&rsquo;éditeur)</p>
<p>DAVIN J.- SALAMOLARD M.</p>
<p>Cerf/Saint-Augustin</p>
<p>1997-274p</p>
<p>ISBN: 2-204-05899-8</p>
<p><strong><em>Uniquement à la location</em></strong></p>
<p>Cote doc: 10-10-DAV-R</p>
<span class="et_bloom_bottom_trigger"></span>

<p>« Parmi nous, des enfants, des adolescents et des adultes luttent jour après jour afin de surmonter les conséquences d&rsquo;un handicap ou d&rsquo;une difficulté affective et sociale. Beaucoup séjournent, plus ou moins longtemps, au sein d&rsquo;une institution spécialisée. Cet ouvrage s&rsquo;adresse à toute personne désireuse de mieux connaître ces jeunes, ces hommes et ces femmes : [&hellip;]</p>
