{"id":1389,"date":"2021-07-23T13:27:39","date_gmt":"2021-07-23T11:27:39","guid":{"rendered":"https:\/\/www.parthages.be\/eboutique\/?post_type=product&#038;p=1389"},"modified":"2021-07-23T13:28:44","modified_gmt":"2021-07-23T11:28:44","slug":"handicap-incapacite-dependance","status":"publish","type":"product","link":"https:\/\/www.parthages.be\/eboutique\/produit\/handicap-incapacite-dependance\/","title":{"rendered":"Handicap Incapacit\u00e9 D\u00e9pendance"},"content":{"rendered":"<p>Ce livre &#8211; fruit du travail collectif de professeurs et praticiens &#8211; d\u00e9veloppe la globalit\u00e9 de la probl\u00e9matiques du handicap. Il comporte des cas cliniques comment\u00e9s ainsi que des annexes relatives \u00e0 l&rsquo;organisation et au r\u00f4le des associations. Cet ouvrage s&rsquo;adresse tout particuli\u00e8rement aux \u00e9tudiants en DCEM qui souhaitent disposer d&rsquo;un outil efficace d&rsquo;apprentissage et d&rsquo;entra\u00eenement au concours. Il pourra int\u00e9resser \u00e9galement les m\u00e9decins g\u00e9n\u00e9ralistes ainsi que toutes les personnes des professions de sant\u00e9 confront\u00e9es \u00e0 des situations de handicap. (Pr\u00e9sentation de l&rsquo;\u00e9diteur)<\/p>\n<p>ANTOINE J.M.- CZERNICHOW P.- HOUSSET B.- VARET B.<\/p>\n<p>Masson<\/p>\n<p>2002-128p<\/p>\n<p>ISBN\u00a02-294-01001-9<\/p>\n<p><strong><em>Uniquement \u00e0 la location<\/em><\/strong><\/p>\n<p>Cote doc\u00a0: 10-10-CNG<\/p>\n<span class=\"et_bloom_bottom_trigger\"><\/span>","protected":false},"excerpt":{"rendered":"<p>Ce livre &#8211; fruit du travail collectif de professeurs et praticiens &#8211; d\u00e9veloppe la globalit\u00e9 de la probl\u00e9matiques du handicap.<\/p>\n","protected":false},"featured_media":1390,"comment_status":"closed","ping_status":"closed","template":"","meta":{"_et_pb_use_builder":"","_et_pb_old_content":"","_et_gb_content_width":"","spay_email":""},"class_list":["post-1389","product","type-product","status-publish","has-post-thumbnail","hentry","product_cat-livres","product_tag-apprentissage","product_tag-associa-tion","product_tag-competence","product_tag-dependance","product_tag-efficacite","product_tag-etude","product_tag-etudiant","product_tag-evaluation","product_tag-evo-lution","product_tag-handicap","product_tag-incapacite","product_tag-individuation","product_tag-medecine","product_tag-methode","product_tag-objectif-pedagogique","product_tag-organisation","product_tag-outil","product_tag-personne-handicapee","product_tag-pratique","product_tag-prise-en-charge","product_tag-projet","product_tag-readaptation","product_tag-relation-famille-soignant","product_tag-role","product_tag-temoignage-historique","product_tag-travail-en-equipe","product_tag-travail-social"],"jetpack_sharing_enabled":true,"jetpack_likes_enabled":true,"_links":{"self":[{"href":"https:\/\/www.parthages.be\/eboutique\/wp-json\/wp\/v2\/product\/1389","targetHints":{"allow":["GET"]}}],"collection":[{"href":"https:\/\/www.parthages.be\/eboutique\/wp-json\/wp\/v2\/product"}],"about":[{"href":"https:\/\/www.parthages.be\/eboutique\/wp-json\/wp\/v2\/types\/product"}],"replies":[{"embeddable":true,"href":"https:\/\/www.parthages.be\/eboutique\/wp-json\/wp\/v2\/comments?post=1389"}],"wp:featuredmedia":[{"embeddable":true,"href":"https:\/\/www.parthages.be\/eboutique\/wp-json\/wp\/v2\/media\/1390"}],"wp:attachment":[{"href":"https:\/\/www.parthages.be\/eboutique\/wp-json\/wp\/v2\/media?parent=1389"}],"curies":[{"name":"wp","href":"https:\/\/api.w.org\/{rel}","templated":true}]}}

Handicap Incapacité Dépendance

<p>Ce livre &#8211; fruit du travail collectif de professeurs et praticiens &#8211; développe la globalité de la problématiques du handicap. Il comporte des cas cliniques commentés ainsi que des annexes relatives à l&rsquo;organisation et au rôle des associations. Cet ouvrage s&rsquo;adresse tout particulièrement aux étudiants en DCEM qui souhaitent disposer d&rsquo;un outil efficace d&rsquo;apprentissage et d&rsquo;entraînement au concours. Il pourra intéresser également les médecins généralistes ainsi que toutes les personnes des professions de santé confrontées à des situations de handicap. (Présentation de l&rsquo;éditeur)</p>
<p>ANTOINE J.M.- CZERNICHOW P.- HOUSSET B.- VARET B.</p>
<p>Masson</p>
<p>2002-128p</p>
<p>ISBN 2-294-01001-9</p>
<p><strong><em>Uniquement à la location</em></strong></p>
<p>Cote doc : 10-10-CNG</p>
<span class="et_bloom_bottom_trigger"></span>

<p>Ce livre &#8211; fruit du travail collectif de professeurs et praticiens &#8211; développe la globalité de la problématiques du handicap.</p>
