{"id":1396,"date":"2021-07-23T13:33:03","date_gmt":"2021-07-23T11:33:03","guid":{"rendered":"https:\/\/www.parthages.be\/eboutique\/?post_type=product&#038;p=1396"},"modified":"2021-07-23T13:33:03","modified_gmt":"2021-07-23T11:33:03","slug":"le-vieillissement-cognitif-normal-maintenir-lautonomie-de-la-personne-agee","status":"publish","type":"product","link":"https:\/\/www.parthages.be\/eboutique\/produit\/le-vieillissement-cognitif-normal-maintenir-lautonomie-de-la-personne-agee\/","title":{"rendered":"Le vieillissement cognitif normal : Maintenir l\u2019autonomie de la personne \u00e2g\u00e9e"},"content":{"rendered":"<p>Le vieillissement cognitif normal pr\u00e9sente les travaux scientifiques les plus r\u00e9cents issus des principaux laboratoires de France, Belgique, Suisse et Canada, sp\u00e9cialis\u00e9s dans l\u2019\u00e9tude des effets de l\u2019\u00e2ge sur la cognition humaine.<\/p>\n<p>Ses contributeurs, tous experts francophones du vieillissement cognitif normal, sont \u00e0 l\u2019origine de nombreux travaux exp\u00e9rimentaux reconnus au niveau national et international.<\/p>\n<p>L\u2019originalit\u00e9 de cet ouvrage tient d\u2019une part \u00e0 la diversit\u00e9 des processus cognitifs \u00e9tudi\u00e9s, \u00e9largissant ainsi le champ traditionnel des \u00e9tudes sur le vieillissement cognitif, et d\u2019autre part \u00e0 ce qu\u2019il fournit des arguments scientifiques pour une vision non d\u00e9l\u00e9t\u00e8re du vieillissement. L\u2019ensemble des recherches pr\u00e9sent\u00e9es s\u2019accordent sur le fait que, dans certaines conditions environnementales, des potentialit\u00e9s cognitives demeurent pr\u00e9serv\u00e9es malgr\u00e9 l\u2019avanc\u00e9e en \u00e2ge.<\/p>\n<p>Le vieillissement cognitif normal contribue \u00e0 une vision optimiste du bien vieillir. Les donn\u00e9es scientifiques avanc\u00e9es devraient permettre d\u2019\u00e9tayer les r\u00e9flexions pour que la prise en charge des personnes vieillissantes facilite et favorise le maintien de leur autonomie et de leur qualit\u00e9 de vie. Gageons qu\u2019elles contribueront \u00e0 ce que l\u2019am\u00e9nagement de l\u2019espace et du territoire soit pens\u00e9 pour que les personnes \u00e2g\u00e9es y aient toute leur place.<\/p>\n<p>(Pr\u00e9sentation de l&rsquo;\u00e9diteur)<\/p>\n<p>BROUILLET D.<\/p>\n<p>Editions De Boeck Universit\u00e9<\/p>\n<p>2011-272 p.-42\u20ac<\/p>\n<p>484gr<\/p>\n<p>ISBN\u00a0 : 978-2-8041-6279-5<br \/>\nCote doc\u00a0:\u00a010-10-BRO-L<\/p>\n<span class=\"et_bloom_bottom_trigger\"><\/span>","protected":false},"excerpt":{"rendered":"<p>Le vieillissement cognitif normal pr\u00e9sente les travaux scientifiques les plus r\u00e9cents issus des principaux laboratoires de France, Belgique, Suisse et Canada, sp\u00e9cialis\u00e9s dans l\u2019\u00e9tude des effets de l\u2019\u00e2ge sur la cognition humaine.<\/p>\n","protected":false},"featured_media":1397,"comment_status":"closed","ping_status":"closed","template":"","meta":{"_et_pb_use_builder":"","_et_pb_old_content":"","_et_gb_content_width":"","spay_email":""},"class_list":["post-1396","product","type-product","status-publish","has-post-thumbnail","hentry","product_cat-livres","product_tag-autonomie","product_tag-cognition","product_tag-memoire","product_tag-neuroscience","product_tag-outil-dinformation-2","product_tag-pedagogie","product_tag-personne-agee","product_tag-proces-sus","product_tag-strategie","product_tag-vieillissement"],"jetpack_sharing_enabled":true,"jetpack_likes_enabled":true,"_links":{"self":[{"href":"https:\/\/www.parthages.be\/eboutique\/wp-json\/wp\/v2\/product\/1396","targetHints":{"allow":["GET"]}}],"collection":[{"href":"https:\/\/www.parthages.be\/eboutique\/wp-json\/wp\/v2\/product"}],"about":[{"href":"https:\/\/www.parthages.be\/eboutique\/wp-json\/wp\/v2\/types\/product"}],"replies":[{"embeddable":true,"href":"https:\/\/www.parthages.be\/eboutique\/wp-json\/wp\/v2\/comments?post=1396"}],"wp:featuredmedia":[{"embeddable":true,"href":"https:\/\/www.parthages.be\/eboutique\/wp-json\/wp\/v2\/media\/1397"}],"wp:attachment":[{"href":"https:\/\/www.parthages.be\/eboutique\/wp-json\/wp\/v2\/media?parent=1396"}],"curies":[{"name":"wp","href":"https:\/\/api.w.org\/{rel}","templated":true}]}}

Le vieillissement cognitif normal : Maintenir l’autonomie de la personne âgée

<p>Le vieillissement cognitif normal présente les travaux scientifiques les plus récents issus des principaux laboratoires de France, Belgique, Suisse et Canada, spécialisés dans l’étude des effets de l’âge sur la cognition humaine.</p>
<p>Ses contributeurs, tous experts francophones du vieillissement cognitif normal, sont à l’origine de nombreux travaux expérimentaux reconnus au niveau national et international.</p>
<p>L’originalité de cet ouvrage tient d’une part à la diversité des processus cognitifs étudiés, élargissant ainsi le champ traditionnel des études sur le vieillissement cognitif, et d’autre part à ce qu’il fournit des arguments scientifiques pour une vision non délétère du vieillissement. L’ensemble des recherches présentées s’accordent sur le fait que, dans certaines conditions environnementales, des potentialités cognitives demeurent préservées malgré l’avancée en âge.</p>
<p>Le vieillissement cognitif normal contribue à une vision optimiste du bien vieillir. Les données scientifiques avancées devraient permettre d’étayer les réflexions pour que la prise en charge des personnes vieillissantes facilite et favorise le maintien de leur autonomie et de leur qualité de vie. Gageons qu’elles contribueront à ce que l’aménagement de l’espace et du territoire soit pensé pour que les personnes âgées y aient toute leur place.</p>
<p>(Présentation de l&rsquo;éditeur)</p>
<p>BROUILLET D.</p>
<p>Editions De Boeck Université</p>
<p>2011-272 p.-42€</p>
<p>484gr</p>
<p>ISBN  : 978-2-8041-6279-5<br />
Cote doc : 10-10-BRO-L</p>
<span class="et_bloom_bottom_trigger"></span>

<p>Le vieillissement cognitif normal présente les travaux scientifiques les plus récents issus des principaux laboratoires de France, Belgique, Suisse et Canada, spécialisés dans l’étude des effets de l’âge sur la cognition humaine.</p>
