{"id":1411,"date":"2021-07-23T13:42:32","date_gmt":"2021-07-23T11:42:32","guid":{"rendered":"https:\/\/www.parthages.be\/eboutique\/?post_type=product&#038;p=1411"},"modified":"2021-07-30T08:54:33","modified_gmt":"2021-07-30T06:54:33","slug":"inclusion-scolaire-2","status":"publish","type":"product","link":"https:\/\/www.parthages.be\/eboutique\/produit\/inclusion-scolaire-2\/","title":{"rendered":"Inclusion scolaire"},"content":{"rendered":"<p>Bien que l\u2019inclusion des \u00e9l\u00e8ves \u00e0 besoins sp\u00e9cifiques tende \u00e0 se g\u00e9n\u00e9raliser dans nos \u00e9coles, elle suscite encore de nombreux questionnements allant de la l\u00e9gitimit\u00e9 m\u00eame aux pratiques concr\u00e8tes pour r\u00e9aliser et la r\u00e9ussir.<\/p>\n<p>Cet ouvrage expose les diff\u00e9rentes p\u00e9riodes et fondements du passage de dispositifs d\u2019enseignement sp\u00e9cialis\u00e9 s\u00e9gr\u00e9gatifs vers d\u2019autres, plus inclusifs.<\/p>\n<p>Les diff\u00e9rents dispositifs et pratiques p\u00e9dagogiques favorables \u00e0 l\u2019inclusion des \u00e9l\u00e8ves \u00e0 besoins sp\u00e9cifiques y sont d\u00e9taill\u00e9s et interrog\u00e9s de mani\u00e8re critique tout comme leurs assises et les concepts qui les sous-tendent. Il constitue, d\u2019une part, une synth\u00e8se des connaissances et perspectives du champ de recherche sur l\u2019inclusion scolaire et d\u2019autre part, une pr\u00e9sentation d\u2019une p\u00e9dagogie dite inclusive propice \u00e0 l\u2019op\u00e9rationnalisation du concept.<\/p>\n<p>Son contenu int\u00e9ressera les enseignants qui s\u2019interrogent sur leurs pratiques, mais \u00e9galement l\u2019ensemble des p\u00e9dagogues et des \u00e9tudiants en Sciences de l\u2019\u00c9ducation, ainsi qu\u2019\u00e0 leurs formateurs. Il constitue un outil indispensable pour les \u00e9tudiants et professionnels du champ.5Pr2sentation de l\u2019\u00e9diteur)<\/p>\n<p>TREMBLAY P.<\/p>\n<p>Editions De Boeck Universit\u00e9<\/p>\n<p>2012-112p-18\u20ac<\/p>\n<p>160gr<\/p>\n<p>ISBN\u00a0: 978-2-8041-7039-4<\/p>\n<p>Cote doc\u00a0: 4-50-TRE-S<\/p>\n<span class=\"et_bloom_bottom_trigger\"><\/span>","protected":false},"excerpt":{"rendered":"<p>Bien que l\u2019inclusion des \u00e9l\u00e8ves \u00e0 besoins sp\u00e9cifiques tende \u00e0 se g\u00e9n\u00e9raliser dans nos \u00e9coles, elle suscite encore de nombreux questionnements allant de la l\u00e9gitimit\u00e9 m\u00eame aux pratiques concr\u00e8tes pour r\u00e9aliser et la r\u00e9ussir.<\/p>\n","protected":false},"featured_media":1442,"comment_status":"closed","ping_status":"closed","template":"","meta":{"_et_pb_use_builder":"","_et_pb_old_content":"","_et_gb_content_width":"","spay_email":""},"class_list":["post-1411","product","type-product","status-publish","has-post-thumbnail","hentry","product_cat-livres","product_tag-dispositif-dinsertion","product_tag-enfant-handicape","product_tag-inclusion","product_tag-integration-scolaire","product_tag-pedagogie","product_tag-scolarisation"],"jetpack_sharing_enabled":true,"jetpack_likes_enabled":true,"_links":{"self":[{"href":"https:\/\/www.parthages.be\/eboutique\/wp-json\/wp\/v2\/product\/1411","targetHints":{"allow":["GET"]}}],"collection":[{"href":"https:\/\/www.parthages.be\/eboutique\/wp-json\/wp\/v2\/product"}],"about":[{"href":"https:\/\/www.parthages.be\/eboutique\/wp-json\/wp\/v2\/types\/product"}],"replies":[{"embeddable":true,"href":"https:\/\/www.parthages.be\/eboutique\/wp-json\/wp\/v2\/comments?post=1411"}],"wp:featuredmedia":[{"embeddable":true,"href":"https:\/\/www.parthages.be\/eboutique\/wp-json\/wp\/v2\/media\/1442"}],"wp:attachment":[{"href":"https:\/\/www.parthages.be\/eboutique\/wp-json\/wp\/v2\/media?parent=1411"}],"curies":[{"name":"wp","href":"https:\/\/api.w.org\/{rel}","templated":true}]}}