{"id":1413,"date":"2021-07-28T12:14:26","date_gmt":"2021-07-28T10:14:26","guid":{"rendered":"https:\/\/www.parthages.be\/eboutique\/?post_type=product&#038;p=1413"},"modified":"2021-07-28T12:14:39","modified_gmt":"2021-07-28T10:14:39","slug":"evaluer-les-besoins-des-personnes-en-action-sociale-enjeux-methodologie-outils","status":"publish","type":"product","link":"https:\/\/www.parthages.be\/eboutique\/produit\/evaluer-les-besoins-des-personnes-en-action-sociale-enjeux-methodologie-outils\/","title":{"rendered":"Evaluer les besoins des personnes en action sociale: enjeux m\u00e9thodologie outils"},"content":{"rendered":"<p>Comment prendre en compte l&rsquo;ensemble des dimensions de vie qui participent au bien-\u00eatre social des personnes ? Comment aujourd&rsquo;hui ne pas ou ne plus r\u00e9duire les individus \u00e0 leurs difficult\u00e9s, leurs probl\u00e8mes de sant\u00e9 ou leurs handicaps ? Comment faire partager, \u00e1 des professionnels appartenant \u00e1 des disciplines diff\u00e9rentes, les informations utiles \u00e1 la d\u00e9finition de projets de vie (projet individuel, plan individualis\u00e9) ? Sur quelles observations doivent reposer les sch\u00e9mas d&rsquo;action sociale ?<\/p>\n<p>Cet ouvrage fait part des travaux les plus r\u00e9cents en France concernant les modes d&rsquo;\u00e9valuation des situations de vie, des attentes et des besoins des personnes. II donne tr\u00e8s concr\u00e8tement une m\u00e9thode et des outils aux professionnels et d\u00e9cideurs pour \u00e9valuer les besoins des personnes en situation de handicap (par rapport aux activit\u00e9s quotidiennes, \u00e1 l&#8217;emploi, aux loisirs, etc.) aupr\u00e8s desquelles ils interviennent. Trois exemples de grille d&rsquo;observation partag\u00e9e, co-construites avec les acteurs de terrain, dans le secteur de l&rsquo;enfance handicap\u00e9e, de l&rsquo;insertion sociale et de la sant\u00e9 mentale, viennent notamment illustrer cette d\u00e9marche d&rsquo;observation.<\/p>\n<p>Enfin, ce livre propose une lecture critique de la nouvelle classification internationale du handicap (CIF) et ses applications possibles dans les diff\u00e9rents travaux d&rsquo;\u00e9valuation. Les auteurs ont en particulier construit, \u00e0 partir de la CIF, une \u00e9chelle globale d&rsquo;\u00e9valuation de l&rsquo;autonomie (EGEA), pouvant constituer une base commune d&rsquo;\u00e9valuation des besoins et \u00eatre compl\u00e9t\u00e9e par des modules adapt\u00e9s aux sp\u00e9cificit\u00e9s de chaque population. (Pr\u00e9sentation de l&rsquo;\u00e9diteur)<\/p>\n<p>&nbsp;<\/p>\n<p>BARREYRE J.Y.- PEINTRE C.<\/p>\n<p>Dunod<\/p>\n<p>2004-208p-27\u20ac<\/p>\n<p>317gr<\/p>\n<p>ISBN: 2 10 048410 9<\/p>\n<p>Cote doc: 10-10-BAR-E<\/p>\n<span class=\"et_bloom_bottom_trigger\"><\/span>","protected":false},"excerpt":{"rendered":"<p>Comment prendre en compte l&rsquo;ensemble des dimensions de vie qui participent au bien-\u00eatre social des personnes ? Comment aujourd&rsquo;hui ne pas ou ne plus r\u00e9duire les individus \u00e0 leurs difficult\u00e9s, leurs probl\u00e8mes de sant\u00e9 ou leurs handicaps ?<\/p>\n","protected":false},"featured_media":1415,"comment_status":"closed","ping_status":"closed","template":"","meta":{"_et_pb_use_builder":"","_et_pb_old_content":"","_et_gb_content_width":"","spay_email":""},"class_list":["post-1413","product","type-product","status-publish","has-post-thumbnail","hentry","product_cat-livres","product_tag-action-sociale","product_tag-adulte","product_tag-autonomie","product_tag-besoin","product_tag-connaissance","product_tag-deficience-intellectuelle","product_tag-echelle","product_tag-enfant","product_tag-enjeux","product_tag-estimation","product_tag-evaluation","product_tag-handicap","product_tag-methodologie","product_tag-outil","product_tag-psychopathologie","product_tag-representation-sociale","product_tag-travail-social","product_tag-vie-en-societe"],"jetpack_sharing_enabled":true,"jetpack_likes_enabled":true,"_links":{"self":[{"href":"https:\/\/www.parthages.be\/eboutique\/wp-json\/wp\/v2\/product\/1413","targetHints":{"allow":["GET"]}}],"collection":[{"href":"https:\/\/www.parthages.be\/eboutique\/wp-json\/wp\/v2\/product"}],"about":[{"href":"https:\/\/www.parthages.be\/eboutique\/wp-json\/wp\/v2\/types\/product"}],"replies":[{"embeddable":true,"href":"https:\/\/www.parthages.be\/eboutique\/wp-json\/wp\/v2\/comments?post=1413"}],"wp:featuredmedia":[{"embeddable":true,"href":"https:\/\/www.parthages.be\/eboutique\/wp-json\/wp\/v2\/media\/1415"}],"wp:attachment":[{"href":"https:\/\/www.parthages.be\/eboutique\/wp-json\/wp\/v2\/media?parent=1413"}],"curies":[{"name":"wp","href":"https:\/\/api.w.org\/{rel}","templated":true}]}}

Evaluer les besoins des personnes en action sociale: enjeux méthodologie outils

<p>Comment prendre en compte l&rsquo;ensemble des dimensions de vie qui participent au bien-être social des personnes ? Comment aujourd&rsquo;hui ne pas ou ne plus réduire les individus à leurs difficultés, leurs problèmes de santé ou leurs handicaps ? Comment faire partager, á des professionnels appartenant á des disciplines différentes, les informations utiles á la définition de projets de vie (projet individuel, plan individualisé) ? Sur quelles observations doivent reposer les schémas d&rsquo;action sociale ?</p>
<p>Cet ouvrage fait part des travaux les plus récents en France concernant les modes d&rsquo;évaluation des situations de vie, des attentes et des besoins des personnes. II donne très concrètement une méthode et des outils aux professionnels et décideurs pour évaluer les besoins des personnes en situation de handicap (par rapport aux activités quotidiennes, á l&#8217;emploi, aux loisirs, etc.) auprès desquelles ils interviennent. Trois exemples de grille d&rsquo;observation partagée, co-construites avec les acteurs de terrain, dans le secteur de l&rsquo;enfance handicapée, de l&rsquo;insertion sociale et de la santé mentale, viennent notamment illustrer cette démarche d&rsquo;observation.</p>
<p>Enfin, ce livre propose une lecture critique de la nouvelle classification internationale du handicap (CIF) et ses applications possibles dans les différents travaux d&rsquo;évaluation. Les auteurs ont en particulier construit, à partir de la CIF, une échelle globale d&rsquo;évaluation de l&rsquo;autonomie (EGEA), pouvant constituer une base commune d&rsquo;évaluation des besoins et être complétée par des modules adaptés aux spécificités de chaque population. (Présentation de l&rsquo;éditeur)</p>
<p>&nbsp;</p>
<p>BARREYRE J.Y.- PEINTRE C.</p>
<p>Dunod</p>
<p>2004-208p-27€</p>
<p>317gr</p>
<p>ISBN: 2 10 048410 9</p>
<p>Cote doc: 10-10-BAR-E</p>
<span class="et_bloom_bottom_trigger"></span>

<p>Comment prendre en compte l&rsquo;ensemble des dimensions de vie qui participent au bien-être social des personnes ? Comment aujourd&rsquo;hui ne pas ou ne plus réduire les individus à leurs difficultés, leurs problèmes de santé ou leurs handicaps ?</p>
