{"id":1417,"date":"2021-07-28T12:15:50","date_gmt":"2021-07-28T10:15:50","guid":{"rendered":"https:\/\/www.parthages.be\/eboutique\/?post_type=product&#038;p=1417"},"modified":"2021-07-28T12:15:51","modified_gmt":"2021-07-28T10:15:51","slug":"uf4-vie-collective","status":"publish","type":"product","link":"https:\/\/www.parthages.be\/eboutique\/produit\/uf4-vie-collective\/","title":{"rendered":"UF4 Vie collective"},"content":{"rendered":"<p>Cet ouvrage a \u00e9t\u00e9 con\u00e7u pour les \u00e9tudiants \u00e9ducateurs sp\u00e9cialis\u00e9s et, plus g\u00e9n\u00e9ralement, pour les \u00e9tudiants en travail social. II permet de pr\u00e9parer l&rsquo;une des sept unit\u00e9s de formation du DEES (dipl\u00f4me d&rsquo;\u00c9tat d&rsquo;\u00e9ducateur sp\u00e9cialis\u00e9).<\/p>\n<p>II est organis\u00e9 en trois parties<\/p>\n<p>&#8211; les cours th\u00e9oriques : l&rsquo;institution, la sociologie des organisations, le groupe en psychologie sociale, le leadership, les ph\u00e9nom\u00e8nes d&rsquo;influence, les repr\u00e9sentations sociales, l&rsquo;approche psychanalytique du groupe et des institutions;<\/p>\n<p>&#8211; les applications psychop\u00e9dagogiques \u00e9ducatives et th\u00e9rapeutiques le groupe et l&rsquo;\u00e9ducation sp\u00e9cialis\u00e9e, l&rsquo;animation des groupes, le mod\u00e8le du groupe, les th\u00e9rapies groupales, la sociom\u00e9trie, l&rsquo;observation du groupe et les travaux formatifs;<\/p>\n<p>&#8211; la pr\u00e9paration \u00e0 l&rsquo;\u00e9preuve de psychop\u00e9dagogie du DEES conseils m\u00e9thodologiques et questions d&rsquo;annales avec \u00e9l\u00e9ments de corrig\u00e9s. (Pr\u00e9sentation de l&rsquo;\u00e9diteur)<\/p>\n<p>&nbsp;<\/p>\n<p>BAUDE J-M.<\/p>\n<p>Vuibert<\/p>\n<p>2005-141p-17\u20ac<\/p>\n<p>292gr<\/p>\n<p>ISBN\u00a0: 2 7117 9251 X<\/p>\n<p>Cote doc\u00a0: 10-10-BAU-V<\/p>\n<span class=\"et_bloom_bottom_trigger\"><\/span>","protected":false},"excerpt":{"rendered":"<p>Cet ouvrage a \u00e9t\u00e9 con\u00e7u pour les \u00e9tudiants \u00e9ducateurs sp\u00e9cialis\u00e9s et, plus g\u00e9n\u00e9ralement, pour les \u00e9tudiants en travail social. II permet de pr\u00e9parer l&rsquo;une des sept unit\u00e9s de formation du DEES (dipl\u00f4me d&rsquo;\u00c9tat d&rsquo;\u00e9ducateur sp\u00e9cialis\u00e9).<\/p>\n","protected":false},"featured_media":1418,"comment_status":"closed","ping_status":"closed","template":"","meta":{"_et_pb_use_builder":"","_et_pb_old_content":"","_et_gb_content_width":"","spay_email":""},"class_list":["post-1417","product","type-product","status-publish","has-post-thumbnail","hentry","product_cat-livres","product_tag-educateur","product_tag-etudiant","product_tag-formation","product_tag-institution","product_tag-psychanalyse","product_tag-representation-sociale","product_tag-travail-social"],"jetpack_sharing_enabled":true,"jetpack_likes_enabled":true,"_links":{"self":[{"href":"https:\/\/www.parthages.be\/eboutique\/wp-json\/wp\/v2\/product\/1417","targetHints":{"allow":["GET"]}}],"collection":[{"href":"https:\/\/www.parthages.be\/eboutique\/wp-json\/wp\/v2\/product"}],"about":[{"href":"https:\/\/www.parthages.be\/eboutique\/wp-json\/wp\/v2\/types\/product"}],"replies":[{"embeddable":true,"href":"https:\/\/www.parthages.be\/eboutique\/wp-json\/wp\/v2\/comments?post=1417"}],"wp:featuredmedia":[{"embeddable":true,"href":"https:\/\/www.parthages.be\/eboutique\/wp-json\/wp\/v2\/media\/1418"}],"wp:attachment":[{"href":"https:\/\/www.parthages.be\/eboutique\/wp-json\/wp\/v2\/media?parent=1417"}],"curies":[{"name":"wp","href":"https:\/\/api.w.org\/{rel}","templated":true}]}}

<p>Cet ouvrage a été conçu pour les étudiants éducateurs spécialisés et, plus généralement, pour les étudiants en travail social. II permet de préparer l&rsquo;une des sept unités de formation du DEES (diplôme d&rsquo;État d&rsquo;éducateur spécialisé).</p>
<p>II est organisé en trois parties</p>
<p>&#8211; les cours théoriques : l&rsquo;institution, la sociologie des organisations, le groupe en psychologie sociale, le leadership, les phénomènes d&rsquo;influence, les représentations sociales, l&rsquo;approche psychanalytique du groupe et des institutions;</p>
<p>&#8211; les applications psychopédagogiques éducatives et thérapeutiques le groupe et l&rsquo;éducation spécialisée, l&rsquo;animation des groupes, le modèle du groupe, les thérapies groupales, la sociométrie, l&rsquo;observation du groupe et les travaux formatifs;</p>
<p>&#8211; la préparation à l&rsquo;épreuve de psychopédagogie du DEES conseils méthodologiques et questions d&rsquo;annales avec éléments de corrigés. (Présentation de l&rsquo;éditeur)</p>
<p>&nbsp;</p>
<p>BAUDE J-M.</p>
<p>Vuibert</p>
<p>2005-141p-17€</p>
<p>292gr</p>
<p>ISBN : 2 7117 9251 X</p>
<p>Cote doc : 10-10-BAU-V</p>
<span class="et_bloom_bottom_trigger"></span>

<p>Cet ouvrage a été conçu pour les étudiants éducateurs spécialisés et, plus généralement, pour les étudiants en travail social. II permet de préparer l&rsquo;une des sept unités de formation du DEES (diplôme d&rsquo;État d&rsquo;éducateur spécialisé).</p>
