{"id":1423,"date":"2021-07-28T12:20:51","date_gmt":"2021-07-28T10:20:51","guid":{"rendered":"https:\/\/www.parthages.be\/eboutique\/?post_type=product&#038;p=1423"},"modified":"2021-07-28T12:20:51","modified_gmt":"2021-07-28T10:20:51","slug":"laccueil-familial-therapeutique-pour-adulte","status":"publish","type":"product","link":"https:\/\/www.parthages.be\/eboutique\/produit\/laccueil-familial-therapeutique-pour-adulte\/","title":{"rendered":"L&rsquo;accueil familial th\u00e9rapeutique pour adulte"},"content":{"rendered":"<p>Dans les ann\u00e9es 1960, le courant de d\u00e9sinstitutionnalisation port\u00e9 par un vent de libert\u00e9 inscrit l&rsquo;accueil familial th\u00e9rapeutique dans le dispositif de soins psychiatrique. D\u00e8s lors, l&rsquo;accueil familial th\u00e9rapeutique n&rsquo;est plus une simple alternative \u00e0 l&rsquo;hospitalisation psychiatrique. Au-del\u00e0 de son originalit\u00e9 dans le parcours de soins et de l&rsquo;environnement nouveau qu&rsquo;il propose au patient, il repr\u00e9sente une r\u00e9elle opportunit\u00e9 de r\u00e9adaptation.<\/p>\n<p>&nbsp;<\/p>\n<p>L&rsquo;accueil familial th\u00e9rapeutique s&rsquo;adresse \u00e0 des patients de tous \u00e2ges souffrant de troubles mentaux pour lesquels le maintien ou le retour dans la famille d&rsquo;origine ne para\u00eet pas souhaitable ou possible. Accueillis dans des familles \u00ab\u00a0ordinaires\u00a0\u00bb, les patients b\u00e9n\u00e9ficient d&rsquo;une prise en charge psychiatrique qui se situe \u00e0 l&rsquo;interface de l&rsquo;institutionnel et de la cit\u00e9, avec un accompagnement attentif des \u00e9quipes soignantes qui constatent au quotidien une am\u00e9lioration de leur \u00e9tat et de leurs possibilit\u00e9s de re-socialisation.<\/p>\n<p>&nbsp;<\/p>\n<p>Les auteurs de cet ouvrage apportent ainsi un \u00e9clairage clinique nouveau sur ce carrefour qui r\u00e9unit le social, l&rsquo;affectif et le th\u00e9rapeutique dans lequel se retrouve le patient lorsqu&rsquo;il est accueilli dans une famille d&rsquo;accueil. Cet ouvrage propose une r\u00e9elle tentative de formalisation des ressorts th\u00e9rapeutiques de cette pratique atypique et humaine. La complexit\u00e9 du dispositif a requis les regards crois\u00e9s de m\u00e9decins psychiatres, d&rsquo;un psychologue et d&rsquo;un juriste.<\/p>\n<p>Comme dans toute prise en charge psychiatrique, les difficult\u00e9s sont nombreuses. Ensemble, professionnels de sant\u00e9 et familles d&rsquo;accueil parviennent le plus souvent \u00e0 les surmonter. Sont-elles \u00ab\u00a0extraordinaires\u00a0\u00bb ces familles qui soignent ?<\/p>\n<p>&nbsp;<\/p>\n<p>Largement illustr\u00e9 par des cas cliniques \u00e9vocateurs, ce livre int\u00e9ressera tous les professionnels de sant\u00e9 exer\u00e7ant dans des services d&rsquo;accueil familial th\u00e9rapeutique, et plus largement les acteurs du soin en psychiatrie, sans oublier les familles d&rsquo;accueil, les patients et leurs proches. (Pr\u00e9sentation de l\u2019\u00e9diteur)<\/p>\n<p>&nbsp;<\/p>\n<p>BARREAU P.- DUPUY O.- GADEYNE B.- GARNIER B.- VELASCO A.<\/p>\n<p>M\u00e9decine Sciences Publications-Lavoisier<\/p>\n<p>2012-236p-29\u20ac<\/p>\n<p>345gr<\/p>\n<p>ISBN\u00a0: 978-2-257-20494-3<\/p>\n<p>Cote doc\u00a010-10-BAR-A2<\/p>\n<span class=\"et_bloom_bottom_trigger\"><\/span>","protected":false},"excerpt":{"rendered":"<p>Dans les ann\u00e9es 1960, le courant de d\u00e9sinstitutionnalisation port\u00e9 par un vent de libert\u00e9 inscrit l&rsquo;accueil familial th\u00e9rapeutique dans le dispositif de soins psychiatrique. D\u00e8s lors, l&rsquo;accueil familial th\u00e9rapeutique n&rsquo;est plus une simple alternative \u00e0 l&rsquo;hospitalisation psychiatrique. Au-del\u00e0 de son originalit\u00e9 dans le parcours de soins et de l&rsquo;environnement nouveau qu&rsquo;il propose au patient, il repr\u00e9sente une r\u00e9elle opportunit\u00e9 de r\u00e9adaptation.<\/p>\n","protected":false},"featured_media":1424,"comment_status":"closed","ping_status":"closed","template":"","meta":{"_et_pb_use_builder":"","_et_pb_old_content":"","_et_gb_content_width":"","spay_email":""},"class_list":["post-1423","product","type-product","status-publish","has-post-thumbnail","hentry","product_cat-livres","product_tag-accompagnement-du-patient","product_tag-famille-daccueil","product_tag-outil","product_tag-psychotherapie","product_tag-readaptation","product_tag-socialisation","product_tag-therapeutique","product_tag-trouble-cognitif"],"jetpack_sharing_enabled":true,"jetpack_likes_enabled":true,"_links":{"self":[{"href":"https:\/\/www.parthages.be\/eboutique\/wp-json\/wp\/v2\/product\/1423","targetHints":{"allow":["GET"]}}],"collection":[{"href":"https:\/\/www.parthages.be\/eboutique\/wp-json\/wp\/v2\/product"}],"about":[{"href":"https:\/\/www.parthages.be\/eboutique\/wp-json\/wp\/v2\/types\/product"}],"replies":[{"embeddable":true,"href":"https:\/\/www.parthages.be\/eboutique\/wp-json\/wp\/v2\/comments?post=1423"}],"wp:featuredmedia":[{"embeddable":true,"href":"https:\/\/www.parthages.be\/eboutique\/wp-json\/wp\/v2\/media\/1424"}],"wp:attachment":[{"href":"https:\/\/www.parthages.be\/eboutique\/wp-json\/wp\/v2\/media?parent=1423"}],"curies":[{"name":"wp","href":"https:\/\/api.w.org\/{rel}","templated":true}]}}

L&rsquo;accueil familial thérapeutique pour adulte

<p>Dans les années 1960, le courant de désinstitutionnalisation porté par un vent de liberté inscrit l&rsquo;accueil familial thérapeutique dans le dispositif de soins psychiatrique. Dès lors, l&rsquo;accueil familial thérapeutique n&rsquo;est plus une simple alternative à l&rsquo;hospitalisation psychiatrique. Au-delà de son originalité dans le parcours de soins et de l&rsquo;environnement nouveau qu&rsquo;il propose au patient, il représente une réelle opportunité de réadaptation.</p>
<p>&nbsp;</p>
<p>L&rsquo;accueil familial thérapeutique s&rsquo;adresse à des patients de tous âges souffrant de troubles mentaux pour lesquels le maintien ou le retour dans la famille d&rsquo;origine ne paraît pas souhaitable ou possible. Accueillis dans des familles « ordinaires », les patients bénéficient d&rsquo;une prise en charge psychiatrique qui se situe à l&rsquo;interface de l&rsquo;institutionnel et de la cité, avec un accompagnement attentif des équipes soignantes qui constatent au quotidien une amélioration de leur état et de leurs possibilités de re-socialisation.</p>
<p>&nbsp;</p>
<p>Les auteurs de cet ouvrage apportent ainsi un éclairage clinique nouveau sur ce carrefour qui réunit le social, l&rsquo;affectif et le thérapeutique dans lequel se retrouve le patient lorsqu&rsquo;il est accueilli dans une famille d&rsquo;accueil. Cet ouvrage propose une réelle tentative de formalisation des ressorts thérapeutiques de cette pratique atypique et humaine. La complexité du dispositif a requis les regards croisés de médecins psychiatres, d&rsquo;un psychologue et d&rsquo;un juriste.</p>
<p>Comme dans toute prise en charge psychiatrique, les difficultés sont nombreuses. Ensemble, professionnels de santé et familles d&rsquo;accueil parviennent le plus souvent à les surmonter. Sont-elles « extraordinaires » ces familles qui soignent ?</p>
<p>&nbsp;</p>
<p>Largement illustré par des cas cliniques évocateurs, ce livre intéressera tous les professionnels de santé exerçant dans des services d&rsquo;accueil familial thérapeutique, et plus largement les acteurs du soin en psychiatrie, sans oublier les familles d&rsquo;accueil, les patients et leurs proches. (Présentation de l’éditeur)</p>
<p>&nbsp;</p>
<p>BARREAU P.- DUPUY O.- GADEYNE B.- GARNIER B.- VELASCO A.</p>
<p>Médecine Sciences Publications-Lavoisier</p>
<p>2012-236p-29€</p>
<p>345gr</p>
<p>ISBN : 978-2-257-20494-3</p>
<p>Cote doc 10-10-BAR-A2</p>
<span class="et_bloom_bottom_trigger"></span>

<p>Dans les années 1960, le courant de désinstitutionnalisation porté par un vent de liberté inscrit l&rsquo;accueil familial thérapeutique dans le dispositif de soins psychiatrique. Dès lors, l&rsquo;accueil familial thérapeutique n&rsquo;est plus une simple alternative à l&rsquo;hospitalisation psychiatrique. Au-delà de son originalité dans le parcours de soins et de l&rsquo;environnement nouveau qu&rsquo;il propose au patient, il représente une réelle opportunité de réadaptation.</p>
