{"id":1426,"date":"2021-07-28T12:22:16","date_gmt":"2021-07-28T10:22:16","guid":{"rendered":"https:\/\/www.parthages.be\/eboutique\/?post_type=product&#038;p=1426"},"modified":"2021-07-28T12:22:17","modified_gmt":"2021-07-28T10:22:17","slug":"accompagner-la-personne-gravement-handicapee-linvention-de-competences-collectives","status":"publish","type":"product","link":"https:\/\/www.parthages.be\/eboutique\/produit\/accompagner-la-personne-gravement-handicapee-linvention-de-competences-collectives\/","title":{"rendered":"Accompagner la personne gravement handicap\u00e9e : l&rsquo;invention de comp\u00e9tences collectives"},"content":{"rendered":"<p>Fruit de la collaboration entre quatre \u00e9quipes de professionnels, des formateurs et des universitaires, dans le cadre d&rsquo;une recherche-formation, cet ouvrage pr\u00e9sente des situations professionnelles, des r\u00e9flexions et des avanc\u00e9es m\u00e9thodologiques sur la question de l&rsquo;accompagnement des personnes fortement d\u00e9ficitaires.<\/p>\n<p>Loin des conceptions sanitaires de malades \u00e0 soigner et des logiques d&rsquo;intervention limit\u00e9es aux seuls actes techniques, les auteurs soutiennent une approche globale et transversale de l&rsquo;accompagnement social personnalis\u00e9, fond\u00e9 sur la prise en compte de la personne et non plus seulement sa prise en charge et l&rsquo;\u00e9coute de ses demandes. (Pr\u00e9sentation de l&rsquo;\u00e9diteur)<\/p>\n<p>&nbsp;<\/p>\n<p>AMISTANI C.- SCHALLER J.-J.<\/p>\n<p>Editions Er\u00e8s<\/p>\n<p>2008-205 p.-23\u20ac<\/p>\n<p>484gr<\/p>\n<p>ISBN \u00a0 978-7492-0865-7<br \/>\nCote doc\u00a0:\u00a010-10-AMI-A<\/p>\n<span class=\"et_bloom_bottom_trigger\"><\/span>","protected":false},"excerpt":{"rendered":"<p>Fruit de la collaboration entre quatre \u00e9quipes de professionnels, des formateurs et des universitaires, dans le cadre d&rsquo;une recherche-formation, cet ouvrage pr\u00e9sente des situations professionnelles, des r\u00e9flexions et des avanc\u00e9es m\u00e9thodologiques sur la question de l&rsquo;accompagnement des personnes fortement d\u00e9ficitaires.<\/p>\n","protected":false},"featured_media":1427,"comment_status":"closed","ping_status":"closed","template":"","meta":{"_et_pb_use_builder":"","_et_pb_old_content":"","_et_gb_content_width":"","spay_email":""},"class_list":["post-1426","product","type-product","status-publish","has-post-thumbnail","hentry","product_cat-livres","product_tag-accompagnement","product_tag-dependance","product_tag-ecoute","product_tag-handicap","product_tag-ins-titution","product_tag-pratique-dintervention","product_tag-temoignage"],"jetpack_sharing_enabled":true,"jetpack_likes_enabled":true,"_links":{"self":[{"href":"https:\/\/www.parthages.be\/eboutique\/wp-json\/wp\/v2\/product\/1426","targetHints":{"allow":["GET"]}}],"collection":[{"href":"https:\/\/www.parthages.be\/eboutique\/wp-json\/wp\/v2\/product"}],"about":[{"href":"https:\/\/www.parthages.be\/eboutique\/wp-json\/wp\/v2\/types\/product"}],"replies":[{"embeddable":true,"href":"https:\/\/www.parthages.be\/eboutique\/wp-json\/wp\/v2\/comments?post=1426"}],"wp:featuredmedia":[{"embeddable":true,"href":"https:\/\/www.parthages.be\/eboutique\/wp-json\/wp\/v2\/media\/1427"}],"wp:attachment":[{"href":"https:\/\/www.parthages.be\/eboutique\/wp-json\/wp\/v2\/media?parent=1426"}],"curies":[{"name":"wp","href":"https:\/\/api.w.org\/{rel}","templated":true}]}}

Accompagner la personne gravement handicapée : l&rsquo;invention de compétences collectives

<p>Fruit de la collaboration entre quatre équipes de professionnels, des formateurs et des universitaires, dans le cadre d&rsquo;une recherche-formation, cet ouvrage présente des situations professionnelles, des réflexions et des avancées méthodologiques sur la question de l&rsquo;accompagnement des personnes fortement déficitaires.</p>
<p>Loin des conceptions sanitaires de malades à soigner et des logiques d&rsquo;intervention limitées aux seuls actes techniques, les auteurs soutiennent une approche globale et transversale de l&rsquo;accompagnement social personnalisé, fondé sur la prise en compte de la personne et non plus seulement sa prise en charge et l&rsquo;écoute de ses demandes. (Présentation de l&rsquo;éditeur)</p>
<p>&nbsp;</p>
<p>AMISTANI C.- SCHALLER J.-J.</p>
<p>Editions Erès</p>
<p>2008-205 p.-23€</p>
<p>484gr</p>
<p>ISBN   978-7492-0865-7<br />
Cote doc : 10-10-AMI-A</p>
<span class="et_bloom_bottom_trigger"></span>

<p>Fruit de la collaboration entre quatre équipes de professionnels, des formateurs et des universitaires, dans le cadre d&rsquo;une recherche-formation, cet ouvrage présente des situations professionnelles, des réflexions et des avancées méthodologiques sur la question de l&rsquo;accompagnement des personnes fortement déficitaires.</p>
