{"id":1430,"date":"2021-07-28T12:25:33","date_gmt":"2021-07-28T10:25:33","guid":{"rendered":"https:\/\/www.parthages.be\/eboutique\/?post_type=product&#038;p=1430"},"modified":"2021-07-28T12:25:33","modified_gmt":"2021-07-28T10:25:33","slug":"vivre-apres-laccident-consequences-psychologiques-dun-handicap-physique","status":"publish","type":"product","link":"https:\/\/www.parthages.be\/eboutique\/produit\/vivre-apres-laccident-consequences-psychologiques-dun-handicap-physique\/","title":{"rendered":"Vivre apr\u00e8s l&rsquo;accident : cons\u00e9quences psychologiques d&rsquo;un handicap physique"},"content":{"rendered":"<p>L&rsquo;auteur qui a lui-m\u00eame subi un handicap physique accidentel, a tent\u00e9 de comprendre \u00e0 travers son v\u00e9cu personnel, les r\u00e9percussions psychologiques d&rsquo;un traumatisme invalidant.<\/p>\n<p>Cet ouvrage d\u00e9fend l&rsquo;id\u00e9e que le corps et l&rsquo;esprit sont deux parties indissociables : la blessure ou la maladie du corps provoquent des troubles psychiques et la psych\u00e9 est primordiale pour les soins corporels et la recherche du bien-\u00eatre. (Pr\u00e9sentation de l\u2019\u00e9diteur)<\/p>\n<p>SIMON J.L.<\/p>\n<p>Chronique sociale<\/p>\n<p>2001-161p-15.20\u20ac<\/p>\n<p>250gr<\/p>\n<p>ISBN\u00a0: 2-85008-375-5<\/p>\n<p>Cote doc\u00a0:9-20-SIM-V<\/p>\n<span class=\"et_bloom_bottom_trigger\"><\/span>","protected":false},"excerpt":{"rendered":"<p>L&rsquo;auteur qui a lui-m\u00eame subi un handicap physique accidentel, a tent\u00e9 de comprendre \u00e0 travers son v\u00e9cu personnel, les r\u00e9percussions psychologiques d&rsquo;un traumatisme invalidant.<\/p>\n","protected":false},"featured_media":1431,"comment_status":"closed","ping_status":"closed","template":"","meta":{"_et_pb_use_builder":"","_et_pb_old_content":"","_et_gb_content_width":"","spay_email":""},"class_list":["post-1430","product","type-product","status-publish","has-post-thumbnail","hentry","product_cat-livres","product_tag-corps","product_tag-deficience","product_tag-deficience-physique","product_tag-femme","product_tag-identite","product_tag-personne-handicapee","product_tag-psychisme","product_tag-psychologie","product_tag-trouble-psychologique"],"jetpack_sharing_enabled":true,"jetpack_likes_enabled":true,"_links":{"self":[{"href":"https:\/\/www.parthages.be\/eboutique\/wp-json\/wp\/v2\/product\/1430","targetHints":{"allow":["GET"]}}],"collection":[{"href":"https:\/\/www.parthages.be\/eboutique\/wp-json\/wp\/v2\/product"}],"about":[{"href":"https:\/\/www.parthages.be\/eboutique\/wp-json\/wp\/v2\/types\/product"}],"replies":[{"embeddable":true,"href":"https:\/\/www.parthages.be\/eboutique\/wp-json\/wp\/v2\/comments?post=1430"}],"wp:featuredmedia":[{"embeddable":true,"href":"https:\/\/www.parthages.be\/eboutique\/wp-json\/wp\/v2\/media\/1431"}],"wp:attachment":[{"href":"https:\/\/www.parthages.be\/eboutique\/wp-json\/wp\/v2\/media?parent=1430"}],"curies":[{"name":"wp","href":"https:\/\/api.w.org\/{rel}","templated":true}]}}

Vivre après l&rsquo;accident : conséquences psychologiques d&rsquo;un handicap physique

<p>L&rsquo;auteur qui a lui-même subi un handicap physique accidentel, a tenté de comprendre à travers son vécu personnel, les répercussions psychologiques d&rsquo;un traumatisme invalidant.</p>
<p>Cet ouvrage défend l&rsquo;idée que le corps et l&rsquo;esprit sont deux parties indissociables : la blessure ou la maladie du corps provoquent des troubles psychiques et la psyché est primordiale pour les soins corporels et la recherche du bien-être. (Présentation de l’éditeur)</p>
<p>SIMON J.L.</p>
<p>Chronique sociale</p>
<p>2001-161p-15.20€</p>
<p>250gr</p>
<p>ISBN : 2-85008-375-5</p>
<p>Cote doc :9-20-SIM-V</p>
<span class="et_bloom_bottom_trigger"></span>

<p>L&rsquo;auteur qui a lui-même subi un handicap physique accidentel, a tenté de comprendre à travers son vécu personnel, les répercussions psychologiques d&rsquo;un traumatisme invalidant.</p>
