{"id":1438,"date":"2021-07-28T12:33:11","date_gmt":"2021-07-28T10:33:11","guid":{"rendered":"https:\/\/www.parthages.be\/eboutique\/?post_type=product&#038;p=1438"},"modified":"2021-07-28T12:33:12","modified_gmt":"2021-07-28T10:33:12","slug":"dites-cest-quand-quon-est-vieux-mon-corps-ses-maux-mes-mots","status":"publish","type":"product","link":"https:\/\/www.parthages.be\/eboutique\/produit\/dites-cest-quand-quon-est-vieux-mon-corps-ses-maux-mes-mots\/","title":{"rendered":"Dites c&rsquo;est quand qu&rsquo;on est vieux? Mon corps ses maux mes mots"},"content":{"rendered":"<p>Quand devient-on vieux ? C&rsquo;est une question que l&rsquo;on s&rsquo;est tous un jour pos\u00e9. Face \u00e0 cette question que r\u00e9pond-on ? Si c&rsquo;est \u00e0 un enfant, on dira \u00a0\u00bb C&rsquo;est quand tu seras comme papy et mamie \u00ab\u00a0. Parce qu&rsquo;il est enfant, on ne lui donne qu&rsquo;une r\u00e9ponse parcellaire bas\u00e9e sur ce que l&rsquo;on peut voir et on lui laisse le soin de trouver seul une r\u00e9ponse \u00e0 sa question car on ne sait en fait pas y r\u00e9pondre, car on ne sait pas soi-m\u00eame quand on sera vieux. Qu&rsquo;est-ce qui nous r\u00e9v\u00e8le que nous sommes vieux et nous en fait prendre conscience ? N&rsquo;est-ce pas notre corps qui s&rsquo;en charge ? A l&rsquo;heure o\u00f9 chacun y va de son analyse du vieillissement, laissons la parole \u00e0 nos vieux.(Pr\u00e9sentation de l\u2019\u00e9diteur)<\/p>\n<p>MAHAUT L.<\/p>\n<p>Animagine Editions<\/p>\n<p>2006-193p-20\u20ac<\/p>\n<p>330gr<\/p>\n<p>ISBN\u00a0: 2-9524450-5-2<\/p>\n<p>Cote doc\u00a0: 9-20-MAH-D<\/p>\n<span class=\"et_bloom_bottom_trigger\"><\/span>","protected":false},"excerpt":{"rendered":"<p>Quand devient-on vieux ? C&rsquo;est une question que l&rsquo;on s&rsquo;est tous un jour pos\u00e9. Face \u00e0 cette question que r\u00e9pond-on ? Si c&rsquo;est \u00e0 un enfant, on dira \u00a0\u00bb C&rsquo;est quand tu seras comme papy et mamie \u00ab\u00a0.<\/p>\n","protected":false},"featured_media":1439,"comment_status":"closed","ping_status":"closed","template":"","meta":{"_et_pb_use_builder":"","_et_pb_old_content":"","_et_gb_content_width":"","spay_email":""},"class_list":["post-1438","product","type-product","status-publish","has-post-thumbnail","hentry","product_cat-livres","product_tag-prise-de-conscience","product_tag-recit-de-vie","product_tag-temoignage","product_tag-vieillissement"],"jetpack_sharing_enabled":true,"jetpack_likes_enabled":true,"_links":{"self":[{"href":"https:\/\/www.parthages.be\/eboutique\/wp-json\/wp\/v2\/product\/1438","targetHints":{"allow":["GET"]}}],"collection":[{"href":"https:\/\/www.parthages.be\/eboutique\/wp-json\/wp\/v2\/product"}],"about":[{"href":"https:\/\/www.parthages.be\/eboutique\/wp-json\/wp\/v2\/types\/product"}],"replies":[{"embeddable":true,"href":"https:\/\/www.parthages.be\/eboutique\/wp-json\/wp\/v2\/comments?post=1438"}],"wp:featuredmedia":[{"embeddable":true,"href":"https:\/\/www.parthages.be\/eboutique\/wp-json\/wp\/v2\/media\/1439"}],"wp:attachment":[{"href":"https:\/\/www.parthages.be\/eboutique\/wp-json\/wp\/v2\/media?parent=1438"}],"curies":[{"name":"wp","href":"https:\/\/api.w.org\/{rel}","templated":true}]}}

<p>Quand devient-on vieux ? C&rsquo;est une question que l&rsquo;on s&rsquo;est tous un jour posé. Face à cette question que répond-on ? Si c&rsquo;est à un enfant, on dira  » C&rsquo;est quand tu seras comme papy et mamie « . Parce qu&rsquo;il est enfant, on ne lui donne qu&rsquo;une réponse parcellaire basée sur ce que l&rsquo;on peut voir et on lui laisse le soin de trouver seul une réponse à sa question car on ne sait en fait pas y répondre, car on ne sait pas soi-même quand on sera vieux. Qu&rsquo;est-ce qui nous révèle que nous sommes vieux et nous en fait prendre conscience ? N&rsquo;est-ce pas notre corps qui s&rsquo;en charge ? A l&rsquo;heure où chacun y va de son analyse du vieillissement, laissons la parole à nos vieux.(Présentation de l’éditeur)</p>
<p>MAHAUT L.</p>
<p>Animagine Editions</p>
<p>2006-193p-20€</p>
<p>330gr</p>
<p>ISBN : 2-9524450-5-2</p>
<p>Cote doc : 9-20-MAH-D</p>
<span class="et_bloom_bottom_trigger"></span>

<p>Quand devient-on vieux ? C&rsquo;est une question que l&rsquo;on s&rsquo;est tous un jour posé. Face à cette question que répond-on ? Si c&rsquo;est à un enfant, on dira  » C&rsquo;est quand tu seras comme papy et mamie « .</p>
