{"id":1447,"date":"2021-08-03T11:13:22","date_gmt":"2021-08-03T09:13:22","guid":{"rendered":"https:\/\/www.parthages.be\/eboutique\/?post_type=product&#038;p=1447"},"modified":"2021-08-03T11:13:23","modified_gmt":"2021-08-03T09:13:23","slug":"deficiences-mentales-le-devenir-adulte-la-personne-en-quete-de-sens","status":"publish","type":"product","link":"https:\/\/www.parthages.be\/eboutique\/produit\/deficiences-mentales-le-devenir-adulte-la-personne-en-quete-de-sens\/","title":{"rendered":"D\u00e9ficiences mentales: le devenir adulte : la personne en qu\u00eate de sens"},"content":{"rendered":"<p>A partir de situations et d&rsquo;exemples pris dans la vie de tous les jours, l&rsquo;auteur aborde les questions cruciales qui accompagnent le devenir adulte des personnes handicap\u00e9es, qu&rsquo;elles soient en institutions, en milieu ouvert ou en famille : les trajets de vie, les effets de fili\u00e8res, la condition d&rsquo;usager, le sujet de droit, l&rsquo;autonomie, la responsabilit\u00e9, la sexualit\u00e9, le vieillissement, l&rsquo;intimit\u00e9, les rituels, le rapport \u00e0 la culture\u2026<\/p>\n<p>Son propos, plus anthropologique que psychologique, est sous-tendu par une r\u00e9flexion et une mise au travail des \u00a0\u00bb repr\u00e9sentations \u00a0\u00bb que l&rsquo;on se fait de ces personnes diff\u00e9rentes, et sugg\u00e8re aux professionnels d&rsquo;approfondir, de r\u00e9viser ou d&rsquo;\u00e9tayer bien des jugements. Il d\u00e9veloppe une conception \u00e9minemment cr\u00e9ative des m\u00e9tiers sociaux et \u00e9ducatifs dont la vocation est de \u00a0\u00bb fabriquer du sens \u00a0\u00bb m\u00eame et surtout dans les situations o\u00f9 il semble faire d\u00e9faut. En effet, les \u00e9ducateurs, les animateurs, les aides m\u00e9dico-psychologiques, inlassablement, fabriquent de la qualit\u00e9 de vie, imaginent une cit\u00e9 habitable, travaillent sur l&rsquo;histoire, mettant le quotidien dans tous ses \u00e9tats. Cette d\u00e9marche suppose une \u00e9thique exigeante qui conduit chaque membre de l&rsquo;\u00e9quipe \u00e0 se sentir responsable du service et de l&rsquo;institution dans lesquelles il travaille, \u00e0 consid\u00e9rer les personnes handicap\u00e9es qu&rsquo;il accompagne comme des adultes \u00e0 part enti\u00e8re. (Pr\u00e9sentation de l&rsquo;\u00e9diteur)<\/p>\n<p>GOMEZ J.F<\/p>\n<p>Editions Er\u00e8s<\/p>\n<p>2001-230 p.-23\u20ac<\/p>\n<p>390gr<\/p>\n<p>ISBN \u00a0 2-86586-966-0<br \/>\nCote doc\u00a0:\u00a09-20-GOM-D<\/p>\n<span class=\"et_bloom_bottom_trigger\"><\/span>","protected":false},"excerpt":{"rendered":"<p>A partir de situations et d&rsquo;exemples pris dans la vie de tous les jours, l&rsquo;auteur aborde les questions cruciales qui accompagnent le devenir adulte des personnes handicap\u00e9es, qu&rsquo;elles soient en institutions, en milieu ouvert ou en famille : les trajets de vie, les effets de fili\u00e8res, la condition d&rsquo;usager, le sujet de droit, l&rsquo;autonomie, la responsabilit\u00e9, la sexualit\u00e9, le vieillissement, l&rsquo;intimit\u00e9, les rituels, le rapport \u00e0 la culture\u2026<\/p>\n","protected":false},"featured_media":1448,"comment_status":"closed","ping_status":"closed","template":"","meta":{"_et_pb_use_builder":"","_et_pb_old_content":"","_et_gb_content_width":"","spay_email":""},"class_list":["post-1447","product","type-product","status-publish","has-post-thumbnail","hentry","product_cat-livres","product_tag-anthropologie","product_tag-autonomie","product_tag-culture","product_tag-devenir-adulte","product_tag-droit","product_tag-famille","product_tag-institution","product_tag-personne-handicapee","product_tag-qualite-de-vie","product_tag-representation-sociale","product_tag-responsabilite","product_tag-rite","product_tag-sexualite","product_tag-vie-quotidienne","product_tag-vieillis-sement"],"jetpack_sharing_enabled":true,"jetpack_likes_enabled":true,"_links":{"self":[{"href":"https:\/\/www.parthages.be\/eboutique\/wp-json\/wp\/v2\/product\/1447","targetHints":{"allow":["GET"]}}],"collection":[{"href":"https:\/\/www.parthages.be\/eboutique\/wp-json\/wp\/v2\/product"}],"about":[{"href":"https:\/\/www.parthages.be\/eboutique\/wp-json\/wp\/v2\/types\/product"}],"replies":[{"embeddable":true,"href":"https:\/\/www.parthages.be\/eboutique\/wp-json\/wp\/v2\/comments?post=1447"}],"wp:featuredmedia":[{"embeddable":true,"href":"https:\/\/www.parthages.be\/eboutique\/wp-json\/wp\/v2\/media\/1448"}],"wp:attachment":[{"href":"https:\/\/www.parthages.be\/eboutique\/wp-json\/wp\/v2\/media?parent=1447"}],"curies":[{"name":"wp","href":"https:\/\/api.w.org\/{rel}","templated":true}]}}

Déficiences mentales: le devenir adulte : la personne en quête de sens

<p>A partir de situations et d&rsquo;exemples pris dans la vie de tous les jours, l&rsquo;auteur aborde les questions cruciales qui accompagnent le devenir adulte des personnes handicapées, qu&rsquo;elles soient en institutions, en milieu ouvert ou en famille : les trajets de vie, les effets de filières, la condition d&rsquo;usager, le sujet de droit, l&rsquo;autonomie, la responsabilité, la sexualité, le vieillissement, l&rsquo;intimité, les rituels, le rapport à la culture…</p>
<p>Son propos, plus anthropologique que psychologique, est sous-tendu par une réflexion et une mise au travail des  » représentations  » que l&rsquo;on se fait de ces personnes différentes, et suggère aux professionnels d&rsquo;approfondir, de réviser ou d&rsquo;étayer bien des jugements. Il développe une conception éminemment créative des métiers sociaux et éducatifs dont la vocation est de  » fabriquer du sens  » même et surtout dans les situations où il semble faire défaut. En effet, les éducateurs, les animateurs, les aides médico-psychologiques, inlassablement, fabriquent de la qualité de vie, imaginent une cité habitable, travaillent sur l&rsquo;histoire, mettant le quotidien dans tous ses états. Cette démarche suppose une éthique exigeante qui conduit chaque membre de l&rsquo;équipe à se sentir responsable du service et de l&rsquo;institution dans lesquelles il travaille, à considérer les personnes handicapées qu&rsquo;il accompagne comme des adultes à part entière. (Présentation de l&rsquo;éditeur)</p>
<p>GOMEZ J.F</p>
<p>Editions Erès</p>
<p>2001-230 p.-23€</p>
<p>390gr</p>
<p>ISBN   2-86586-966-0<br />
Cote doc : 9-20-GOM-D</p>
<span class="et_bloom_bottom_trigger"></span>

<p>A partir de situations et d&rsquo;exemples pris dans la vie de tous les jours, l&rsquo;auteur aborde les questions cruciales qui accompagnent le devenir adulte des personnes handicapées, qu&rsquo;elles soient en institutions, en milieu ouvert ou en famille : les trajets de vie, les effets de filières, la condition d&rsquo;usager, le sujet de droit, l&rsquo;autonomie, la responsabilité, la sexualité, le vieillissement, l&rsquo;intimité, les rituels, le rapport à la culture…</p>
