{"id":1449,"date":"2021-08-03T11:17:41","date_gmt":"2021-08-03T09:17:41","guid":{"rendered":"https:\/\/www.parthages.be\/eboutique\/?post_type=product&#038;p=1449"},"modified":"2021-08-03T11:17:42","modified_gmt":"2021-08-03T09:17:42","slug":"lapprentissage-du-corps-apres-laccident","status":"publish","type":"product","link":"https:\/\/www.parthages.be\/eboutique\/produit\/lapprentissage-du-corps-apres-laccident\/","title":{"rendered":"L&rsquo;apprentissage du corps apr\u00e8s l&rsquo;accident"},"content":{"rendered":"<p>L&rsquo;accident provoque un changement corporel brutal, qui rompt avec la transformation corporelle ordinaire, toute en continuit\u00e9 et en fluidit\u00e9.<\/p>\n<p>Le corps est soudainement vuln\u00e9rable, \u00e9branl\u00e9 par une transformation radicale, \u00e0 savoir: l&rsquo;av\u00e8nement d&rsquo;un nouveau potentiel corporel.<\/p>\n<p>Ce \u00ab\u00a0nouveau\u00a0\u00bb corps ne se r\u00e9sume pas \u00e0 un donn\u00e9 biologique naturel et premier, complet et d\u00e9finitif, et dans ce cas irr\u00e9m\u00e9diable. Il va s&rsquo;agir de le r\u00e9\u00e9duquer. Ainsi, ce potentiel corporel va \u00eatre l&rsquo;objet d&rsquo;un formatage dans le cadre de soins et d&rsquo;une vie en collectivit\u00e9, d&rsquo;une transmission de technique du corps par les soignants et les r\u00e9\u00e9ducateurs, d&rsquo;une conformation sous l&rsquo;influence des pairs, d&rsquo;une s\u00e9mantisation collective et progressive.<\/p>\n<p>L&rsquo;exp\u00e9rience corporelle de l&rsquo;homme bless\u00e9 se d\u00e9veloppe en interaction avec son environnement humain, mat\u00e9riel, technologique, social et culturel. Le changement corporel ne trouve pas imm\u00e9diatement sens au sortir du coma: le r\u00e9seau s\u00e9mantique qui permettait jusqu&rsquo;alors l&rsquo;interpr\u00e9tation des signaux corporels se r\u00e9v\u00e8le progressivement caduque.<\/p>\n<p>Au fil de l&rsquo;analyse sociologique, le handicap se r\u00e9v\u00e9lera le fruit d&rsquo;apprentissages, le produit d&rsquo;une socialisation. Et si la chair impose ses contraintes objectives, les significations int\u00e9rioris\u00e9es et mises en acte par l&rsquo;individu, ses pairs et les professionnels de sant\u00e9 soumettent en retour la mati\u00e8re corporelle \u00e0 leur dictat. Au fur et \u00e0 mesure de la s\u00e9mantisation de l&rsquo;exp\u00e9rience du corps bless\u00e9, la mati\u00e8re organique se transforme, et le bless\u00e9, d&rsquo;accident\u00e9 devient handicap\u00e9. (Pr\u00e9sentation de l\u2019\u00e9diteur)<\/p>\n<p>GARDIEN E.<\/p>\n<p>PUG<\/p>\n<p>2008-304p-24.20\u20ac<\/p>\n<p>400gr<\/p>\n<p>ISBN\u00a0: 978-7061-1439-7<\/p>\n<p>Cote doc\u00a0:9-20-GAR-L<\/p>\n<span class=\"et_bloom_bottom_trigger\"><\/span>","protected":false},"excerpt":{"rendered":"<p>L&rsquo;accident provoque un changement corporel brutal, qui rompt avec la transformation corporelle ordinaire, toute en continuit\u00e9 et en fluidit\u00e9.<\/p>\n","protected":false},"featured_media":1450,"comment_status":"closed","ping_status":"closed","template":"","meta":{"_et_pb_use_builder":"","_et_pb_old_content":"","_et_gb_content_width":"","spay_email":""},"class_list":["post-1449","product","type-product","status-publish","has-post-thumbnail","hentry","product_cat-livres","product_tag-ap-prentissage","product_tag-condition-de-vie","product_tag-hygiene-de-vie","product_tag-image-du-corps","product_tag-medecine-alternative","product_tag-personne-handicapee","product_tag-reeducation","product_tag-relation-soignant-soigne","product_tag-soins","product_tag-soins-hospitaliers","product_tag-vecu"],"jetpack_sharing_enabled":true,"jetpack_likes_enabled":true,"_links":{"self":[{"href":"https:\/\/www.parthages.be\/eboutique\/wp-json\/wp\/v2\/product\/1449","targetHints":{"allow":["GET"]}}],"collection":[{"href":"https:\/\/www.parthages.be\/eboutique\/wp-json\/wp\/v2\/product"}],"about":[{"href":"https:\/\/www.parthages.be\/eboutique\/wp-json\/wp\/v2\/types\/product"}],"replies":[{"embeddable":true,"href":"https:\/\/www.parthages.be\/eboutique\/wp-json\/wp\/v2\/comments?post=1449"}],"wp:featuredmedia":[{"embeddable":true,"href":"https:\/\/www.parthages.be\/eboutique\/wp-json\/wp\/v2\/media\/1450"}],"wp:attachment":[{"href":"https:\/\/www.parthages.be\/eboutique\/wp-json\/wp\/v2\/media?parent=1449"}],"curies":[{"name":"wp","href":"https:\/\/api.w.org\/{rel}","templated":true}]}}

L&rsquo;apprentissage du corps après l&rsquo;accident

<p>L&rsquo;accident provoque un changement corporel brutal, qui rompt avec la transformation corporelle ordinaire, toute en continuité et en fluidité.</p>
<p>Le corps est soudainement vulnérable, ébranlé par une transformation radicale, à savoir: l&rsquo;avènement d&rsquo;un nouveau potentiel corporel.</p>
<p>Ce « nouveau » corps ne se résume pas à un donné biologique naturel et premier, complet et définitif, et dans ce cas irrémédiable. Il va s&rsquo;agir de le rééduquer. Ainsi, ce potentiel corporel va être l&rsquo;objet d&rsquo;un formatage dans le cadre de soins et d&rsquo;une vie en collectivité, d&rsquo;une transmission de technique du corps par les soignants et les rééducateurs, d&rsquo;une conformation sous l&rsquo;influence des pairs, d&rsquo;une sémantisation collective et progressive.</p>
<p>L&rsquo;expérience corporelle de l&rsquo;homme blessé se développe en interaction avec son environnement humain, matériel, technologique, social et culturel. Le changement corporel ne trouve pas immédiatement sens au sortir du coma: le réseau sémantique qui permettait jusqu&rsquo;alors l&rsquo;interprétation des signaux corporels se révèle progressivement caduque.</p>
<p>Au fil de l&rsquo;analyse sociologique, le handicap se révélera le fruit d&rsquo;apprentissages, le produit d&rsquo;une socialisation. Et si la chair impose ses contraintes objectives, les significations intériorisées et mises en acte par l&rsquo;individu, ses pairs et les professionnels de santé soumettent en retour la matière corporelle à leur dictat. Au fur et à mesure de la sémantisation de l&rsquo;expérience du corps blessé, la matière organique se transforme, et le blessé, d&rsquo;accidenté devient handicapé. (Présentation de l’éditeur)</p>
<p>GARDIEN E.</p>
<p>PUG</p>
<p>2008-304p-24.20€</p>
<p>400gr</p>
<p>ISBN : 978-7061-1439-7</p>
<p>Cote doc :9-20-GAR-L</p>
<span class="et_bloom_bottom_trigger"></span>

<p>L&rsquo;accident provoque un changement corporel brutal, qui rompt avec la transformation corporelle ordinaire, toute en continuité et en fluidité.</p>
