{"id":1451,"date":"2021-08-03T11:18:48","date_gmt":"2021-08-03T09:18:48","guid":{"rendered":"https:\/\/www.parthages.be\/eboutique\/?post_type=product&#038;p=1451"},"modified":"2021-08-03T11:18:49","modified_gmt":"2021-08-03T09:18:49","slug":"le-tragique-de-la-decision-medicale","status":"publish","type":"product","link":"https:\/\/www.parthages.be\/eboutique\/produit\/le-tragique-de-la-decision-medicale\/","title":{"rendered":"Le tragique de la d\u00e9cision m\u00e9dicale"},"content":{"rendered":"<p>\u00catre mortel, c&rsquo;est l&rsquo;\u00e9tat normal du vivant. Oui, mais il y a les enfants. Qu&rsquo;ils meurent, cela n&rsquo;est pas normal. Cela n&rsquo;est pas acceptable. Mourir d&rsquo;\u00eatre vivant, soit. Mais mourir sans avoir v\u00e9cu, ou presque? Cela semble aller contre la logique, contre la morale, contre la vie m\u00eame. Le p\u00e9diatre Denis Devictor ne s&rsquo;y habitue pas: \u00ab\u00a0La mort de l&rsquo;enfant est la naissance de l&rsquo;absurde\u00a0\u00bb.<\/p>\n<p>La r\u00e9volte, toutefois, ne tient pas lieu de comp\u00e9tence, ni de soin, ni ne saurait suffire, au chevet d&rsquo;un enfant malade, \u00e0 prendre la bonne d\u00e9cision, celle qui sera conforme \u00e0 la fois aux donn\u00e9es actuelles de la science et aux exigences &#8211; elles aussi actuelles, puisqu&rsquo;elles \u00e9voluent &#8211; de l&rsquo;\u00e9thique.<\/p>\n<p>Dans quel but? La sant\u00e9? Sans doute. Mais lorsqu&rsquo;elle est impossible? Quand on n&rsquo;a plus le choix qu&rsquo;entre de mauvaises solutions (la mort ou le handicap extr\u00eame, l&rsquo;acharnement th\u00e9rapeutique ou l&rsquo;euthanasie&#8230;)? L&rsquo;int\u00e9r\u00eat de l&rsquo;enfant? Certes. Mais qui en d\u00e9cide? De quel droit? De quel point de vue? Dans quelles limites? On a besoin de fins moins simples ou moins hasardeuses.<\/p>\n<p>Cela pose mille probl\u00e8mes, qui font l&rsquo;objet de ce livre. Ils touchent \u00e0 la d\u00e9cision m\u00e9dicale, \u00e0 l&rsquo;\u00e9thique, \u00e0 la philosophie, \u00e0 l&rsquo;humanit\u00e9&#8230; Faut-il mettre la vie plus haut que tout? la libert\u00e9 plus haut que tout? le bien-\u00eatre? Le devoir? L&rsquo;amour? La compassion? Le d\u00e9bat fait partie de l&rsquo;\u00e9thique, au m\u00eame titre que la responsabilit\u00e9 individuelle, qu&rsquo;il n&rsquo;annule pas et qui ne saurait en tenir lieu. \u00c0 chacun donc de juger, toujours au cas par cas, et en tenant compte aussi du point de vue des autres. Cet ouvrage y aidera. Il apporte de la complexit\u00e9, de l&rsquo;intelligence, de l&rsquo;h\u00e9sitation, de l&rsquo;interrogation, et c&rsquo;est de quoi m\u00e9decins, patients et familles ont le plus besoin, m\u00eame, et surtout, lorsqu&rsquo;ils sont avides de certitudes. (Pr\u00e9sentation de l\u2019\u00e9diteur)<\/p>\n<p>DEVICTOR D.<\/p>\n<p>Vuibert<\/p>\n<p>2008-114p<\/p>\n<p>ISBN\u00a0: 978-2-7117-1476-6<\/p>\n<p>Cote doc\u00a0: 9-20-DEV-T<\/p>\n<p><strong><em>Uniquement \u00e0 la location<\/em><\/strong><\/p>\n<span class=\"et_bloom_bottom_trigger\"><\/span>","protected":false},"excerpt":{"rendered":"<p>\u00catre mortel, c&rsquo;est l&rsquo;\u00e9tat normal du vivant. Oui, mais il y a les enfants. Qu&rsquo;ils meurent, cela n&rsquo;est pas normal. Cela n&rsquo;est pas acceptable. Mourir d&rsquo;\u00eatre vivant, soit. Mais mourir sans avoir v\u00e9cu, ou presque? Cela semble aller contre la logique, contre la morale, contre la vie m\u00eame. Le p\u00e9diatre Denis Devictor ne s&rsquo;y habitue pas: \u00ab\u00a0La mort de l&rsquo;enfant est la naissance de l&rsquo;absurde\u00a0\u00bb.<\/p>\n","protected":false},"featured_media":1452,"comment_status":"closed","ping_status":"closed","template":"","meta":{"_et_pb_use_builder":"","_et_pb_old_content":"","_et_gb_content_width":"","spay_email":""},"class_list":["post-1451","product","type-product","status-publish","has-post-thumbnail","hentry","product_cat-livres","product_tag-communication","product_tag-declaration-des-maladies","product_tag-echange","product_tag-ethique","product_tag-euthanasie","product_tag-mortalite-infantile"],"jetpack_sharing_enabled":true,"jetpack_likes_enabled":true,"_links":{"self":[{"href":"https:\/\/www.parthages.be\/eboutique\/wp-json\/wp\/v2\/product\/1451","targetHints":{"allow":["GET"]}}],"collection":[{"href":"https:\/\/www.parthages.be\/eboutique\/wp-json\/wp\/v2\/product"}],"about":[{"href":"https:\/\/www.parthages.be\/eboutique\/wp-json\/wp\/v2\/types\/product"}],"replies":[{"embeddable":true,"href":"https:\/\/www.parthages.be\/eboutique\/wp-json\/wp\/v2\/comments?post=1451"}],"wp:featuredmedia":[{"embeddable":true,"href":"https:\/\/www.parthages.be\/eboutique\/wp-json\/wp\/v2\/media\/1452"}],"wp:attachment":[{"href":"https:\/\/www.parthages.be\/eboutique\/wp-json\/wp\/v2\/media?parent=1451"}],"curies":[{"name":"wp","href":"https:\/\/api.w.org\/{rel}","templated":true}]}}