{"id":1453,"date":"2021-08-03T11:20:06","date_gmt":"2021-08-03T09:20:06","guid":{"rendered":"https:\/\/www.parthages.be\/eboutique\/?post_type=product&#038;p=1453"},"modified":"2021-08-03T11:20:07","modified_gmt":"2021-08-03T09:20:07","slug":"vivre-avec-son-handicap-combat-pour-la-vie","status":"publish","type":"product","link":"https:\/\/www.parthages.be\/eboutique\/produit\/vivre-avec-son-handicap-combat-pour-la-vie\/","title":{"rendered":"Vivre avec son handicap : combat pour la vie"},"content":{"rendered":"<p>C&rsquo;est \u00e0 23 ans, alors qu&rsquo;elle \u00e9tait \u00e9tudiante, que Josiane s&rsquo;est retrouv\u00e9e totalement paralys\u00e9e avec une insuffisance respiratoire compl\u00e8te. Depuis, elle vit la nuit dans un poumon d&rsquo;acier et porte le jour une ceinture respiratoire.<\/p>\n<p>Cet ouvrage d\u00e9crit comment une \u00ab\u00a0faiblesse\u00a0\u00bb peut se transformer en une force capable d&rsquo;insuffler l&rsquo;\u00e9nergie n\u00e9cessaire \u00e0 la reconqu\u00eate d&rsquo;une identit\u00e9 perdue.<\/p>\n<p>Il analyse les cons\u00e9quences d&rsquo;un tel d\u00e9ficit physique, assum\u00e9 depuis 30 ans, pour construire pierre apr\u00e8s pierre une seconde vie.<\/p>\n<p>Dans la premi\u00e8re partie \u00ab\u00a0Rena\u00eetre\u00a0\u00bb, nous suivons le parcours d&rsquo;une femme ayant failli perdre tous les crit\u00e8res d\u00e9terminant la f\u00e9minit\u00e9. Le livre analyse la d\u00e9pendance totale avec laquelle il faut cohabiter pour exister \u00e0 nouveau.<\/p>\n<p>Dans la seconde partie \u00ab\u00a0Promouvoir la renaissance\u00a0\u00bb, nous participons \u00e0 la \u00ab\u00a0remont\u00e9e \u00e0 la surface\u00a0\u00bb op\u00e9r\u00e9e gr\u00e2ce \u00e0 la d\u00e9couverte de valeurs nouvelles.<\/p>\n<p>Cet ouvrage, beaucoup plus qu&rsquo;un t\u00e9moignage, procure force et convictions pour changer son regard et celui des autres sur le handicap, et modifier les r\u00e9flexions et les actions de la soci\u00e9t\u00e9 face au handicap. (Pr\u00e9sentation de l\u2019\u00e9diteur)<\/p>\n<p>CRISCULO J.<\/p>\n<p>Chronique sociale<\/p>\n<p>1995-160p-13.10\u20ac<\/p>\n<p>230gr<\/p>\n<p>ISBN\u00a0: 978-2-85008-231-7<\/p>\n<p>Cote doc\u00a0: 9-20-CRI-V<\/p>\n<span class=\"et_bloom_bottom_trigger\"><\/span>","protected":false},"excerpt":{"rendered":"<p>C&rsquo;est \u00e0 23 ans, alors qu&rsquo;elle \u00e9tait \u00e9tudiante, que Josiane s&rsquo;est retrouv\u00e9e totalement paralys\u00e9e avec une insuffisance respiratoire compl\u00e8te. Depuis, elle vit la nuit dans un poumon d&rsquo;acier et porte le jour une ceinture respiratoire.<\/p>\n","protected":false},"featured_media":1454,"comment_status":"closed","ping_status":"closed","template":"","meta":{"_et_pb_use_builder":"","_et_pb_old_content":"","_et_gb_content_width":"","spay_email":""},"class_list":["post-1453","product","type-product","status-publish","has-post-thumbnail","hentry","product_cat-livres","product_tag-corps","product_tag-deficience-physique","product_tag-femme","product_tag-identite","product_tag-personne-handicapee","product_tag-psychisme","product_tag-psychologie","product_tag-temoignage","product_tag-trauma-tisme","product_tag-trouble-psycho-logique","product_tag-vecu"],"jetpack_sharing_enabled":true,"jetpack_likes_enabled":true,"_links":{"self":[{"href":"https:\/\/www.parthages.be\/eboutique\/wp-json\/wp\/v2\/product\/1453","targetHints":{"allow":["GET"]}}],"collection":[{"href":"https:\/\/www.parthages.be\/eboutique\/wp-json\/wp\/v2\/product"}],"about":[{"href":"https:\/\/www.parthages.be\/eboutique\/wp-json\/wp\/v2\/types\/product"}],"replies":[{"embeddable":true,"href":"https:\/\/www.parthages.be\/eboutique\/wp-json\/wp\/v2\/comments?post=1453"}],"wp:featuredmedia":[{"embeddable":true,"href":"https:\/\/www.parthages.be\/eboutique\/wp-json\/wp\/v2\/media\/1454"}],"wp:attachment":[{"href":"https:\/\/www.parthages.be\/eboutique\/wp-json\/wp\/v2\/media?parent=1453"}],"curies":[{"name":"wp","href":"https:\/\/api.w.org\/{rel}","templated":true}]}}

<p>C&rsquo;est à 23 ans, alors qu&rsquo;elle était étudiante, que Josiane s&rsquo;est retrouvée totalement paralysée avec une insuffisance respiratoire complète. Depuis, elle vit la nuit dans un poumon d&rsquo;acier et porte le jour une ceinture respiratoire.</p>
<p>Cet ouvrage décrit comment une « faiblesse » peut se transformer en une force capable d&rsquo;insuffler l&rsquo;énergie nécessaire à la reconquête d&rsquo;une identité perdue.</p>
<p>Il analyse les conséquences d&rsquo;un tel déficit physique, assumé depuis 30 ans, pour construire pierre après pierre une seconde vie.</p>
<p>Dans la première partie « Renaître », nous suivons le parcours d&rsquo;une femme ayant failli perdre tous les critères déterminant la féminité. Le livre analyse la dépendance totale avec laquelle il faut cohabiter pour exister à nouveau.</p>
<p>Dans la seconde partie « Promouvoir la renaissance », nous participons à la « remontée à la surface » opérée grâce à la découverte de valeurs nouvelles.</p>
<p>Cet ouvrage, beaucoup plus qu&rsquo;un témoignage, procure force et convictions pour changer son regard et celui des autres sur le handicap, et modifier les réflexions et les actions de la société face au handicap. (Présentation de l’éditeur)</p>
<p>CRISCULO J.</p>
<p>Chronique sociale</p>
<p>1995-160p-13.10€</p>
<p>230gr</p>
<p>ISBN : 978-2-85008-231-7</p>
<p>Cote doc : 9-20-CRI-V</p>
<span class="et_bloom_bottom_trigger"></span>

<p>C&rsquo;est à 23 ans, alors qu&rsquo;elle était étudiante, que Josiane s&rsquo;est retrouvée totalement paralysée avec une insuffisance respiratoire complète. Depuis, elle vit la nuit dans un poumon d&rsquo;acier et porte le jour une ceinture respiratoire.</p>
