{"id":1462,"date":"2021-08-03T11:34:55","date_gmt":"2021-08-03T09:34:55","guid":{"rendered":"https:\/\/www.parthages.be\/eboutique\/?post_type=product&#038;p=1462"},"modified":"2021-08-03T11:34:56","modified_gmt":"2021-08-03T09:34:56","slug":"vie-psychique-des-personnes-handicapees","status":"publish","type":"product","link":"https:\/\/www.parthages.be\/eboutique\/produit\/vie-psychique-des-personnes-handicapees\/","title":{"rendered":"Vie psychique des personnes handicap\u00e9es"},"content":{"rendered":"<p>La personne en situation de handicap, atteinte dans son int\u00e9grit\u00e9, nous renvoie une image dans laquelle nous avons peur de nous reconna\u00eetre. Le sujet handicap\u00e9 est porteur d&rsquo;une telle souffrance que nous pr\u00e9f\u00e9rons penser qu&rsquo;il n&rsquo;en est pas conscient et imaginer qu&rsquo;il n&rsquo;a pas les capacit\u00e9s intellectuelles de penser la situation qui est la sienne. Il suscite un tel sentiment d&rsquo;inqui\u00e9tante \u00e9tranget\u00e9 que nous pr\u00e9f\u00e9rons d\u00e9tourner le regard et fermer nos oreilles.<\/p>\n<p>Lorsque son entourage parle de lui, c&rsquo;est le plus souvent en termes d&rsquo;organisation mat\u00e9rielle de la vie : insertion sociale, appareillages, r\u00e9\u00e9ducations, emploi du temps. Mais il est rarement question de sa vie psychique. Comment comprend-il sa situation ? Qu&rsquo;en pense-t-il ? Qu&rsquo;imagine-t-il pour le futur ? Comment vit-il les frustrations permanentes ? Quels choix de vie voudrait-il faire ? Ces questions semblent frapp\u00e9es d&rsquo;un interdit.<\/p>\n<p>Les auteurs de cet ouvrage, issu du troisi\u00e8me s\u00e9minaire interuniversitaire sur le handicap, partent de l&rsquo;hypoth\u00e8se que toute personne humaine, aussi d\u00e9munie soit-elle, a quelque chose \u00e0 dire de sa position subjective. Encore faut-il l&rsquo;entendre&#8230; et accepter de questionner les pr\u00e9suppos\u00e9s qui nous emp\u00eachent de nous identifier \u00e0 une personne si diff\u00e9rente, si loin de notre exp\u00e9rience quotidienne, de nos certitudes perceptives et de nos \u00e9prouv\u00e9s corporels, pour d\u00e9couvrir son monde int\u00e9rieur. (Pr\u00e9sentation de l\u2019\u00e9diteur)<\/p>\n<p>KORFF-SAUSSE S.- CICCONE A.- MISSONNIER S.- SALBREUX R.- SCELLES R.<\/p>\n<p>Editions Er\u00e8s<\/p>\n<p>2009-238p.-25\u20ac<\/p>\n<p>360gr<\/p>\n<p>ISBN\u00a0: 978-2-7492-1140-4<\/p>\n<p>Cote doc\u00a0: 9-10-KOR-V<\/p>\n<span class=\"et_bloom_bottom_trigger\"><\/span>","protected":false},"excerpt":{"rendered":"<p>La personne en situation de handicap, atteinte dans son int\u00e9grit\u00e9, nous renvoie une image dans laquelle nous avons peur de nous reconna\u00eetre. Le sujet handicap\u00e9 est porteur d&rsquo;une telle souffrance que nous pr\u00e9f\u00e9rons penser qu&rsquo;il n&rsquo;en est pas conscient et imaginer qu&rsquo;il n&rsquo;a pas les capacit\u00e9s intellectuelles de penser la situation qui est la sienne. Il suscite un tel sentiment d&rsquo;inqui\u00e9tante \u00e9tranget\u00e9 que nous pr\u00e9f\u00e9rons d\u00e9tourner le regard et fermer nos oreilles.<\/p>\n","protected":false},"featured_media":1463,"comment_status":"closed","ping_status":"closed","template":"","meta":{"_et_pb_use_builder":"","_et_pb_old_content":"","_et_gb_content_width":"","spay_email":""},"class_list":["post-1462","product","type-product","status-publish","has-post-thumbnail","hentry","product_cat-livres","product_tag-accompagnement","product_tag-education","product_tag-identification","product_tag-personne-handicapee","product_tag-peur","product_tag-psychisme","product_tag-representation-du-handicap","product_tag-vecu"],"jetpack_sharing_enabled":true,"jetpack_likes_enabled":true,"_links":{"self":[{"href":"https:\/\/www.parthages.be\/eboutique\/wp-json\/wp\/v2\/product\/1462","targetHints":{"allow":["GET"]}}],"collection":[{"href":"https:\/\/www.parthages.be\/eboutique\/wp-json\/wp\/v2\/product"}],"about":[{"href":"https:\/\/www.parthages.be\/eboutique\/wp-json\/wp\/v2\/types\/product"}],"replies":[{"embeddable":true,"href":"https:\/\/www.parthages.be\/eboutique\/wp-json\/wp\/v2\/comments?post=1462"}],"wp:featuredmedia":[{"embeddable":true,"href":"https:\/\/www.parthages.be\/eboutique\/wp-json\/wp\/v2\/media\/1463"}],"wp:attachment":[{"href":"https:\/\/www.parthages.be\/eboutique\/wp-json\/wp\/v2\/media?parent=1462"}],"curies":[{"name":"wp","href":"https:\/\/api.w.org\/{rel}","templated":true}]}}