{"id":1504,"date":"2021-08-09T10:10:04","date_gmt":"2021-08-09T08:10:04","guid":{"rendered":"https:\/\/www.parthages.be\/eboutique\/?post_type=product&#038;p=1504"},"modified":"2021-08-09T10:10:05","modified_gmt":"2021-08-09T08:10:05","slug":"evaluation-des-projets-programmes-et-campagnes-dalphabetisation-pour-le-developpement","status":"publish","type":"product","link":"https:\/\/www.parthages.be\/eboutique\/produit\/evaluation-des-projets-programmes-et-campagnes-dalphabetisation-pour-le-developpement\/","title":{"rendered":"\u00c9valuation des projets: programmes et campagnes d&rsquo;alphab\u00e9tisation pour le d\u00e9veloppement"},"content":{"rendered":"<p>Le pr\u00e9sent ouvrage renferme un examen complet et d\u00e9taill\u00e9 du th\u00e8me de l&rsquo;\u00e9valuation couvrant la th\u00e9orie, la planification et la pratique relatives \u00e0 celle-ci.<\/p>\n<p>BHOLA H.S.<\/p>\n<p>FONDATION ALLEMANDE POUR LE D\u00daVELOPPEMENT INTERNATIONAL<\/p>\n<p>Institut de l&rsquo;Unesco pour l&rsquo;\u00e9ducation<\/p>\n<p>1992-340p.<\/p>\n<p>ISBN\u00a0: 92-8202059-2<\/p>\n<p>Cote doc\u00a0:8-20-BHO-E<\/p>\n<p><strong><em>Uniquement \u00e0 la location<\/em><\/strong><\/p>\n<span class=\"et_bloom_bottom_trigger\"><\/span>","protected":false},"excerpt":{"rendered":"<p>Le pr\u00e9sent ouvrage renferme un examen complet et d\u00e9taill\u00e9 du th\u00e8me de l&rsquo;\u00e9valuation couvrant la th\u00e9orie, la planification et la pratique relatives \u00e0 celle-ci.<\/p>\n","protected":false},"featured_media":1505,"comment_status":"closed","ping_status":"closed","template":"","meta":{"_et_pb_use_builder":"","_et_pb_old_content":"","_et_gb_content_width":"","spay_email":""},"class_list":["post-1504","product","type-product","status-publish","has-post-thumbnail","hentry","product_cat-livres","product_tag-alphabetisation","product_tag-amerique-du-nord","product_tag-automutilation","product_tag-bien-etre","product_tag-centre-de-formation","product_tag-competence","product_tag-comportement","product_tag-developpement","product_tag-enfant","product_tag-evaluation","product_tag-integration-sociale","product_tag-prevention","product_tag-prise-de-decision","product_tag-prise-en-charge","product_tag-programme","product_tag-qualite-de-vie","product_tag-satisfaction","product_tag-scolarisation","product_tag-societe","product_tag-structure","product_tag-temps-de-travail"],"jetpack_sharing_enabled":true,"jetpack_likes_enabled":true,"_links":{"self":[{"href":"https:\/\/www.parthages.be\/eboutique\/wp-json\/wp\/v2\/product\/1504","targetHints":{"allow":["GET"]}}],"collection":[{"href":"https:\/\/www.parthages.be\/eboutique\/wp-json\/wp\/v2\/product"}],"about":[{"href":"https:\/\/www.parthages.be\/eboutique\/wp-json\/wp\/v2\/types\/product"}],"replies":[{"embeddable":true,"href":"https:\/\/www.parthages.be\/eboutique\/wp-json\/wp\/v2\/comments?post=1504"}],"wp:featuredmedia":[{"embeddable":true,"href":"https:\/\/www.parthages.be\/eboutique\/wp-json\/wp\/v2\/media\/1505"}],"wp:attachment":[{"href":"https:\/\/www.parthages.be\/eboutique\/wp-json\/wp\/v2\/media?parent=1504"}],"curies":[{"name":"wp","href":"https:\/\/api.w.org\/{rel}","templated":true}]}}

Évaluation des projets: programmes et campagnes d&rsquo;alphabétisation pour le développement

<p>Le présent ouvrage renferme un examen complet et détaillé du thème de l&rsquo;évaluation couvrant la théorie, la planification et la pratique relatives à celle-ci.</p>
<p>BHOLA H.S.</p>
<p>FONDATION ALLEMANDE POUR LE DÚVELOPPEMENT INTERNATIONAL</p>
<p>Institut de l&rsquo;Unesco pour l&rsquo;éducation</p>
<p>1992-340p.</p>
<p>ISBN : 92-8202059-2</p>
<p>Cote doc :8-20-BHO-E</p>
<p><strong><em>Uniquement à la location</em></strong></p>
<span class="et_bloom_bottom_trigger"></span>

<p>Le présent ouvrage renferme un examen complet et détaillé du thème de l&rsquo;évaluation couvrant la théorie, la planification et la pratique relatives à celle-ci.</p>
