{"id":1508,"date":"2021-08-09T10:12:43","date_gmt":"2021-08-09T08:12:43","guid":{"rendered":"https:\/\/www.parthages.be\/eboutique\/?post_type=product&#038;p=1508"},"modified":"2021-08-09T10:12:44","modified_gmt":"2021-08-09T08:12:44","slug":"animez-la-communication-de-votre-association","status":"publish","type":"product","link":"https:\/\/www.parthages.be\/eboutique\/produit\/animez-la-communication-de-votre-association\/","title":{"rendered":"Animez la communication de votre association"},"content":{"rendered":"<p>Pour les associations, de m\u00eame que pour tout organisme, la communication ne repr\u00e9sente qu&rsquo;un outil, m\u00eame si sa ma\u00eetrise est indispensable pour atteindre les objectifs pr\u00e9vus.<\/p>\n<p>Trop souvent, les associations de petite et moyenne taille croient que la communication est r\u00e9serv\u00e9e aux entreprises, l&rsquo;associant fr\u00e9quemment \u00e0 la seule publicit\u00e9 dans les m\u00e9dias ou \u00e0 la r\u00e9daction d&rsquo;un bulletin interne. Et pourtant ! Elles la consid\u00e8rent aussi avec suspicion : trop technique, trop gourmande en temps, trop superficielle, trop ch\u00e8re ? Cependant, toutes communiquent, constamment, en relevant en outre deux d\u00e9fis : accomplir beaucoup avec peu de moyens, et faire fonctionner un ensemble h\u00e9t\u00e9roclite compos\u00e9 de b\u00e9n\u00e9voles, de salari\u00e9s et d&rsquo;\u00e9lus.<\/p>\n<p>Votre association regorge d&rsquo;un bon potentiel qu&rsquo;une bonne communication permettra d&rsquo;utiliser au mieux. Cet ouvrage se propose donc de vous aider \u00e0 professionnaliser vos outils et \u00e0 mieux exploiter les comp\u00e9tences dont vous disposez. Int\u00e9grer la dimension de la communication au projet et au fonctionnement de votre association doit devenir un r\u00e9flexe qui fera toute la diff\u00e9rence. Convaincre un financeur, fid\u00e9liser votre public, faire cohabiter b\u00e9n\u00e9voles et salari\u00e9s, organiser un \u00e9v\u00e9nement, augmenter votre audience, d\u00e9velopper des partenariats&#8230; pour concr\u00e9tiser efficacement tous ces objectifs, la qualit\u00e9 de votre communication est cruciale.<\/p>\n<p>Les professionnels de la communication ont leur langage, leurs codes et leurs mani\u00e8res de travailler. Connaissez-les pour \u00a0\u00bb communiquer \u00a0\u00bb en bonne intelligence avec eux. (Pr\u00e9sentation de l\u2019\u00e9diteur)<\/p>\n<p>ARBOGAST M.- MONS O.<\/p>\n<p>Vuibert<\/p>\n<p>2006-222p.<\/p>\n<p>ISBN\u00a0: 2-7117-9194-7<\/p>\n<p>Cote doc\u00a0: 8-20-ARB-A<\/p>\n<p><strong><em>Uniquement \u00e0 la location<\/em><\/strong><\/p>\n<span class=\"et_bloom_bottom_trigger\"><\/span>","protected":false},"excerpt":{"rendered":"<p>Pour les associations, de m\u00eame que pour tout organisme, la communication ne repr\u00e9sente qu&rsquo;un outil, m\u00eame si sa ma\u00eetrise est indispensable pour atteindre les objectifs pr\u00e9vus.<\/p>\n","protected":false},"featured_media":1509,"comment_status":"closed","ping_status":"closed","template":"","meta":{"_et_pb_use_builder":"","_et_pb_old_content":"","_et_gb_content_width":"","spay_email":""},"class_list":["post-1508","product","type-product","status-publish","has-post-thumbnail","hentry","product_cat-livres","product_tag-action","product_tag-association","product_tag-communication","product_tag-organisation","product_tag-outil","product_tag-projet","product_tag-strategie"],"jetpack_sharing_enabled":true,"jetpack_likes_enabled":true,"_links":{"self":[{"href":"https:\/\/www.parthages.be\/eboutique\/wp-json\/wp\/v2\/product\/1508","targetHints":{"allow":["GET"]}}],"collection":[{"href":"https:\/\/www.parthages.be\/eboutique\/wp-json\/wp\/v2\/product"}],"about":[{"href":"https:\/\/www.parthages.be\/eboutique\/wp-json\/wp\/v2\/types\/product"}],"replies":[{"embeddable":true,"href":"https:\/\/www.parthages.be\/eboutique\/wp-json\/wp\/v2\/comments?post=1508"}],"wp:featuredmedia":[{"embeddable":true,"href":"https:\/\/www.parthages.be\/eboutique\/wp-json\/wp\/v2\/media\/1509"}],"wp:attachment":[{"href":"https:\/\/www.parthages.be\/eboutique\/wp-json\/wp\/v2\/media?parent=1508"}],"curies":[{"name":"wp","href":"https:\/\/api.w.org\/{rel}","templated":true}]}}

<p>Pour les associations, de même que pour tout organisme, la communication ne représente qu&rsquo;un outil, même si sa maîtrise est indispensable pour atteindre les objectifs prévus.</p>
<p>Trop souvent, les associations de petite et moyenne taille croient que la communication est réservée aux entreprises, l&rsquo;associant fréquemment à la seule publicité dans les médias ou à la rédaction d&rsquo;un bulletin interne. Et pourtant ! Elles la considèrent aussi avec suspicion : trop technique, trop gourmande en temps, trop superficielle, trop chère ? Cependant, toutes communiquent, constamment, en relevant en outre deux défis : accomplir beaucoup avec peu de moyens, et faire fonctionner un ensemble hétéroclite composé de bénévoles, de salariés et d&rsquo;élus.</p>
<p>Votre association regorge d&rsquo;un bon potentiel qu&rsquo;une bonne communication permettra d&rsquo;utiliser au mieux. Cet ouvrage se propose donc de vous aider à professionnaliser vos outils et à mieux exploiter les compétences dont vous disposez. Intégrer la dimension de la communication au projet et au fonctionnement de votre association doit devenir un réflexe qui fera toute la différence. Convaincre un financeur, fidéliser votre public, faire cohabiter bénévoles et salariés, organiser un événement, augmenter votre audience, développer des partenariats&#8230; pour concrétiser efficacement tous ces objectifs, la qualité de votre communication est cruciale.</p>
<p>Les professionnels de la communication ont leur langage, leurs codes et leurs manières de travailler. Connaissez-les pour  » communiquer  » en bonne intelligence avec eux. (Présentation de l’éditeur)</p>
<p>ARBOGAST M.- MONS O.</p>
<p>Vuibert</p>
<p>2006-222p.</p>
<p>ISBN : 2-7117-9194-7</p>
<p>Cote doc : 8-20-ARB-A</p>
<p><strong><em>Uniquement à la location</em></strong></p>
<span class="et_bloom_bottom_trigger"></span>

<p>Pour les associations, de même que pour tout organisme, la communication ne représente qu&rsquo;un outil, même si sa maîtrise est indispensable pour atteindre les objectifs prévus.</p>
