{"id":1525,"date":"2021-08-09T10:33:49","date_gmt":"2021-08-09T08:33:49","guid":{"rendered":"https:\/\/www.parthages.be\/eboutique\/?post_type=product&#038;p=1525"},"modified":"2021-08-09T10:33:50","modified_gmt":"2021-08-09T08:33:50","slug":"les-collectes-et-les-loteries-aspects-administratifs-et-penaux","status":"publish","type":"product","link":"https:\/\/www.parthages.be\/eboutique\/produit\/les-collectes-et-les-loteries-aspects-administratifs-et-penaux\/","title":{"rendered":"Les collectes et les loteries : aspects administratifs et p\u00e9naux"},"content":{"rendered":"<p>Chaque ann\u00e9e des centaines de collectes et de tombola sont organis\u00e9es en Belgique.<\/p>\n<p>Cinq autorit\u00e9s administratives diff\u00e9rentes sont comp\u00e9tentes \u00ab\u00a0rationac loci\u00a0\u00bb pour d\u00e9livrer les autorisations requises, \u00e0 savoir: le bourgmestre, le coll\u00e8ge des bourgmestres et \u00e9chevins, la d\u00e9putation permanente du conseil provincial, le Gouvernement de la R\u00e9gion de Bruxelles-Capitale et le Roi.<\/p>\n<p>La police locale a pour t\u00e2che d&rsquo;effectuer une enqu\u00eate sur l&rsquo;int\u00e9grit\u00e9 ou la probit\u00e9 des organisateurs.<\/p>\n<p>PLAS G.<\/p>\n<p>Uga<\/p>\n<p>2001-106p.<\/p>\n<p>ISBN\u00a0: 90-6768-244-6<\/p>\n<p>Cote doc\u00a0: 8-10-PLA-C<\/p>\n<p><strong><em>Uniquement \u00e0 la location<\/em><\/strong><\/p>\n<span class=\"et_bloom_bottom_trigger\"><\/span>","protected":false},"excerpt":{"rendered":"<p>Chaque ann\u00e9e des centaines de collectes et de tombola sont organis\u00e9es en Belgique.<\/p>\n","protected":false},"featured_media":1526,"comment_status":"closed","ping_status":"closed","template":"","meta":{"_et_pb_use_builder":"","_et_pb_old_content":"","_et_gb_content_width":"","spay_email":""},"class_list":["post-1525","product","type-product","status-publish","has-post-thumbnail","hentry","product_cat-livres","product_tag-administration","product_tag-belgique","product_tag-financement","product_tag-recolte-de-fonds","product_tag-secteur-non-marchand"],"jetpack_sharing_enabled":true,"jetpack_likes_enabled":true,"_links":{"self":[{"href":"https:\/\/www.parthages.be\/eboutique\/wp-json\/wp\/v2\/product\/1525","targetHints":{"allow":["GET"]}}],"collection":[{"href":"https:\/\/www.parthages.be\/eboutique\/wp-json\/wp\/v2\/product"}],"about":[{"href":"https:\/\/www.parthages.be\/eboutique\/wp-json\/wp\/v2\/types\/product"}],"replies":[{"embeddable":true,"href":"https:\/\/www.parthages.be\/eboutique\/wp-json\/wp\/v2\/comments?post=1525"}],"wp:featuredmedia":[{"embeddable":true,"href":"https:\/\/www.parthages.be\/eboutique\/wp-json\/wp\/v2\/media\/1526"}],"wp:attachment":[{"href":"https:\/\/www.parthages.be\/eboutique\/wp-json\/wp\/v2\/media?parent=1525"}],"curies":[{"name":"wp","href":"https:\/\/api.w.org\/{rel}","templated":true}]}}