{"id":1531,"date":"2021-08-09T10:38:10","date_gmt":"2021-08-09T08:38:10","guid":{"rendered":"https:\/\/www.parthages.be\/eboutique\/?post_type=product&#038;p=1531"},"modified":"2021-08-09T10:38:11","modified_gmt":"2021-08-09T08:38:11","slug":"le-fonctionnement-des-ag-et-des-ca-des-asbl","status":"publish","type":"product","link":"https:\/\/www.parthages.be\/eboutique\/produit\/le-fonctionnement-des-ag-et-des-ca-des-asbl\/","title":{"rendered":"Le fonctionnement des Ag et des CA des asbl"},"content":{"rendered":"<p>Ce septi\u00e8me num\u00e9ro est consacr\u00e9 \u00e0 : \u00ab\u00a0ASBL et missions de services publics\u00a0\u00bb : \u00a0\u00bb Qui d\u00e9cide de convoquer l\u2019assembl\u00e9e g\u00e9n\u00e9rale ?<\/p>\n<p>&#8211; Les formalit\u00e9s de convocation de l\u2019assembl\u00e9e g\u00e9n\u00e9rale<\/p>\n<p>&#8211; Qui peut assister \u00e0 une assembl\u00e9e g\u00e9n\u00e9rale ?<\/p>\n<p>&#8211; Quel est le d\u00e9roulement d\u2019une assembl\u00e9e g\u00e9n\u00e9rale ?<\/p>\n<p>&#8211; Qui peut assister au conseil d\u2019administration ?<\/p>\n<p>&#8211; Les pouvoirs et la d\u00e9l\u00e9gation au conseil d\u2019administration<\/p>\n<p>&#8211; Le fonctionnement du conseil d\u2019administration<\/p>\n<p>&#8211; Majorit\u00e9s et quorum de pr\u00e9sence aux assembl\u00e9es g\u00e9n\u00e9rales et au conseil d\u2019administration<\/p>\n<p>&#8211; Le commissaire de l\u2019ASBL dans ses relations avec l\u2019assembl\u00e9e g\u00e9n\u00e9rale et le conseil d\u2019administration<\/p>\n<p>&#8211; Les proc\u00e8s-verbaux du conseil d\u2019administration et de l\u2019assembl\u00e9e g\u00e9n\u00e9rale des membres \u00ab\u00a0. (Pr\u00e9sentation de l\u2019\u00e9diteur)<\/p>\n<p>COIPEL M.- DAVAGLE M.<\/p>\n<p>Edipro<\/p>\n<p>2009-176p.-38\u20ac<\/p>\n<p>ISBN\u00a0: 978-2-87496-069-7<\/p>\n<p>Cote doc\u00a0: 8-10-COI-F<\/p>\n<span class=\"et_bloom_bottom_trigger\"><\/span>","protected":false},"excerpt":{"rendered":"<p>Ce septi\u00e8me num\u00e9ro est consacr\u00e9 \u00e0 : \u00ab\u00a0ASBL et missions de services publics\u00a0\u00bb : \u00a0\u00bb Qui d\u00e9cide de convoquer l\u2019assembl\u00e9e g\u00e9n\u00e9rale ?<\/p>\n","protected":false},"featured_media":1532,"comment_status":"closed","ping_status":"closed","template":"","meta":{"_et_pb_use_builder":"","_et_pb_old_content":"","_et_gb_content_width":"","spay_email":""},"class_list":["post-1531","product","type-product","status-publish","has-post-thumbnail","hentry","product_cat-livres","product_tag-analyse-de-situation","product_tag-assemblee-generale","product_tag-conseil-dadministration","product_tag-economie-sociale","product_tag-fonctionnement","product_tag-gestion","product_tag-outil","product_tag-secteur-non-marchand","product_tag-technique-daide"],"jetpack_sharing_enabled":true,"jetpack_likes_enabled":true,"_links":{"self":[{"href":"https:\/\/www.parthages.be\/eboutique\/wp-json\/wp\/v2\/product\/1531","targetHints":{"allow":["GET"]}}],"collection":[{"href":"https:\/\/www.parthages.be\/eboutique\/wp-json\/wp\/v2\/product"}],"about":[{"href":"https:\/\/www.parthages.be\/eboutique\/wp-json\/wp\/v2\/types\/product"}],"replies":[{"embeddable":true,"href":"https:\/\/www.parthages.be\/eboutique\/wp-json\/wp\/v2\/comments?post=1531"}],"wp:featuredmedia":[{"embeddable":true,"href":"https:\/\/www.parthages.be\/eboutique\/wp-json\/wp\/v2\/media\/1532"}],"wp:attachment":[{"href":"https:\/\/www.parthages.be\/eboutique\/wp-json\/wp\/v2\/media?parent=1531"}],"curies":[{"name":"wp","href":"https:\/\/api.w.org\/{rel}","templated":true}]}}

<p>Ce septième numéro est consacré à : « ASBL et missions de services publics » :  » Qui décide de convoquer l’assemblée générale ?</p>
<p>&#8211; Les formalités de convocation de l’assemblée générale</p>
<p>&#8211; Qui peut assister à une assemblée générale ?</p>
<p>&#8211; Quel est le déroulement d’une assemblée générale ?</p>
<p>&#8211; Qui peut assister au conseil d’administration ?</p>
<p>&#8211; Les pouvoirs et la délégation au conseil d’administration</p>
<p>&#8211; Le fonctionnement du conseil d’administration</p>
<p>&#8211; Majorités et quorum de présence aux assemblées générales et au conseil d’administration</p>
<p>&#8211; Le commissaire de l’ASBL dans ses relations avec l’assemblée générale et le conseil d’administration</p>
<p>&#8211; Les procès-verbaux du conseil d’administration et de l’assemblée générale des membres « . (Présentation de l’éditeur)</p>
<p>COIPEL M.- DAVAGLE M.</p>
<p>Edipro</p>
<p>2009-176p.-38€</p>
<p>ISBN : 978-2-87496-069-7</p>
<p>Cote doc : 8-10-COI-F</p>
<span class="et_bloom_bottom_trigger"></span>

<p>Ce septième numéro est consacré à : « ASBL et missions de services publics » :  » Qui décide de convoquer l’assemblée générale ?</p>
