{"id":1533,"date":"2021-08-09T10:40:43","date_gmt":"2021-08-09T08:40:43","guid":{"rendered":"https:\/\/www.parthages.be\/eboutique\/?post_type=product&#038;p=1533"},"modified":"2021-08-09T10:40:44","modified_gmt":"2021-08-09T08:40:44","slug":"handicaps-et-vieillissement-demographique-des-defis-pour-la-ville","status":"publish","type":"product","link":"https:\/\/www.parthages.be\/eboutique\/produit\/handicaps-et-vieillissement-demographique-des-defis-pour-la-ville\/","title":{"rendered":"Handicaps et vieillissement d\u00e9mographique : des d\u00e9fis pour la ville"},"content":{"rendered":"<p>Dans ce rapport, il est question des cons\u00e9quences du vieillissement de la population, des personnes handicap\u00e9es et des impacts sur le logement.<\/p>\n<p>VANDERHAEGEN C.<\/p>\n<p>Conf\u00e9d\u00e9ration construction<\/p>\n<p>2001-248p<\/p>\n<p>Cote doc\u00a0: 7-50-VAN-H<\/p>\n<p><strong><em>Uniquement \u00e0 la location<\/em><\/strong><\/p>\n<span class=\"et_bloom_bottom_trigger\"><\/span>","protected":false},"excerpt":{"rendered":"<p>Dans ce rapport, il est question des cons\u00e9quences du vieillissement de la population, des personnes handicap\u00e9es et des impacts sur le logement.<\/p>\n","protected":false},"featured_media":1534,"comment_status":"closed","ping_status":"closed","template":"","meta":{"_et_pb_use_builder":"","_et_pb_old_content":"","_et_gb_content_width":"","spay_email":""},"class_list":["post-1533","product","type-product","status-publish","has-post-thumbnail","hentry","product_cat-livres","product_tag-accessibilite","product_tag-aide-technique","product_tag-autonomie","product_tag-belgique","product_tag-bruxelles-capitale","product_tag-demographie","product_tag-droit-a-la-difference","product_tag-logement","product_tag-logement-adapte","product_tag-mobilite","product_tag-obstacle","product_tag-pays-scandinaves","product_tag-personne-agee","product_tag-personne-handicapee","product_tag-politique-europeenne","product_tag-pouvoirs-publics","product_tag-soins-a-domicile","product_tag-statistique","product_tag-union-europeenne","product_tag-urbanisme","product_tag-usa","product_tag-vieillissement"],"jetpack_sharing_enabled":true,"jetpack_likes_enabled":true,"_links":{"self":[{"href":"https:\/\/www.parthages.be\/eboutique\/wp-json\/wp\/v2\/product\/1533","targetHints":{"allow":["GET"]}}],"collection":[{"href":"https:\/\/www.parthages.be\/eboutique\/wp-json\/wp\/v2\/product"}],"about":[{"href":"https:\/\/www.parthages.be\/eboutique\/wp-json\/wp\/v2\/types\/product"}],"replies":[{"embeddable":true,"href":"https:\/\/www.parthages.be\/eboutique\/wp-json\/wp\/v2\/comments?post=1533"}],"wp:featuredmedia":[{"embeddable":true,"href":"https:\/\/www.parthages.be\/eboutique\/wp-json\/wp\/v2\/media\/1534"}],"wp:attachment":[{"href":"https:\/\/www.parthages.be\/eboutique\/wp-json\/wp\/v2\/media?parent=1533"}],"curies":[{"name":"wp","href":"https:\/\/api.w.org\/{rel}","templated":true}]}}

Handicaps et vieillissement démographique : des défis pour la ville

<p>Dans ce rapport, il est question des conséquences du vieillissement de la population, des personnes handicapées et des impacts sur le logement.</p>
<p>VANDERHAEGEN C.</p>
<p>Confédération construction</p>
<p>2001-248p</p>
<p>Cote doc : 7-50-VAN-H</p>
<p><strong><em>Uniquement à la location</em></strong></p>
<span class="et_bloom_bottom_trigger"></span>

<p>Dans ce rapport, il est question des conséquences du vieillissement de la population, des personnes handicapées et des impacts sur le logement.</p>
