{"id":1541,"date":"2021-08-17T10:10:19","date_gmt":"2021-08-17T08:10:19","guid":{"rendered":"https:\/\/www.parthages.be\/eboutique\/?post_type=product&#038;p=1541"},"modified":"2021-08-17T10:10:20","modified_gmt":"2021-08-17T08:10:20","slug":"les-accompagner-jusquau-bout-du-chemin","status":"publish","type":"product","link":"https:\/\/www.parthages.be\/eboutique\/produit\/les-accompagner-jusquau-bout-du-chemin\/","title":{"rendered":"Les accompagner jusqu&rsquo;au bout du chemin"},"content":{"rendered":"<p>Faut-il accueillir les personnes handicap\u00e9es vieillissantes en maison de retraite ?<\/p>\n<p>Dans l&rsquo;affirmative, la cohabitation avec les (autres) personnes \u00e2g\u00e9es est-elle possible, et \u00e0 quelles conditions ? Faut-il les accueillir dans des structures sp\u00e9cialis\u00e9es ? Pourquoi ?<\/p>\n<p>Que pr\u00e9voir, lorsqu&rsquo;on doit concevoir une politique d&rsquo;accueil, pour r\u00e9pondre \u00e0 tous les cas de figure ?<\/p>\n<p>C&rsquo;est \u00e0 ces questions que s&rsquo;efforcent de r\u00e9pondre les deux \u00e9tudes, financ\u00e9es par la Fondation de France, qui composent cet ouvrage. L&rsquo;une porte sur l&rsquo;accueil des personnes handicap\u00e9es vieillissantes en maison de retraite, l&rsquo;autre sur l&rsquo;accueil en structures sp\u00e9cialis\u00e9es. (Pr\u00e9sentation de l&rsquo;\u00e9diteur)<\/p>\n<p>FONDATION DE FRANCE<\/p>\n<p>Editions ENSP<\/p>\n<p>2000 -187p. &#8211; 22\u20ac<\/p>\n<p>315g<\/p>\n<p>ISBN 978-2-85952-796-9<\/p>\n<p>Cote doc: 7-50-FDF-A<\/p>\n<span class=\"et_bloom_bottom_trigger\"><\/span>","protected":false},"excerpt":{"rendered":"<p>Faut-il accueillir les personnes handicap\u00e9es vieillissantes en maison de retraite ?<\/p>\n","protected":false},"featured_media":1542,"comment_status":"closed","ping_status":"closed","template":"","meta":{"_et_pb_use_builder":"","_et_pb_old_content":"","_et_gb_content_width":"","spay_email":""},"class_list":["post-1541","product","type-product","status-publish","has-post-thumbnail","hentry","product_cat-livres","product_tag-accueil","product_tag-deficience-intellectuelle","product_tag-hebergement","product_tag-institution","product_tag-logement","product_tag-qualite-de-vie","product_tag-relation-soignant-soigne","product_tag-soins","product_tag-statistique","product_tag-temoignage","product_tag-vieillissement"],"jetpack_sharing_enabled":true,"jetpack_likes_enabled":true,"_links":{"self":[{"href":"https:\/\/www.parthages.be\/eboutique\/wp-json\/wp\/v2\/product\/1541","targetHints":{"allow":["GET"]}}],"collection":[{"href":"https:\/\/www.parthages.be\/eboutique\/wp-json\/wp\/v2\/product"}],"about":[{"href":"https:\/\/www.parthages.be\/eboutique\/wp-json\/wp\/v2\/types\/product"}],"replies":[{"embeddable":true,"href":"https:\/\/www.parthages.be\/eboutique\/wp-json\/wp\/v2\/comments?post=1541"}],"wp:featuredmedia":[{"embeddable":true,"href":"https:\/\/www.parthages.be\/eboutique\/wp-json\/wp\/v2\/media\/1542"}],"wp:attachment":[{"href":"https:\/\/www.parthages.be\/eboutique\/wp-json\/wp\/v2\/media?parent=1541"}],"curies":[{"name":"wp","href":"https:\/\/api.w.org\/{rel}","templated":true}]}}

<p>Faut-il accueillir les personnes handicapées vieillissantes en maison de retraite ?</p>
<p>Dans l&rsquo;affirmative, la cohabitation avec les (autres) personnes âgées est-elle possible, et à quelles conditions ? Faut-il les accueillir dans des structures spécialisées ? Pourquoi ?</p>
<p>Que prévoir, lorsqu&rsquo;on doit concevoir une politique d&rsquo;accueil, pour répondre à tous les cas de figure ?</p>
<p>C&rsquo;est à ces questions que s&rsquo;efforcent de répondre les deux études, financées par la Fondation de France, qui composent cet ouvrage. L&rsquo;une porte sur l&rsquo;accueil des personnes handicapées vieillissantes en maison de retraite, l&rsquo;autre sur l&rsquo;accueil en structures spécialisées. (Présentation de l&rsquo;éditeur)</p>
<p>FONDATION DE FRANCE</p>
<p>Editions ENSP</p>
<p>2000 -187p. &#8211; 22€</p>
<p>315g</p>
<p>ISBN 978-2-85952-796-9</p>
<p>Cote doc: 7-50-FDF-A</p>
<span class="et_bloom_bottom_trigger"></span>

<p>Faut-il accueillir les personnes handicapées vieillissantes en maison de retraite ?</p>
