{"id":1551,"date":"2021-08-17T10:30:08","date_gmt":"2021-08-17T08:30:08","guid":{"rendered":"https:\/\/www.parthages.be\/eboutique\/?post_type=product&#038;p=1551"},"modified":"2021-08-17T10:30:09","modified_gmt":"2021-08-17T08:30:09","slug":"regards-croises-autour-du-handicap","status":"publish","type":"product","link":"https:\/\/www.parthages.be\/eboutique\/produit\/regards-croises-autour-du-handicap\/","title":{"rendered":"Regards crois\u00e9s autour du handicap"},"content":{"rendered":"<p>Malgr\u00e9 deux engagements philosophiques et sociopolitiques diff\u00e9rents, Andr\u00e9e Maes et Gis\u00e8le Marli\u00e8re m\u00e8nent un seul combat en front commun depuis 1999: la d\u00e9fense sociale de la personne handicap\u00e9e.<\/p>\n<p>\u00c0 travers leur exp\u00e9rience personnelle (l&rsquo;une est valide, l&rsquo;autre pas) et leur connaissance du milieu associatif, elles d\u00e9finissent le handicap, tout en nuance et en subtilit\u00e9. Elles d\u00e9crivent \u00e9galement les rapports complexes et ambigus entre valides et moins valides \u00ab\u00a0dans une soci\u00e9t\u00e9 pens\u00e9e d&rsquo;abord par ceux et pour ceux qui n&rsquo;ont pas de limite\u00a0\u00bb, le rapport ambivalent qu&rsquo;entretient le monde du handicap avec la soci\u00e9t\u00e9 globale ainsi que la sous-repr\u00e9sentation des personnes handicap\u00e9es dans l&rsquo;action collective.<\/p>\n<p>En cette p\u00e9riode de crise et de restrictions, cet ouvrage constitue un triple appel: \u00e0 la vigilance, \u00e0 une meilleure implication des personnes handicap\u00e9es dans la soci\u00e9t\u00e9 mais aussi \u00e0 la solidarit\u00e9 (Pr\u00e9sentation de l\u2019\u00e9diteur)<\/p>\n<p>MAES A.- MARLIERE G.<\/p>\n<p>Luc Pire<\/p>\n<p>2010- 133p<\/p>\n<p>ISBN\u00a0: 978-2-507-00298-5<\/p>\n<p>Cote doc\u00a0: 7-30-MAE-R<\/p>\n<p><strong><em>Uniquement \u00e0 la location<\/em><\/strong><\/p>\n<span class=\"et_bloom_bottom_trigger\"><\/span>","protected":false},"excerpt":{"rendered":"<p>Malgr\u00e9 deux engagements philosophiques et sociopolitiques diff\u00e9rents, Andr\u00e9e Maes et Gis\u00e8le Marli\u00e8re m\u00e8nent un seul combat en front commun depuis 1999: la d\u00e9fense sociale de la personne handicap\u00e9e.<\/p>\n","protected":false},"featured_media":1552,"comment_status":"closed","ping_status":"closed","template":"","meta":{"_et_pb_use_builder":"","_et_pb_old_content":"","_et_gb_content_width":"","spay_email":""},"class_list":["post-1551","product","type-product","status-publish","has-post-thumbnail","hentry","product_cat-livres","product_tag-argent","product_tag-defense-sociale","product_tag-definition","product_tag-discrimination","product_tag-inegalite","product_tag-personne-handicapee","product_tag-readaptation","product_tag-reconnaissance-du-handicap","product_tag-regard","product_tag-societe","product_tag-soins"],"jetpack_sharing_enabled":true,"jetpack_likes_enabled":true,"_links":{"self":[{"href":"https:\/\/www.parthages.be\/eboutique\/wp-json\/wp\/v2\/product\/1551","targetHints":{"allow":["GET"]}}],"collection":[{"href":"https:\/\/www.parthages.be\/eboutique\/wp-json\/wp\/v2\/product"}],"about":[{"href":"https:\/\/www.parthages.be\/eboutique\/wp-json\/wp\/v2\/types\/product"}],"replies":[{"embeddable":true,"href":"https:\/\/www.parthages.be\/eboutique\/wp-json\/wp\/v2\/comments?post=1551"}],"wp:featuredmedia":[{"embeddable":true,"href":"https:\/\/www.parthages.be\/eboutique\/wp-json\/wp\/v2\/media\/1552"}],"wp:attachment":[{"href":"https:\/\/www.parthages.be\/eboutique\/wp-json\/wp\/v2\/media?parent=1551"}],"curies":[{"name":"wp","href":"https:\/\/api.w.org\/{rel}","templated":true}]}}

Regards croisés autour du handicap

<p>Malgré deux engagements philosophiques et sociopolitiques différents, Andrée Maes et Gisèle Marlière mènent un seul combat en front commun depuis 1999: la défense sociale de la personne handicapée.</p>
<p>À travers leur expérience personnelle (l&rsquo;une est valide, l&rsquo;autre pas) et leur connaissance du milieu associatif, elles définissent le handicap, tout en nuance et en subtilité. Elles décrivent également les rapports complexes et ambigus entre valides et moins valides « dans une société pensée d&rsquo;abord par ceux et pour ceux qui n&rsquo;ont pas de limite », le rapport ambivalent qu&rsquo;entretient le monde du handicap avec la société globale ainsi que la sous-représentation des personnes handicapées dans l&rsquo;action collective.</p>
<p>En cette période de crise et de restrictions, cet ouvrage constitue un triple appel: à la vigilance, à une meilleure implication des personnes handicapées dans la société mais aussi à la solidarité (Présentation de l’éditeur)</p>
<p>MAES A.- MARLIERE G.</p>
<p>Luc Pire</p>
<p>2010- 133p</p>
<p>ISBN : 978-2-507-00298-5</p>
<p>Cote doc : 7-30-MAE-R</p>
<p><strong><em>Uniquement à la location</em></strong></p>
<span class="et_bloom_bottom_trigger"></span>

<p>Malgré deux engagements philosophiques et sociopolitiques différents, Andrée Maes et Gisèle Marlière mènent un seul combat en front commun depuis 1999: la défense sociale de la personne handicapée.</p>
