{"id":1556,"date":"2021-08-17T10:34:48","date_gmt":"2021-08-17T08:34:48","guid":{"rendered":"https:\/\/www.parthages.be\/eboutique\/?post_type=product&#038;p=1556"},"modified":"2021-08-17T10:34:49","modified_gmt":"2021-08-17T08:34:49","slug":"au-nom-de-la-fragilite-des-mots-decrivains","status":"publish","type":"product","link":"https:\/\/www.parthages.be\/eboutique\/produit\/au-nom-de-la-fragilite-des-mots-decrivains\/","title":{"rendered":"Au nom de la fragilit\u00e9. Des mots d&rsquo;\u00e9crivains"},"content":{"rendered":"<p>\u00ab Ces pages, \u00e0 l&rsquo;\u00e9criture diverse, disent ce que l&rsquo;on ne peut dire autrement. Avec retenue, avec tendresse. Comme un cocktail d&rsquo;humanit\u00e9 et de po\u00e9sie. Peut-\u00eatre sont-elles un feu de brume en un temps opaque. Peut-\u00eatre une \u00e9claircie dans l&rsquo;\u00e9paisse for\u00eat des faux-semblants et des facticit\u00e9s. Peut-\u00eatre une tr\u00eave dans l&rsquo;absurde jeu pour para\u00eetre, abuser les autres et se tromper soi-m\u00eame. Peut-\u00eatre un instant de v\u00e9rit\u00e9 au milieu de notre grand bal masqu\u00e9. Certainement un signe pour signifier \u00e0 ceux qui \u00e9prouvent le handicap au quotidien : \u00a0\u00bb Vous n&rsquo;\u00eates pas seuls. Votre fragilit\u00e9 est la n\u00f4tre \u00ab\u00a0. \u00bb CG (Pr\u00e9sentation de l\u2019\u00e9diteur)<\/p>\n<p>GARDOU C.<\/p>\n<p>Editions Er\u00e8s<\/p>\n<p>2009-249p.-21\u20ac<\/p>\n<p>310gr<\/p>\n<p>ISBN\u00a0: 978-2-7492-1137-4<\/p>\n<p>Cote doc\u00a0:\u00a07-30-GAR-A<\/p>\n<span class=\"et_bloom_bottom_trigger\"><\/span>","protected":false},"excerpt":{"rendered":"<p>\u00ab Ces pages, \u00e0 l&rsquo;\u00e9criture diverse, disent ce que l&rsquo;on ne peut dire autrement. Avec retenue, avec tendresse.<\/p>\n","protected":false},"featured_media":1557,"comment_status":"closed","ping_status":"closed","template":"","meta":{"_et_pb_use_builder":"","_et_pb_old_content":"","_et_gb_content_width":"","spay_email":""},"class_list":["post-1556","product","type-product","status-publish","has-post-thumbnail","hentry","product_cat-livres","product_tag-emotion","product_tag-ethique","product_tag-fragilite","product_tag-handicap","product_tag-temoignage","product_tag-vecu","product_tag-vie-quotidienne"],"jetpack_sharing_enabled":true,"jetpack_likes_enabled":true,"_links":{"self":[{"href":"https:\/\/www.parthages.be\/eboutique\/wp-json\/wp\/v2\/product\/1556","targetHints":{"allow":["GET"]}}],"collection":[{"href":"https:\/\/www.parthages.be\/eboutique\/wp-json\/wp\/v2\/product"}],"about":[{"href":"https:\/\/www.parthages.be\/eboutique\/wp-json\/wp\/v2\/types\/product"}],"replies":[{"embeddable":true,"href":"https:\/\/www.parthages.be\/eboutique\/wp-json\/wp\/v2\/comments?post=1556"}],"wp:featuredmedia":[{"embeddable":true,"href":"https:\/\/www.parthages.be\/eboutique\/wp-json\/wp\/v2\/media\/1557"}],"wp:attachment":[{"href":"https:\/\/www.parthages.be\/eboutique\/wp-json\/wp\/v2\/media?parent=1556"}],"curies":[{"name":"wp","href":"https:\/\/api.w.org\/{rel}","templated":true}]}}

Au nom de la fragilité. Des mots d&rsquo;écrivains

<p>« Ces pages, à l&rsquo;écriture diverse, disent ce que l&rsquo;on ne peut dire autrement. Avec retenue, avec tendresse. Comme un cocktail d&rsquo;humanité et de poésie. Peut-être sont-elles un feu de brume en un temps opaque. Peut-être une éclaircie dans l&rsquo;épaisse forêt des faux-semblants et des facticités. Peut-être une trêve dans l&rsquo;absurde jeu pour paraître, abuser les autres et se tromper soi-même. Peut-être un instant de vérité au milieu de notre grand bal masqué. Certainement un signe pour signifier à ceux qui éprouvent le handicap au quotidien :  » Vous n&rsquo;êtes pas seuls. Votre fragilité est la nôtre « . » CG (Présentation de l’éditeur)</p>
<p>GARDOU C.</p>
<p>Editions Erès</p>
<p>2009-249p.-21€</p>
<p>310gr</p>
<p>ISBN : 978-2-7492-1137-4</p>
<p>Cote doc : 7-30-GAR-A</p>
<span class="et_bloom_bottom_trigger"></span>

<p>« Ces pages, à l&rsquo;écriture diverse, disent ce que l&rsquo;on ne peut dire autrement. Avec retenue, avec tendresse.</p>
