{"id":1558,"date":"2021-08-17T10:38:59","date_gmt":"2021-08-17T08:38:59","guid":{"rendered":"https:\/\/www.parthages.be\/eboutique\/?post_type=product&#038;p=1558"},"modified":"2021-08-19T09:43:32","modified_gmt":"2021-08-19T07:43:32","slug":"le-handicap-en-images-les-representations-de-la-deficience-dans-les-oeuvres-dart","status":"publish","type":"product","link":"https:\/\/www.parthages.be\/eboutique\/produit\/le-handicap-en-images-les-representations-de-la-deficience-dans-les-oeuvres-dart\/","title":{"rendered":"Le handicap en images: les repr\u00e9sentations de la d\u00e9ficience dans les oeuvres d&rsquo;art"},"content":{"rendered":"<p>L&rsquo;art modifie-t-il notre regard social sur ce que nous nommons aujourd&rsquo;hui le handicap ? Ces images issues de la litt\u00e9rature, la peinture, le cin\u00e9ma, la photographie, les s\u00e9ries t\u00e9l\u00e9vis\u00e9es\u2026 trahissent souvent l&rsquo;ambivalence faite d&rsquo;attirance et de r\u00e9pulsion que nous entretenons avec l&rsquo;autre si diff\u00e9rent. Favorisent-elles la m\u00e9diation entre les mondes distincts, le n\u00f4tre et celui des personnes souffrant de d\u00e9ficiences ?<\/p>\n<p>En amadouant le regard, les \u0153uvres d&rsquo;art, quels que soient les supports utilis\u00e9s (images fixes ou anim\u00e9es, images mentales), donnent corps et vie \u00e0 l&rsquo;atteinte, physique et morale, et \u00e0 ses cons\u00e9quences individuelles et sociales. Elles condensent des fa\u00e7ons collectives de voir les personnes handicap\u00e9es et constituent une mani\u00e8re d&rsquo;officialiser les diff\u00e9rences, sans les nier mais sans les exclure.<\/p>\n<p>Analyser, c&rsquo;est-\u00e0-dire d\u00e9crire et comprendre, ces \u0153uvres de culture provenant des si\u00e8cles pass\u00e9s mais aussi d&rsquo;aujourd&rsquo;hui, telle est l&rsquo;ambition de cet ouvrage qui t\u00e9moigne des permanences et des \u00e9volutions de la place que la soci\u00e9t\u00e9 r\u00e9serve \u00e0 la diff\u00e9rence et \u00e0 l&rsquo;alt\u00e9rit\u00e9. (Pr\u00e9sentation de l\u2019\u00e9diteur)<\/p>\n<p>BLANC A. &#8211; STIKER H.J.<\/p>\n<p>Editions Er\u00e8s<\/p>\n<p>2003-288p.-26\u20ac<\/p>\n<p>480gr<\/p>\n<p>ISBN\u00a0: 2-7492-0174-8<\/p>\n<p>Cote doc\u00a0: 7-30-BLA-H<\/p>\n<span class=\"et_bloom_bottom_trigger\"><\/span>","protected":false},"excerpt":{"rendered":"<p>L&rsquo;art modifie-t-il notre regard social sur ce que nous nommons aujourd&rsquo;hui le handicap ? Ces images issues de la litt\u00e9rature, la peinture, le cin\u00e9ma, la photographie, les s\u00e9ries t\u00e9l\u00e9vis\u00e9es\u2026 trahissent souvent l&rsquo;ambivalence faite d&rsquo;attirance et de r\u00e9pulsion que nous entretenons avec l&rsquo;autre si diff\u00e9rent.<\/p>\n","protected":false},"featured_media":1603,"comment_status":"closed","ping_status":"closed","template":"","meta":{"_et_pb_use_builder":"","_et_pb_old_content":"","_et_gb_content_width":"","spay_email":""},"class_list":["post-1558","product","type-product","status-publish","has-post-thumbnail","hentry","product_cat-livres","product_tag-art","product_tag-evolution","product_tag-handicap","product_tag-personne-handicapee","product_tag-representation","product_tag-societe"],"jetpack_sharing_enabled":true,"jetpack_likes_enabled":true,"_links":{"self":[{"href":"https:\/\/www.parthages.be\/eboutique\/wp-json\/wp\/v2\/product\/1558","targetHints":{"allow":["GET"]}}],"collection":[{"href":"https:\/\/www.parthages.be\/eboutique\/wp-json\/wp\/v2\/product"}],"about":[{"href":"https:\/\/www.parthages.be\/eboutique\/wp-json\/wp\/v2\/types\/product"}],"replies":[{"embeddable":true,"href":"https:\/\/www.parthages.be\/eboutique\/wp-json\/wp\/v2\/comments?post=1558"}],"wp:featuredmedia":[{"embeddable":true,"href":"https:\/\/www.parthages.be\/eboutique\/wp-json\/wp\/v2\/media\/1603"}],"wp:attachment":[{"href":"https:\/\/www.parthages.be\/eboutique\/wp-json\/wp\/v2\/media?parent=1558"}],"curies":[{"name":"wp","href":"https:\/\/api.w.org\/{rel}","templated":true}]}}

Le handicap en images: les représentations de la déficience dans les oeuvres d&rsquo;art

<p>L&rsquo;art modifie-t-il notre regard social sur ce que nous nommons aujourd&rsquo;hui le handicap ? Ces images issues de la littérature, la peinture, le cinéma, la photographie, les séries télévisées… trahissent souvent l&rsquo;ambivalence faite d&rsquo;attirance et de répulsion que nous entretenons avec l&rsquo;autre si différent. Favorisent-elles la médiation entre les mondes distincts, le nôtre et celui des personnes souffrant de déficiences ?</p>
<p>En amadouant le regard, les œuvres d&rsquo;art, quels que soient les supports utilisés (images fixes ou animées, images mentales), donnent corps et vie à l&rsquo;atteinte, physique et morale, et à ses conséquences individuelles et sociales. Elles condensent des façons collectives de voir les personnes handicapées et constituent une manière d&rsquo;officialiser les différences, sans les nier mais sans les exclure.</p>
<p>Analyser, c&rsquo;est-à-dire décrire et comprendre, ces œuvres de culture provenant des siècles passés mais aussi d&rsquo;aujourd&rsquo;hui, telle est l&rsquo;ambition de cet ouvrage qui témoigne des permanences et des évolutions de la place que la société réserve à la différence et à l&rsquo;altérité. (Présentation de l’éditeur)</p>
<p>BLANC A. &#8211; STIKER H.J.</p>
<p>Editions Erès</p>
<p>2003-288p.-26€</p>
<p>480gr</p>
<p>ISBN : 2-7492-0174-8</p>
<p>Cote doc : 7-30-BLA-H</p>
<span class="et_bloom_bottom_trigger"></span>

<p>L&rsquo;art modifie-t-il notre regard social sur ce que nous nommons aujourd&rsquo;hui le handicap ? Ces images issues de la littérature, la peinture, le cinéma, la photographie, les séries télévisées… trahissent souvent l&rsquo;ambivalence faite d&rsquo;attirance et de répulsion que nous entretenons avec l&rsquo;autre si différent.</p>
