{"id":1562,"date":"2021-08-17T10:42:43","date_gmt":"2021-08-17T08:42:43","guid":{"rendered":"https:\/\/www.parthages.be\/eboutique\/?post_type=product&#038;p=1562"},"modified":"2024-01-15T11:57:28","modified_gmt":"2024-01-15T10:57:28","slug":"soins-et-cultures-formations-des-soignants-a-lapproche-interculturelle","status":"publish","type":"product","link":"https:\/\/www.parthages.be\/eboutique\/produit\/soins-et-cultures-formations-des-soignants-a-lapproche-interculturelle\/","title":{"rendered":"Soins et cultures : formations des soignants \u00e0 l&rsquo;approche interculturelle"},"content":{"rendered":"<p>Cet ouvrage propose une initiation pratique aux soins infirmiers interculturels, c&rsquo;est-\u00e0-dire \u00e0 la prise en charge du patient d&rsquo;origine \u00e9trang\u00e8re.<\/p>\n<p>Il fournit d&rsquo;abord des fondements th\u00e9oriques en d\u00e9finissant les concepts \u00e0 l&rsquo;oeuvre dans cette relation interculturelle soignant soign\u00e9, puis dans un second temps donne des cl\u00e9s de compr\u00e9hension pour la prise en charge du patient migrant, en d\u00e9coulant les situations de soins selon les diff\u00e9rents moments de la vie et les classes d&rsquo;\u00e2ges, selon les diff\u00e9rentes cultures.<\/p>\n<p>L&rsquo;ouvrage se termine enfin par un aper\u00e7u de la pratique des soins infirmiers dans d&rsquo;autres cultures, \u00e0 l&rsquo;occasion par exemple de missions humanitaires.<\/p>\n<p>Dans notre monde multiculturel, la prise en charge des patients est complexe, les professionnels ne comprennent pas toujours ni la langue, ni les comportements des malades, ce qui induit de nombreux malentendus et incompr\u00e9hensions. (Pr\u00e9sentation de l\u2019\u00e9diteur)<\/p>\n<p>TISON B.- HERVE-DESIRAT E.<\/p>\n<p>Masson<\/p>\n<p>2007-256p.<\/p>\n<p>310gr<\/p>\n<p>ISBN\u00a0: 978-2-294-08285-6<\/p>\n<p>Cote doc\u00a0: 7-20-TIS-S<\/p>\n<p><strong><em>Uniquement \u00e0 la location<\/em><\/strong><\/p>\n<span class=\"et_bloom_bottom_trigger\"><\/span>","protected":false},"excerpt":{"rendered":"<p>Cet ouvrage propose une initiation pratique aux soins infirmiers interculturels, c&rsquo;est-\u00e0-dire \u00e0 la prise en charge du patient d&rsquo;origine \u00e9trang\u00e8re.<\/p>\n","protected":false},"featured_media":1563,"comment_status":"closed","ping_status":"closed","template":"","meta":{"_et_pb_use_builder":"","_et_pb_old_content":"","_et_gb_content_width":"","spay_email":""},"class_list":["post-1562","product","type-product","status-publish","has-post-thumbnail","hentry","product_cat-livres","product_tag-adulte","product_tag-aspect-interculturel","product_tag-enfant","product_tag-etranger","product_tag-formation","product_tag-medecine","product_tag-personne-agee","product_tag-relation-interculturelle","product_tag-relation-soignant-soigne","product_tag-soins-infirmiers"],"jetpack_sharing_enabled":true,"jetpack_likes_enabled":true,"_links":{"self":[{"href":"https:\/\/www.parthages.be\/eboutique\/wp-json\/wp\/v2\/product\/1562","targetHints":{"allow":["GET"]}}],"collection":[{"href":"https:\/\/www.parthages.be\/eboutique\/wp-json\/wp\/v2\/product"}],"about":[{"href":"https:\/\/www.parthages.be\/eboutique\/wp-json\/wp\/v2\/types\/product"}],"replies":[{"embeddable":true,"href":"https:\/\/www.parthages.be\/eboutique\/wp-json\/wp\/v2\/comments?post=1562"}],"wp:featuredmedia":[{"embeddable":true,"href":"https:\/\/www.parthages.be\/eboutique\/wp-json\/wp\/v2\/media\/1563"}],"wp:attachment":[{"href":"https:\/\/www.parthages.be\/eboutique\/wp-json\/wp\/v2\/media?parent=1562"}],"curies":[{"name":"wp","href":"https:\/\/api.w.org\/{rel}","templated":true}]}}