{"id":1564,"date":"2021-08-17T10:43:50","date_gmt":"2021-08-17T08:43:50","guid":{"rendered":"https:\/\/www.parthages.be\/eboutique\/?post_type=product&#038;p=1564"},"modified":"2021-08-19T09:42:37","modified_gmt":"2021-08-19T07:42:37","slug":"le-handicap-dans-le-monde","status":"publish","type":"product","link":"https:\/\/www.parthages.be\/eboutique\/produit\/le-handicap-dans-le-monde\/","title":{"rendered":"Le handicap dans le monde"},"content":{"rendered":"<p>Cet ouvrage a l&rsquo;ambition de proposer une comparaison internationale sur le handicap.\u00a0A partir des donn\u00e9es disponibles, mieux renseign\u00e9es qu&rsquo;il y a seulement vingt ans, et de r\u00e9cits d&rsquo;exp\u00e9rience, Denis Poizat analyse les soubassements politiques, sociaux et historiques de la prise en compte du handicap. Il s&rsquo;int\u00e9resse \u00e0 des lieux qui ont marqu\u00e9 l&rsquo;histoire du monde parce que les enjeux de justice y ont \u00e9t\u00e9, et y sont sans doute encore, plus visibles qu&rsquo;ailleurs : les Etats-Unis et la libert\u00e9, le Vietnam communiste, l&rsquo;Afrique d\u00e9laiss\u00e9e, l&rsquo;Am\u00e9rique du sud et ses r\u00eaves de libertadors, la Bosnie au c\u0153ur de l&rsquo;Europe, et enfin, Ha\u00efti, premi\u00e8re r\u00e9publique noire ind\u00e9pendante.<\/p>\n<p>Comment, en ces lieux qui se sont parfois voulus espaces de lib\u00e9ration,\u00a0les personnes marqu\u00e9es par la d\u00e9ficience trouvent-elles leur place ? Sont-elles tenues sous silence, \u00e0 part ou b\u00e9n\u00e9ficient-elles d&rsquo;une politique inclusive ? Qu&rsquo;a-t-on \u00e0 attendre et \u00e0 comprendre de ces contextes lointains ? L&rsquo;auteur d\u00e9crypte, comme le ferait un sismographe, les grandes fragilit\u00e9s de ces soci\u00e9t\u00e9s si diff\u00e9rentes. Il en tire une s\u00e9rie de r\u00e9flexions sur les le\u00e7ons de l&rsquo;histoire et de la pens\u00e9e politique, sur la guerre, sur les grands syst\u00e8mes de croyances, mais aussi sur les promesses et les risques de la science. Il montre que la comparaison des Etats dans la prise en compte des personnes les plus vuln\u00e9rables ne se r\u00e9sume pas \u00e0 des consid\u00e9rations techniques mais rel\u00e8ve d&rsquo;une question culturelle profond\u00e9ment enfouie. Ces forces \u00ab des profondeurs \u00bb ont tant encore \u00e0 d\u00e9voiler pour nous aider \u00e0 cr\u00e9er une soci\u00e9t\u00e9 plus humaine et plus ouverte aux diff\u00e9rences. (Pr\u00e9sentation de l\u2019\u00e9diteur)<\/p>\n<p>POIZAT D.<\/p>\n<p>Editions Er\u00e8s<\/p>\n<p>2009-215p-25.50\u20ac<\/p>\n<p>370gr<\/p>\n<p>ISBN\u00a0: 978-2-7492-1106-0<\/p>\n<p>Cote doc\u00a0: 7-20-POI-H<\/p>\n<span class=\"et_bloom_bottom_trigger\"><\/span>","protected":false},"excerpt":{"rendered":"<p>Cet ouvrage a l&rsquo;ambition de proposer une comparaison internationale sur le handicap.\u00a0A partir des donn\u00e9es disponibles, mieux renseign\u00e9es qu&rsquo;il y a seulement vingt ans, et de r\u00e9cits d&rsquo;exp\u00e9rience, Denis Poizat analyse les soubassements politiques, sociaux et historiques de la prise en compte du handicap.<\/p>\n","protected":false},"featured_media":1601,"comment_status":"closed","ping_status":"closed","template":"","meta":{"_et_pb_use_builder":"","_et_pb_old_content":"","_et_gb_content_width":"","spay_email":""},"class_list":["post-1564","product","type-product","status-publish","has-post-thumbnail","hentry","product_cat-livres","product_tag-afrique","product_tag-amerique-du-nord","product_tag-anthropologie","product_tag-asie","product_tag-deficience-intellectuelle","product_tag-ethnie","product_tag-etude","product_tag-multiculturalisme","product_tag-personne-handicapee","product_tag-projet"],"jetpack_sharing_enabled":true,"jetpack_likes_enabled":true,"_links":{"self":[{"href":"https:\/\/www.parthages.be\/eboutique\/wp-json\/wp\/v2\/product\/1564","targetHints":{"allow":["GET"]}}],"collection":[{"href":"https:\/\/www.parthages.be\/eboutique\/wp-json\/wp\/v2\/product"}],"about":[{"href":"https:\/\/www.parthages.be\/eboutique\/wp-json\/wp\/v2\/types\/product"}],"replies":[{"embeddable":true,"href":"https:\/\/www.parthages.be\/eboutique\/wp-json\/wp\/v2\/comments?post=1564"}],"wp:featuredmedia":[{"embeddable":true,"href":"https:\/\/www.parthages.be\/eboutique\/wp-json\/wp\/v2\/media\/1601"}],"wp:attachment":[{"href":"https:\/\/www.parthages.be\/eboutique\/wp-json\/wp\/v2\/media?parent=1564"}],"curies":[{"name":"wp","href":"https:\/\/api.w.org\/{rel}","templated":true}]}}

<p>Cet ouvrage a l&rsquo;ambition de proposer une comparaison internationale sur le handicap. A partir des données disponibles, mieux renseignées qu&rsquo;il y a seulement vingt ans, et de récits d&rsquo;expérience, Denis Poizat analyse les soubassements politiques, sociaux et historiques de la prise en compte du handicap. Il s&rsquo;intéresse à des lieux qui ont marqué l&rsquo;histoire du monde parce que les enjeux de justice y ont été, et y sont sans doute encore, plus visibles qu&rsquo;ailleurs : les Etats-Unis et la liberté, le Vietnam communiste, l&rsquo;Afrique délaissée, l&rsquo;Amérique du sud et ses rêves de libertadors, la Bosnie au cœur de l&rsquo;Europe, et enfin, Haïti, première république noire indépendante.</p>
<p>Comment, en ces lieux qui se sont parfois voulus espaces de libération, les personnes marquées par la déficience trouvent-elles leur place ? Sont-elles tenues sous silence, à part ou bénéficient-elles d&rsquo;une politique inclusive ? Qu&rsquo;a-t-on à attendre et à comprendre de ces contextes lointains ? L&rsquo;auteur décrypte, comme le ferait un sismographe, les grandes fragilités de ces sociétés si différentes. Il en tire une série de réflexions sur les leçons de l&rsquo;histoire et de la pensée politique, sur la guerre, sur les grands systèmes de croyances, mais aussi sur les promesses et les risques de la science. Il montre que la comparaison des Etats dans la prise en compte des personnes les plus vulnérables ne se résume pas à des considérations techniques mais relève d&rsquo;une question culturelle profondément enfouie. Ces forces « des profondeurs » ont tant encore à dévoiler pour nous aider à créer une société plus humaine et plus ouverte aux différences. (Présentation de l’éditeur)</p>
<p>POIZAT D.</p>
<p>Editions Erès</p>
<p>2009-215p-25.50€</p>
<p>370gr</p>
<p>ISBN : 978-2-7492-1106-0</p>
<p>Cote doc : 7-20-POI-H</p>
<span class="et_bloom_bottom_trigger"></span>

<p>Cet ouvrage a l&rsquo;ambition de proposer une comparaison internationale sur le handicap. A partir des données disponibles, mieux renseignées qu&rsquo;il y a seulement vingt ans, et de récits d&rsquo;expérience, Denis Poizat analyse les soubassements politiques, sociaux et historiques de la prise en compte du handicap.</p>
