{"id":1609,"date":"2021-08-23T09:21:11","date_gmt":"2021-08-23T07:21:11","guid":{"rendered":"https:\/\/www.parthages.be\/eboutique\/?post_type=product&#038;p=1609"},"modified":"2021-08-23T09:22:49","modified_gmt":"2021-08-23T07:22:49","slug":"vers-une-psychotherapie-sociale-le-sort-des-adolescents-et-des-adultes-handicapes-mentaux","status":"publish","type":"product","link":"https:\/\/www.parthages.be\/eboutique\/produit\/vers-une-psychotherapie-sociale-le-sort-des-adolescents-et-des-adultes-handicapes-mentaux\/","title":{"rendered":"Vers une psychoth\u00e9rapie sociale : le sort des adolescents et des adultes handicap\u00e9s mentaux"},"content":{"rendered":"<p>G\u00e9rard Zribi, docteur en psychologie, \u00e9ducateur, d\u00e9crit les m\u00e9thodes, les besoins et les r\u00e9alisations d&rsquo;une v\u00e9ritable psychoth\u00e9rapie sociale. Il traite de l&rsquo;historique et de l&rsquo;\u00e9volution des r\u00e9ponses au handicap mental, de l&rsquo;\u00e9ducation et formation professionnelle des mineurs, des structures et actions destin\u00e9es aux adultes handicap\u00e9s, des approches nouvelles. Il pr\u00e9sente 2 mod\u00e8les d&rsquo;institution qui refl\u00e8tent l&rsquo;image d&rsquo;une communaut\u00e9 utile et efficace, \u00e9ducative autant que th\u00e9rapeutiques au sens psychologique du mot : le centre d&rsquo;aide par le travail de Champigny-sur-Marne et les foyers communautaires et appartements autonomes de Chennevi\u00e8res-sur-Marne. (Pr\u00e9sentation de l\u2019\u00e9diteur)<\/p>\n<p>ZRIBI G.<\/p>\n<p>Editions Esf<\/p>\n<p>1987-142p<\/p>\n<p>ISBN\u00a0: 2-7101-0650-7<\/p>\n<p>Cote doc\u00a0: 7-10-ZRI-V<\/p>\n<p><strong><em>Uniquement \u00e0 la location<\/em><\/strong><\/p>\n<span class=\"et_bloom_bottom_trigger\"><\/span>","protected":false},"excerpt":{"rendered":"<p>G\u00e9rard Zribi, docteur en psychologie, \u00e9ducateur, d\u00e9crit les m\u00e9thodes, les besoins et les r\u00e9alisations d&rsquo;une v\u00e9ritable psychoth\u00e9rapie sociale. Il traite de l&rsquo;historique et de l&rsquo;\u00e9volution des r\u00e9ponses au handicap mental, de l&rsquo;\u00e9ducation et formation professionnelle des mineurs, des structures et actions destin\u00e9es aux adultes handicap\u00e9s, des approches nouvelles.<\/p>\n","protected":false},"featured_media":1611,"comment_status":"closed","ping_status":"closed","template":"","meta":{"_et_pb_use_builder":"","_et_pb_old_content":"","_et_gb_content_width":"","spay_email":""},"class_list":["post-1609","product","type-product","status-publish","has-post-thumbnail","hentry","product_cat-livres","product_tag-adolescent","product_tag-adulte","product_tag-deficience-intellectuelle","product_tag-education","product_tag-formation-professionnelle","product_tag-france","product_tag-handicap","product_tag-personne-handicapee","product_tag-psychotherapie","product_tag-structure"],"jetpack_sharing_enabled":true,"jetpack_likes_enabled":true,"_links":{"self":[{"href":"https:\/\/www.parthages.be\/eboutique\/wp-json\/wp\/v2\/product\/1609","targetHints":{"allow":["GET"]}}],"collection":[{"href":"https:\/\/www.parthages.be\/eboutique\/wp-json\/wp\/v2\/product"}],"about":[{"href":"https:\/\/www.parthages.be\/eboutique\/wp-json\/wp\/v2\/types\/product"}],"replies":[{"embeddable":true,"href":"https:\/\/www.parthages.be\/eboutique\/wp-json\/wp\/v2\/comments?post=1609"}],"wp:featuredmedia":[{"embeddable":true,"href":"https:\/\/www.parthages.be\/eboutique\/wp-json\/wp\/v2\/media\/1611"}],"wp:attachment":[{"href":"https:\/\/www.parthages.be\/eboutique\/wp-json\/wp\/v2\/media?parent=1609"}],"curies":[{"name":"wp","href":"https:\/\/api.w.org\/{rel}","templated":true}]}}

Vers une psychothérapie sociale : le sort des adolescents et des adultes handicapés mentaux

<p>Gérard Zribi, docteur en psychologie, éducateur, décrit les méthodes, les besoins et les réalisations d&rsquo;une véritable psychothérapie sociale. Il traite de l&rsquo;historique et de l&rsquo;évolution des réponses au handicap mental, de l&rsquo;éducation et formation professionnelle des mineurs, des structures et actions destinées aux adultes handicapés, des approches nouvelles. Il présente 2 modèles d&rsquo;institution qui reflètent l&rsquo;image d&rsquo;une communauté utile et efficace, éducative autant que thérapeutiques au sens psychologique du mot : le centre d&rsquo;aide par le travail de Champigny-sur-Marne et les foyers communautaires et appartements autonomes de Chennevières-sur-Marne. (Présentation de l’éditeur)</p>
<p>ZRIBI G.</p>
<p>Editions Esf</p>
<p>1987-142p</p>
<p>ISBN : 2-7101-0650-7</p>
<p>Cote doc : 7-10-ZRI-V</p>
<p><strong><em>Uniquement à la location</em></strong></p>
<span class="et_bloom_bottom_trigger"></span>

<p>Gérard Zribi, docteur en psychologie, éducateur, décrit les méthodes, les besoins et les réalisations d&rsquo;une véritable psychothérapie sociale. Il traite de l&rsquo;historique et de l&rsquo;évolution des réponses au handicap mental, de l&rsquo;éducation et formation professionnelle des mineurs, des structures et actions destinées aux adultes handicapés, des approches nouvelles.</p>
