{"id":1617,"date":"2021-08-23T09:29:34","date_gmt":"2021-08-23T07:29:34","guid":{"rendered":"https:\/\/www.parthages.be\/eboutique\/?post_type=product&#038;p=1617"},"modified":"2021-08-23T09:29:34","modified_gmt":"2021-08-23T07:29:34","slug":"les-fondements-de-leducation-specialisee-principes-methodes-enjeux","status":"publish","type":"product","link":"https:\/\/www.parthages.be\/eboutique\/produit\/les-fondements-de-leducation-specialisee-principes-methodes-enjeux\/","title":{"rendered":"Les fondements de l&rsquo;\u00e9ducation sp\u00e9cialis\u00e9e : principes m\u00e9thodes enjeux"},"content":{"rendered":"<p>Ce livre explore la dimension anthropologique de la pens\u00e9e sur les inadaptations.<\/p>\n<p>Pourquoi les conceptions de l&rsquo;\u00e9ducation sp\u00e9cialis\u00e9e sont-elles statistiques depuis le XVIIIe si\u00e8cle ?<\/p>\n<p>Pourquoi les m\u00e9thodes cr\u00e9\u00e9es au XIXe si\u00e8cle n&rsquo;\u00e9voluent-elle pas ?<\/p>\n<p>Pourquoi le mod\u00e8le qui sert de base aux institutions de la soci\u00e9t\u00e9 ne se renouvelle-t-il pas depuis la R\u00e9volution ?<\/p>\n<p>Ces questions sont centrales dans les probl\u00e9matiques de la maladie mentale ou de la d\u00e9ficience intellectuelle. Elles constituent la dimension \u00e9pist\u00e9mologique de la pens\u00e9e m\u00e9dicale et psychologique.<\/p>\n<p>Ce livre propose un parcours au fil du temps pour examiner les concepts ayant construits l&rsquo;histoire des r\u00e9ponses institutionnelles et les pratiques professionnelles de l&rsquo;enfance inadapt\u00e9e, puis de l&rsquo;enfance handicap\u00e9e; comment ces professions se sont-elles d\u00e9velopp\u00e9es comment ont-elles construit leurs m\u00e9thodes. (Pr\u00e9sentation de l\u2019\u00e9diteur)<\/p>\n<p>WACJMAN C.<\/p>\n<p>Dunod<\/p>\n<p>2008-231p<\/p>\n<p>ISBN\u00a0: 978-2-10-051921-7<\/p>\n<p>Cote doc\u00a0:\u00a07-10-WAC-F<\/p>\n<p><strong><em>Uniquement \u00e0 la location<\/em><\/strong><\/p>\n<span class=\"et_bloom_bottom_trigger\"><\/span>","protected":false},"excerpt":{"rendered":"<p>Ce livre explore la dimension anthropologique de la pens\u00e9e sur les inadaptations.<\/p>\n","protected":false},"featured_media":1618,"comment_status":"closed","ping_status":"closed","template":"","meta":{"_et_pb_use_builder":"","_et_pb_old_content":"","_et_gb_content_width":"","spay_email":""},"class_list":["post-1617","product","type-product","status-publish","has-post-thumbnail","hentry","product_cat-livres","product_tag-anthropologie","product_tag-deficience-intellectuelle","product_tag-education-specialisee","product_tag-enfant","product_tag-enjeux","product_tag-evolution","product_tag-france","product_tag-handicap","product_tag-histoire","product_tag-institution","product_tag-methode","product_tag-theorie"],"jetpack_sharing_enabled":true,"jetpack_likes_enabled":true,"_links":{"self":[{"href":"https:\/\/www.parthages.be\/eboutique\/wp-json\/wp\/v2\/product\/1617","targetHints":{"allow":["GET"]}}],"collection":[{"href":"https:\/\/www.parthages.be\/eboutique\/wp-json\/wp\/v2\/product"}],"about":[{"href":"https:\/\/www.parthages.be\/eboutique\/wp-json\/wp\/v2\/types\/product"}],"replies":[{"embeddable":true,"href":"https:\/\/www.parthages.be\/eboutique\/wp-json\/wp\/v2\/comments?post=1617"}],"wp:featuredmedia":[{"embeddable":true,"href":"https:\/\/www.parthages.be\/eboutique\/wp-json\/wp\/v2\/media\/1618"}],"wp:attachment":[{"href":"https:\/\/www.parthages.be\/eboutique\/wp-json\/wp\/v2\/media?parent=1617"}],"curies":[{"name":"wp","href":"https:\/\/api.w.org\/{rel}","templated":true}]}}

Les fondements de l&rsquo;éducation spécialisée : principes méthodes enjeux

<p>Ce livre explore la dimension anthropologique de la pensée sur les inadaptations.</p>
<p>Pourquoi les conceptions de l&rsquo;éducation spécialisée sont-elles statistiques depuis le XVIIIe siècle ?</p>
<p>Pourquoi les méthodes créées au XIXe siècle n&rsquo;évoluent-elle pas ?</p>
<p>Pourquoi le modèle qui sert de base aux institutions de la société ne se renouvelle-t-il pas depuis la Révolution ?</p>
<p>Ces questions sont centrales dans les problématiques de la maladie mentale ou de la déficience intellectuelle. Elles constituent la dimension épistémologique de la pensée médicale et psychologique.</p>
<p>Ce livre propose un parcours au fil du temps pour examiner les concepts ayant construits l&rsquo;histoire des réponses institutionnelles et les pratiques professionnelles de l&rsquo;enfance inadaptée, puis de l&rsquo;enfance handicapée; comment ces professions se sont-elles développées comment ont-elles construit leurs méthodes. (Présentation de l’éditeur)</p>
<p>WACJMAN C.</p>
<p>Dunod</p>
<p>2008-231p</p>
<p>ISBN : 978-2-10-051921-7</p>
<p>Cote doc : 7-10-WAC-F</p>
<p><strong><em>Uniquement à la location</em></strong></p>
<span class="et_bloom_bottom_trigger"></span>

<p>Ce livre explore la dimension anthropologique de la pensée sur les inadaptations.</p>
