{"id":1622,"date":"2021-08-23T09:34:28","date_gmt":"2021-08-23T07:34:28","guid":{"rendered":"https:\/\/www.parthages.be\/eboutique\/?post_type=product&#038;p=1622"},"modified":"2021-08-23T09:34:28","modified_gmt":"2021-08-23T07:34:28","slug":"discriminations-et-sida","status":"publish","type":"product","link":"https:\/\/www.parthages.be\/eboutique\/produit\/discriminations-et-sida\/","title":{"rendered":"Discriminations et sida"},"content":{"rendered":"<p>Dans me cadre du colloque \u00ab\u00a0Le droit : un d\u00e9fi au sida\u00a0\u00bb, Daniel Defert, d\u00e9clarait \u00ab\u00a0une \u00e9pid\u00e9mie est une construction sociale \u00e0 laquelle nous contribuons tous et dont nous sommes tous responsables\u00a0\u00bb.<\/p>\n<p>Il est \u00e9videmment inadmissible de savoir que des personnes sont, au nom de leur s\u00e9ropositivit\u00e9, priv\u00e9es de leur droit au travail, au logement, \u00e0 la scolarit\u00e9.<\/p>\n<p>Au-del\u00e0 de l&rsquo;importance, pour une soci\u00e9t\u00e9, de savoir faire face \u00e0 la peur et au-del\u00e0 de la fa\u00e7on dont la raison peut supplanter la rumeur et l&rsquo;angoisse, il est certain que la mani\u00e8re dont le corps social traite les s\u00e9ropositifs en dit long sur les valeurs qui sont les siennes.<\/p>\n<p>VINCINEAU M.- BELANGER J.<\/p>\n<p><strong><em>Dossier de 157p.<\/em><\/strong><\/p>\n<p>Cote doc\u00a0: 7-10-VIN-D<\/p>\n<p><strong><em>Uniquement \u00e0 la location<\/em><\/strong><\/p>\n<span class=\"et_bloom_bottom_trigger\"><\/span>","protected":false},"excerpt":{"rendered":"<p>Dans me cadre du colloque \u00ab\u00a0Le droit : un d\u00e9fi au sida\u00a0\u00bb, Daniel Defert, d\u00e9clarait \u00ab\u00a0une \u00e9pid\u00e9mie est une construction sociale \u00e0 laquelle nous contribuons tous et dont nous sommes tous responsables\u00a0\u00bb.<\/p>\n","protected":false},"featured_media":1623,"comment_status":"closed","ping_status":"closed","template":"","meta":{"_et_pb_use_builder":"","_et_pb_old_content":"","_et_gb_content_width":"","spay_email":""},"class_list":["post-1622","product","type-product","status-publish","has-post-thumbnail","hentry","product_cat-livres","product_tag-discrimination","product_tag-droit","product_tag-egalite-des-chances","product_tag-sante","product_tag-sexualite","product_tag-sida","product_tag-societe","product_tag-vie-affective"],"jetpack_sharing_enabled":true,"jetpack_likes_enabled":true,"_links":{"self":[{"href":"https:\/\/www.parthages.be\/eboutique\/wp-json\/wp\/v2\/product\/1622","targetHints":{"allow":["GET"]}}],"collection":[{"href":"https:\/\/www.parthages.be\/eboutique\/wp-json\/wp\/v2\/product"}],"about":[{"href":"https:\/\/www.parthages.be\/eboutique\/wp-json\/wp\/v2\/types\/product"}],"replies":[{"embeddable":true,"href":"https:\/\/www.parthages.be\/eboutique\/wp-json\/wp\/v2\/comments?post=1622"}],"wp:featuredmedia":[{"embeddable":true,"href":"https:\/\/www.parthages.be\/eboutique\/wp-json\/wp\/v2\/media\/1623"}],"wp:attachment":[{"href":"https:\/\/www.parthages.be\/eboutique\/wp-json\/wp\/v2\/media?parent=1622"}],"curies":[{"name":"wp","href":"https:\/\/api.w.org\/{rel}","templated":true}]}}

<p>Dans me cadre du colloque « Le droit : un défi au sida », Daniel Defert, déclarait « une épidémie est une construction sociale à laquelle nous contribuons tous et dont nous sommes tous responsables ».</p>
<p>Il est évidemment inadmissible de savoir que des personnes sont, au nom de leur séropositivité, privées de leur droit au travail, au logement, à la scolarité.</p>
<p>Au-delà de l&rsquo;importance, pour une société, de savoir faire face à la peur et au-delà de la façon dont la raison peut supplanter la rumeur et l&rsquo;angoisse, il est certain que la manière dont le corps social traite les séropositifs en dit long sur les valeurs qui sont les siennes.</p>
<p>VINCINEAU M.- BELANGER J.</p>
<p><strong><em>Dossier de 157p.</em></strong></p>
<p>Cote doc : 7-10-VIN-D</p>
<p><strong><em>Uniquement à la location</em></strong></p>
<span class="et_bloom_bottom_trigger"></span>

<p>Dans me cadre du colloque « Le droit : un défi au sida », Daniel Defert, déclarait « une épidémie est une construction sociale à laquelle nous contribuons tous et dont nous sommes tous responsables ».</p>
